{"id":83488,"date":"2018-04-26T18:22:06","date_gmt":"2018-04-26T18:22:06","guid":{"rendered":"http:\/\/www.irdin.org.br\/site\/produto\/conversas-com-trigueirinho-no-408\/"},"modified":"2025-03-15T20:25:37","modified_gmt":"2025-03-15T20:25:37","slug":"conversas-com-trigueirinho-no-408","status":"publish","type":"product","link":"https:\/\/www.irdin.org.br\/site\/produtos\/conversas-com-trigueirinho-no-408\/","title":{"rendered":"Conversas com Trigueirinho n\u00ba 408"},"content":{"rendered":"<p><em>Crian\u00e7as hoje \/ Evolu\u00e7\u00e3o espiritual do homem e do animal \/ Ca\u00e7a \/ Animais que ficam inofensivos \/ Golfinhos \/ Nossa evolu\u00e7\u00e3o superior \/ Crises \/ Estado das c\u00e9lulas cerebrais \/ Problemas intestinais \/ Esportes sem competi\u00e7\u00e3o \/ N\u00e3o existe morte \/ Sonhos com p\u00e1ssaros \/ Senso do plexo solar e intui\u00e7\u00e3o \/ Trabalhos grupais \/ Elevar-nos do astral \/ Alinhamento dos corpos e uni\u00e3o esp\u00edrito-mat\u00e9ria<\/em><\/p>\n<p>&nbsp;<br \/>\n<strong>Ou\u00e7a agora:<\/strong><\/p>\n<p><span data-href=\"https:\/\/www.irdin.org.br\/site\/envios\/audios\/0023_0408__por_por__conversas_com_trigueirinho_n408.mp3\" data-title=\"conversas com trigueirinho n\u00ba 408\" data-rel=\"\" data-target=\"\" data-meta=\"#fap-meta-69e1d488d692f\" class=\"fap-single-track fap-track-button fap-play-button\" data-enqueue=\"no\" data-autoenqueue=\"no\" title=\"conversas com trigueirinho n\u00ba 408\"><span class=\"fap-icon-play\"><\/span>Ouvir<\/span> <a href=\"https:\/\/www.irdin.org.br\/site\/envios\/audios\/0023_0408__por_por__conversas_com_trigueirinho_n408.mp3\" class=\"baixar\" download><span class=\"fa fa-arrow-down\"><\/span>Baixar<\/span><\/a> <span class=\"textobaixar\"> conversas com trigueirinho n\u00ba 408<\/span><\/p>\n<p>&nbsp;<\/p>\n","protected":false},"excerpt":{"rendered":"<p>Crian\u00e7as hoje \/ Evolu\u00e7\u00e3o espiritual do homem e do animal \/ Ca\u00e7a \/ Animais que ficam inofensivos \/ Golfinhos \/<\/p>\n","protected":false},"featured_media":37803,"template":"","meta":{"_acf_changed":false},"product_brand":[],"product_cat":[18076,33068],"product_tag":[40295],"class_list":{"0":"post-83488","1":"product","2":"type-product","3":"status-publish","4":"has-post-thumbnail","6":"product_cat-cddvd","7":"product_cat-palestras","8":"product_tag-40295","9":"pa_autor-trigueirinho","10":"pa_codigo-da-serie-31985","11":"pa_codigo-externo-00230408porcd","12":"pa_data-de-gravacao-19283","13":"pa_duracao-1h4min","14":"pa_idioma-de-destino-portugues","15":"pa_idioma-de-origem-portugues","16":"pa_lancamento-no","17":"pa_midia-cd","18":"pa_moac-40294","19":"pa_quantidade-de-saldo-33067","20":"pa_sequencial-da-serie-32095","21":"pa_tipo-de-traducao-nao-classificado","23":"first","24":"outofstock","25":"product-type-simple"},"acf":[],"_links":{"self":[{"href":"https:\/\/www.irdin.org.br\/site\/wp-json\/wp\/v2\/product\/83488","targetHints":{"allow":["GET"]}}],"collection":[{"href":"https:\/\/www.irdin.org.br\/site\/wp-json\/wp\/v2\/product"}],"about":[{"href":"https:\/\/www.irdin.org.br\/site\/wp-json\/wp\/v2\/types\/product"}],"version-history":[{"count":1,"href":"https:\/\/www.irdin.org.br\/site\/wp-json\/wp\/v2\/product\/83488\/revisions"}],"predecessor-version":[{"id":108724,"href":"https:\/\/www.irdin.org.br\/site\/wp-json\/wp\/v2\/product\/83488\/revisions\/108724"}],"wp:featuredmedia":[{"embeddable":true,"href":"https:\/\/www.irdin.org.br\/site\/wp-json\/wp\/v2\/media\/37803"}],"wp:attachment":[{"href":"https:\/\/www.irdin.org.br\/site\/wp-json\/wp\/v2\/media?parent=83488"}],"wp:term":[{"taxonomy":"product_brand","embeddable":true,"href":"https:\/\/www.irdin.org.br\/site\/wp-json\/wp\/v2\/product_brand?post=83488"},{"taxonomy":"product_cat","embeddable":true,"href":"https:\/\/www.irdin.org.br\/site\/wp-json\/wp\/v2\/product_cat?post=83488"},{"taxonomy":"product_tag","embeddable":true,"href":"https:\/\/www.irdin.org.br\/site\/wp-json\/wp\/v2\/product_tag?post=83488"}],"curies":[{"name":"wp","href":"https:\/\/api.w.org\/{rel}","templated":true}]}}