{"id":83493,"date":"2018-04-26T18:22:06","date_gmt":"2018-04-26T18:22:06","guid":{"rendered":"http:\/\/www.irdin.org.br\/site\/produto\/conversas-com-trigueirinho-no-413\/"},"modified":"2025-03-15T20:27:21","modified_gmt":"2025-03-15T20:27:21","slug":"conversas-com-trigueirinho-no-413","status":"publish","type":"product","link":"https:\/\/www.irdin.org.br\/site\/produtos\/conversas-com-trigueirinho-no-413\/","title":{"rendered":"Conversas com Trigueirinho n\u00ba 413"},"content":{"rendered":"<p><em>Abrigo e asilo \/ Trauma de \u00fatero \/ Para sermos grupo \/ O verdadeiro matrim\u00f4nio \/ M\u00e3os, s\u00edmbolo de doa\u00e7\u00e3o \/ Simbolismo dos lados esquerdo e direito do corpo \/ Pessoas que n\u00e3o sonham \/ Sonhos reveladores \/ Fun\u00e7\u00f5es de \u00e1rvores frut\u00edferas \/ Adolescentes, forma\u00e7\u00e3o dos corpos e preparo para contatos superiores \/ Ensino escolar e instru\u00e7\u00e3o mais ampla \/ Resgate das for\u00e7as involutivas \/ O fumo e a ilus\u00e3o<\/em><\/p>\n<p>&nbsp;<br \/>\n<strong>Ou\u00e7a agora:<\/strong><\/p>\n<p><span data-href=\"https:\/\/www.irdin.org.br\/site\/envios\/audios\/0023_0413__por_por__conversas_com_trigueirinho_n413.mp3\" data-title=\"conversas com trigueirinho n\u00ba 413\" data-rel=\"\" data-target=\"\" data-meta=\"#fap-meta-69fe45c339da6\" class=\"fap-single-track fap-track-button fap-play-button\" data-enqueue=\"no\" data-autoenqueue=\"no\" title=\"conversas com trigueirinho n\u00ba 413\"><span class=\"fap-icon-play\"><\/span>Ouvir<\/span> <a href=\"https:\/\/www.irdin.org.br\/site\/envios\/audios\/0023_0413__por_por__conversas_com_trigueirinho_n413.mp3\" class=\"baixar\" download><span class=\"fa fa-arrow-down\"><\/span>Baixar<\/span><\/a> <span class=\"textobaixar\"> conversas com trigueirinho n\u00ba 413<\/span><\/p>\n<p>&nbsp;<\/p>\n","protected":false},"excerpt":{"rendered":"<p>Abrigo e asilo \/ Trauma de \u00fatero \/ Para sermos grupo \/ O verdadeiro matrim\u00f4nio \/ M\u00e3os, s\u00edmbolo de doa\u00e7\u00e3o<\/p>\n","protected":false},"featured_media":37803,"template":"","meta":{"_acf_changed":false},"product_brand":[],"product_cat":[18076,33068],"product_tag":[40305],"class_list":{"0":"post-83493","1":"product","2":"type-product","3":"status-publish","4":"has-post-thumbnail","6":"product_cat-cddvd","7":"product_cat-palestras","8":"product_tag-40305","9":"pa_autor-trigueirinho","10":"pa_codigo-da-serie-31985","11":"pa_codigo-externo-00230413porcd","12":"pa_data-de-gravacao-28726","13":"pa_duracao-43min","14":"pa_idioma-de-destino-portugues","15":"pa_idioma-de-origem-portugues","16":"pa_lancamento-no","17":"pa_midia-cd","18":"pa_moac-40304","19":"pa_quantidade-de-saldo-33067","20":"pa_sequencial-da-serie-32102","21":"pa_tipo-de-traducao-nao-classificado","23":"first","24":"outofstock","25":"product-type-simple"},"acf":[],"_links":{"self":[{"href":"https:\/\/www.irdin.org.br\/site\/wp-json\/wp\/v2\/product\/83493","targetHints":{"allow":["GET"]}}],"collection":[{"href":"https:\/\/www.irdin.org.br\/site\/wp-json\/wp\/v2\/product"}],"about":[{"href":"https:\/\/www.irdin.org.br\/site\/wp-json\/wp\/v2\/types\/product"}],"version-history":[{"count":1,"href":"https:\/\/www.irdin.org.br\/site\/wp-json\/wp\/v2\/product\/83493\/revisions"}],"predecessor-version":[{"id":108729,"href":"https:\/\/www.irdin.org.br\/site\/wp-json\/wp\/v2\/product\/83493\/revisions\/108729"}],"wp:featuredmedia":[{"embeddable":true,"href":"https:\/\/www.irdin.org.br\/site\/wp-json\/wp\/v2\/media\/37803"}],"wp:attachment":[{"href":"https:\/\/www.irdin.org.br\/site\/wp-json\/wp\/v2\/media?parent=83493"}],"wp:term":[{"taxonomy":"product_brand","embeddable":true,"href":"https:\/\/www.irdin.org.br\/site\/wp-json\/wp\/v2\/product_brand?post=83493"},{"taxonomy":"product_cat","embeddable":true,"href":"https:\/\/www.irdin.org.br\/site\/wp-json\/wp\/v2\/product_cat?post=83493"},{"taxonomy":"product_tag","embeddable":true,"href":"https:\/\/www.irdin.org.br\/site\/wp-json\/wp\/v2\/product_tag?post=83493"}],"curies":[{"name":"wp","href":"https:\/\/api.w.org\/{rel}","templated":true}]}}