{"id":83536,"date":"2018-04-26T18:22:43","date_gmt":"2018-04-26T18:22:43","guid":{"rendered":"http:\/\/www.irdin.org.br\/site\/produto\/conversas-com-trigueirinho-no-456\/"},"modified":"2024-10-21T12:55:24","modified_gmt":"2024-10-21T12:55:24","slug":"conversas-com-trigueirinho-no-456","status":"publish","type":"product","link":"https:\/\/www.irdin.org.br\/site\/produtos\/conversas-com-trigueirinho-no-456\/","title":{"rendered":"Conversas com Trigueirinho n\u00ba 456"},"content":{"rendered":"<p><em>Discernimento e intui\u00e7\u00e3o \/ Justi\u00e7a \/ Deixarmos de ser prisioneiros do planeta \/ Da consci\u00eancia humana \u00e0 da alma \/ Ado\u00e7\u00e3o de crian\u00e7as \/ F\u00e9 na prote\u00e7\u00e3o do Alto sem desafiar o mal \/ Curar a si pr\u00f3prio \/ Problemas entre pais e filhos \/ Casa Luz da Colina: amor, servi\u00e7o, harmonia e ordem \/ Ilha de salva\u00e7\u00e3o em tempos de caos \/ Novos ciclos de servi\u00e7o \/ Facetas da consci\u00eancia e n\u00facleos do ser<\/em><\/p>\n<p>&nbsp;<br \/>\n<strong>Ou\u00e7a agora:<\/strong><\/p>\n<p><span data-href=\"https:\/\/www.irdin.org.br\/site\/envios\/audios\/0023_0456__por_por__conversas_com_trigueirinho_n456.mp3\" data-title=\"conversas com trigueirinho n\u00ba 456\" data-rel=\"\" data-target=\"\" data-meta=\"#fap-meta-69e2a1a771a66\" class=\"fap-single-track fap-track-button fap-play-button\" data-enqueue=\"no\" data-autoenqueue=\"no\" title=\"conversas com trigueirinho n\u00ba 456\"><span class=\"fap-icon-play\"><\/span>Ouvir<\/span> <a href=\"https:\/\/www.irdin.org.br\/site\/envios\/audios\/0023_0456__por_por__conversas_com_trigueirinho_n456.mp3\" class=\"baixar\" download><span class=\"fa fa-arrow-down\"><\/span>Baixar<\/span><\/a> <span class=\"textobaixar\"> conversas com trigueirinho n\u00ba 456<\/span><\/p>\n<p>&nbsp;<\/p>\n","protected":false},"excerpt":{"rendered":"<p>Discernimento e intui\u00e7\u00e3o \/ Justi\u00e7a \/ Deixarmos de ser prisioneiros do planeta \/ Da consci\u00eancia humana \u00e0 da alma \/<\/p>\n","protected":false},"featured_media":37803,"template":"","meta":{"_acf_changed":false},"product_brand":[],"product_cat":[18076,33068],"product_tag":[40377],"class_list":{"0":"post-83536","1":"product","2":"type-product","3":"status-publish","4":"has-post-thumbnail","6":"product_cat-cddvd","7":"product_cat-palestras","8":"product_tag-40377","9":"pa_autor-trigueirinho","10":"pa_codigo-da-serie-31985","11":"pa_codigo-externo-00230456porcd","12":"pa_data-de-gravacao-28888","13":"pa_duracao-51min","14":"pa_idioma-de-destino-portugues","15":"pa_idioma-de-origem-portugues","16":"pa_lancamento-no","17":"pa_midia-cd","18":"pa_moac-40376","19":"pa_quantidade-de-saldo-33067","20":"pa_sequencial-da-serie-32154","21":"pa_tipo-de-traducao-nao-classificado","23":"first","24":"outofstock","25":"product-type-simple"},"acf":[],"_links":{"self":[{"href":"https:\/\/www.irdin.org.br\/site\/wp-json\/wp\/v2\/product\/83536","targetHints":{"allow":["GET"]}}],"collection":[{"href":"https:\/\/www.irdin.org.br\/site\/wp-json\/wp\/v2\/product"}],"about":[{"href":"https:\/\/www.irdin.org.br\/site\/wp-json\/wp\/v2\/types\/product"}],"version-history":[{"count":1,"href":"https:\/\/www.irdin.org.br\/site\/wp-json\/wp\/v2\/product\/83536\/revisions"}],"predecessor-version":[{"id":107809,"href":"https:\/\/www.irdin.org.br\/site\/wp-json\/wp\/v2\/product\/83536\/revisions\/107809"}],"wp:featuredmedia":[{"embeddable":true,"href":"https:\/\/www.irdin.org.br\/site\/wp-json\/wp\/v2\/media\/37803"}],"wp:attachment":[{"href":"https:\/\/www.irdin.org.br\/site\/wp-json\/wp\/v2\/media?parent=83536"}],"wp:term":[{"taxonomy":"product_brand","embeddable":true,"href":"https:\/\/www.irdin.org.br\/site\/wp-json\/wp\/v2\/product_brand?post=83536"},{"taxonomy":"product_cat","embeddable":true,"href":"https:\/\/www.irdin.org.br\/site\/wp-json\/wp\/v2\/product_cat?post=83536"},{"taxonomy":"product_tag","embeddable":true,"href":"https:\/\/www.irdin.org.br\/site\/wp-json\/wp\/v2\/product_tag?post=83536"}],"curies":[{"name":"wp","href":"https:\/\/api.w.org\/{rel}","templated":true}]}}