{"id":83546,"date":"2018-04-26T18:23:02","date_gmt":"2018-04-26T18:23:02","guid":{"rendered":"http:\/\/www.irdin.org.br\/site\/produto\/a-verdade-sobre-o-amor\/"},"modified":"2025-03-15T20:22:01","modified_gmt":"2025-03-15T20:22:01","slug":"a-verdade-sobre-o-amor","status":"publish","type":"product","link":"https:\/\/www.irdin.org.br\/site\/produtos\/a-verdade-sobre-o-amor\/","title":{"rendered":"A verdade sobre o amor"},"content":{"rendered":"<p><em>Um Mensageiro Divino coliga o amor \u00e0 humildade \/ Chaves para amar eternamente \/ O amor humano e o amor universal \/ O caminho da experi\u00eancia vivida \/ Na mensagem de 2\/4\/2016, S\u00e3o Jos\u00e9, na sua simplicidade, revela-nos o valor da humildade de cora\u00e7\u00e3o<\/em><\/p>\n<p>&nbsp;<br \/>\n<strong>Ou\u00e7a agora:<\/strong><\/p>\n<p><span data-href=\"https:\/\/www.irdin.org.br\/site\/envios\/audios\/2867_0035__por_por__a_verdade_sobre_o_amor.mp3\" data-title=\"a verdade sobre o amor\" data-rel=\"\" data-target=\"\" data-meta=\"#fap-meta-69e5fb6763c0f\" class=\"fap-single-track fap-track-button fap-play-button\" data-enqueue=\"no\" data-autoenqueue=\"no\" title=\"a verdade sobre o amor\"><span class=\"fap-icon-play\"><\/span>Ouvir<\/span> <a href=\"https:\/\/www.irdin.org.br\/site\/envios\/audios\/2867_0035__por_por__a_verdade_sobre_o_amor.mp3\" class=\"baixar\" download><span class=\"fa fa-arrow-down\"><\/span>Baixar<\/span><\/a> <span class=\"textobaixar\"> a verdade sobre o amor<\/span><\/p>\n<p>&nbsp;<\/p>\n","protected":false},"excerpt":{"rendered":"<p>Um Mensageiro Divino coliga o amor \u00e0 humildade \/ Chaves para amar eternamente \/ O amor humano e o amor<\/p>\n","protected":false},"featured_media":37803,"template":"","meta":{"_acf_changed":false},"product_brand":[],"product_cat":[18076,33068],"product_tag":[40395],"class_list":{"0":"post-83546","1":"product","2":"type-product","3":"status-publish","4":"has-post-thumbnail","6":"product_cat-cddvd","7":"product_cat-palestras","8":"product_tag-40395","9":"pa_autor-trigueirinho","10":"pa_codigo-da-serie-28166","11":"pa_codigo-externo-28670035porporcd","12":"pa_data-de-gravacao-33105","13":"pa_duracao-69-min","14":"pa_idioma-de-destino-portugues","15":"pa_idioma-de-origem-portugues","16":"pa_lancamento-yes","17":"pa_midia-cd","18":"pa_moac-40394","19":"pa_quantidade-de-saldo-33067","20":"pa_sequencial-da-serie-31911","21":"pa_tipo-de-traducao-nao-classificado","23":"first","24":"outofstock","25":"product-type-simple"},"acf":[],"_links":{"self":[{"href":"https:\/\/www.irdin.org.br\/site\/wp-json\/wp\/v2\/product\/83546","targetHints":{"allow":["GET"]}}],"collection":[{"href":"https:\/\/www.irdin.org.br\/site\/wp-json\/wp\/v2\/product"}],"about":[{"href":"https:\/\/www.irdin.org.br\/site\/wp-json\/wp\/v2\/types\/product"}],"version-history":[{"count":1,"href":"https:\/\/www.irdin.org.br\/site\/wp-json\/wp\/v2\/product\/83546\/revisions"}],"predecessor-version":[{"id":108712,"href":"https:\/\/www.irdin.org.br\/site\/wp-json\/wp\/v2\/product\/83546\/revisions\/108712"}],"wp:featuredmedia":[{"embeddable":true,"href":"https:\/\/www.irdin.org.br\/site\/wp-json\/wp\/v2\/media\/37803"}],"wp:attachment":[{"href":"https:\/\/www.irdin.org.br\/site\/wp-json\/wp\/v2\/media?parent=83546"}],"wp:term":[{"taxonomy":"product_brand","embeddable":true,"href":"https:\/\/www.irdin.org.br\/site\/wp-json\/wp\/v2\/product_brand?post=83546"},{"taxonomy":"product_cat","embeddable":true,"href":"https:\/\/www.irdin.org.br\/site\/wp-json\/wp\/v2\/product_cat?post=83546"},{"taxonomy":"product_tag","embeddable":true,"href":"https:\/\/www.irdin.org.br\/site\/wp-json\/wp\/v2\/product_tag?post=83546"}],"curies":[{"name":"wp","href":"https:\/\/api.w.org\/{rel}","templated":true}]}}