{"id":83547,"date":"2018-04-26T18:23:02","date_gmt":"2018-04-26T18:23:02","guid":{"rendered":"http:\/\/www.irdin.org.br\/site\/produto\/rumo-a-reconstrucao-espiritual-da-terra\/"},"modified":"2025-03-15T20:22:17","modified_gmt":"2025-03-15T20:22:17","slug":"rumo-a-reconstrucao-espiritual-da-terra","status":"publish","type":"product","link":"https:\/\/www.irdin.org.br\/site\/produtos\/rumo-a-reconstrucao-espiritual-da-terra\/","title":{"rendered":"Rumo \u00e0 reconstru\u00e7\u00e3o espiritual da Terra"},"content":{"rendered":"<p><em>Um amplo panorama que engloba aspectos hist\u00f3ricos, pessoais e filos\u00f3ficos do Mensageiro que est\u00e1 nos preparando para a transi\u00e7\u00e3o do planeta e nos instruindo em v\u00e1rios detalhes da vida futura \/ Inspirado na mensagem de S\u00e3o Jos\u00e9 de<\/em><\/p>\n<p>&nbsp;<br \/>\n<strong>Ou\u00e7a agora:<\/strong><\/p>\n<p><span data-href=\"https:\/\/www.irdin.org.br\/site\/envios\/audios\/2867_0033__por_por__rumo_a_reconstrucao_espiritual_da_terra.mp3\" data-title=\"rumo \u00e0 reconstru\u00e7\u00e3o espiritual da terra\" data-rel=\"\" data-target=\"\" data-meta=\"#fap-meta-69f1d73686e0e\" class=\"fap-single-track fap-track-button fap-play-button\" data-enqueue=\"no\" data-autoenqueue=\"no\" title=\"rumo \u00e0 reconstru\u00e7\u00e3o espiritual da terra\"><span class=\"fap-icon-play\"><\/span>Ouvir<\/span> <a href=\"https:\/\/www.irdin.org.br\/site\/envios\/audios\/2867_0033__por_por__rumo_a_reconstrucao_espiritual_da_terra.mp3\" class=\"baixar\" download><span class=\"fa fa-arrow-down\"><\/span>Baixar<\/span><\/a> <span class=\"textobaixar\"> rumo \u00e0 reconstru\u00e7\u00e3o espiritual da terra<\/span><\/p>\n<p>&nbsp;<\/p>\n","protected":false},"excerpt":{"rendered":"<p>Um amplo panorama que engloba aspectos hist\u00f3ricos, pessoais e filos\u00f3ficos do Mensageiro que est\u00e1 nos preparando para a transi\u00e7\u00e3o do<\/p>\n","protected":false},"featured_media":37803,"template":"","meta":{"_acf_changed":false},"product_brand":[],"product_cat":[18076,33068],"product_tag":[40397],"class_list":{"0":"post-83547","1":"product","2":"type-product","3":"status-publish","4":"has-post-thumbnail","6":"product_cat-cddvd","7":"product_cat-palestras","8":"product_tag-40397","9":"pa_autor-trigueirinho","10":"pa_codigo-da-serie-28166","11":"pa_codigo-externo-28670033porporcd","12":"pa_data-de-gravacao-33101","13":"pa_duracao-69-min","14":"pa_idioma-de-destino-portugues","15":"pa_idioma-de-origem-portugues","16":"pa_lancamento-yes","17":"pa_midia-cd","18":"pa_moac-40396","19":"pa_quantidade-de-saldo-33067","20":"pa_sequencial-da-serie-31909","21":"pa_tipo-de-traducao-nao-classificado","23":"first","24":"outofstock","25":"product-type-simple"},"acf":[],"_links":{"self":[{"href":"https:\/\/www.irdin.org.br\/site\/wp-json\/wp\/v2\/product\/83547","targetHints":{"allow":["GET"]}}],"collection":[{"href":"https:\/\/www.irdin.org.br\/site\/wp-json\/wp\/v2\/product"}],"about":[{"href":"https:\/\/www.irdin.org.br\/site\/wp-json\/wp\/v2\/types\/product"}],"version-history":[{"count":1,"href":"https:\/\/www.irdin.org.br\/site\/wp-json\/wp\/v2\/product\/83547\/revisions"}],"predecessor-version":[{"id":108713,"href":"https:\/\/www.irdin.org.br\/site\/wp-json\/wp\/v2\/product\/83547\/revisions\/108713"}],"wp:featuredmedia":[{"embeddable":true,"href":"https:\/\/www.irdin.org.br\/site\/wp-json\/wp\/v2\/media\/37803"}],"wp:attachment":[{"href":"https:\/\/www.irdin.org.br\/site\/wp-json\/wp\/v2\/media?parent=83547"}],"wp:term":[{"taxonomy":"product_brand","embeddable":true,"href":"https:\/\/www.irdin.org.br\/site\/wp-json\/wp\/v2\/product_brand?post=83547"},{"taxonomy":"product_cat","embeddable":true,"href":"https:\/\/www.irdin.org.br\/site\/wp-json\/wp\/v2\/product_cat?post=83547"},{"taxonomy":"product_tag","embeddable":true,"href":"https:\/\/www.irdin.org.br\/site\/wp-json\/wp\/v2\/product_tag?post=83547"}],"curies":[{"name":"wp","href":"https:\/\/api.w.org\/{rel}","templated":true}]}}

Rumo à reconstrução espiritual da Terra

<p><em>Um amplo panorama que engloba aspectos históricos, pessoais e filosóficos do Mensageiro que está nos preparando para a transição do planeta e nos instruindo em vários detalhes da vida futura / Inspirado na mensagem de São José de</em></p>
<p>&nbsp;<br />
<strong>Ouça agora:</strong></p>
<p><span data-href="https://www.irdin.org.br/site/envios/audios/2867_0033__por_por__rumo_a_reconstrucao_espiritual_da_terra.mp3" data-title="rumo à reconstrução espiritual da terra" data-rel="" data-target="" data-meta="#fap-meta-69f1d73686e0e" class="fap-single-track fap-track-button fap-play-button" data-enqueue="no" data-autoenqueue="no" title="rumo à reconstrução espiritual da terra"><span class="fap-icon-play"></span>Ouvir</span> <a href="https://www.irdin.org.br/site/envios/audios/2867_0033__por_por__rumo_a_reconstrucao_espiritual_da_terra.mp3" class="baixar" download><span class="fa fa-arrow-down"></span>Baixar</span></a> <span class="textobaixar"> rumo à reconstrução espiritual da terra</span></p>
<p>&nbsp;</p>

<p>Um amplo panorama que engloba aspectos históricos, pessoais e filosóficos do Mensageiro que está nos preparando para a transição do</p>
