{"id":83553,"date":"2018-04-26T18:23:02","date_gmt":"2018-04-26T18:23:02","guid":{"rendered":"http:\/\/www.irdin.org.br\/site\/produto\/libertar-nos-do-mal\/"},"modified":"2025-03-15T20:23:17","modified_gmt":"2025-03-15T20:23:17","slug":"libertar-nos-do-mal","status":"publish","type":"product","link":"https:\/\/www.irdin.org.br\/site\/produtos\/libertar-nos-do-mal\/","title":{"rendered":"Libertar-nos do mal"},"content":{"rendered":"<p><em>A guinada que nos liberta de n\u00f3s mesmos \/ A vontade humana carece de princ\u00edpios espirituais \/Da purifica\u00e7\u00e3o \u00e0 transubstancia\u00e7\u00e3o da mat\u00e9ria \/ Um olhar decidido sobre as mensagens de Maria de 24 e 26 de agosto de 2016 \/ Criando um campo de prote\u00e7\u00e3o nesta \u00e9poca<\/em><\/p>\n<p>&nbsp;<br \/>\n<strong>Ou\u00e7a agora:<\/strong><\/p>\n<p><span data-href=\"https:\/\/www.irdin.org.br\/site\/envios\/audios\/0031_0027__por_por__libertar_nos_do_mal.mp3\" data-title=\"libertar-nos do mal\" data-rel=\"\" data-target=\"\" data-meta=\"#fap-meta-69fecd482088f\" class=\"fap-single-track fap-track-button fap-play-button\" data-enqueue=\"no\" data-autoenqueue=\"no\" title=\"libertar-nos do mal\"><span class=\"fap-icon-play\"><\/span>Ouvir<\/span> <a href=\"https:\/\/www.irdin.org.br\/site\/envios\/audios\/0031_0027__por_por__libertar_nos_do_mal.mp3\" class=\"baixar\" download><span class=\"fa fa-arrow-down\"><\/span>Baixar<\/span><\/a> <span class=\"textobaixar\"> libertar-nos do mal<\/span><\/p>\n<p>&nbsp;<\/p>\n","protected":false},"excerpt":{"rendered":"<p>A guinada que nos liberta de n\u00f3s mesmos \/ A vontade humana carece de princ\u00edpios espirituais \/Da purifica\u00e7\u00e3o \u00e0 transubstancia\u00e7\u00e3o<\/p>\n","protected":false},"featured_media":37803,"template":"","meta":{"_acf_changed":false},"product_brand":[],"product_cat":[18076,33068],"product_tag":[40409],"class_list":{"0":"post-83553","1":"product","2":"type-product","3":"status-publish","4":"has-post-thumbnail","6":"product_cat-cddvd","7":"product_cat-palestras","8":"product_tag-40409","9":"pa_autor-trigueirinho","10":"pa_codigo-da-serie-32787","11":"pa_codigo-externo-00310027porporcd","12":"pa_data-de-gravacao-32916","13":"pa_duracao-69-min","14":"pa_idioma-de-destino-portugues","15":"pa_idioma-de-origem-portugues","16":"pa_lancamento-yes","17":"pa_midia-cd","18":"pa_moac-40408","19":"pa_quantidade-de-saldo-33067","20":"pa_sequencial-da-serie-31903","21":"pa_tipo-de-traducao-nao-classificado","23":"first","24":"outofstock","25":"product-type-simple"},"acf":[],"_links":{"self":[{"href":"https:\/\/www.irdin.org.br\/site\/wp-json\/wp\/v2\/product\/83553","targetHints":{"allow":["GET"]}}],"collection":[{"href":"https:\/\/www.irdin.org.br\/site\/wp-json\/wp\/v2\/product"}],"about":[{"href":"https:\/\/www.irdin.org.br\/site\/wp-json\/wp\/v2\/types\/product"}],"version-history":[{"count":1,"href":"https:\/\/www.irdin.org.br\/site\/wp-json\/wp\/v2\/product\/83553\/revisions"}],"predecessor-version":[{"id":108717,"href":"https:\/\/www.irdin.org.br\/site\/wp-json\/wp\/v2\/product\/83553\/revisions\/108717"}],"wp:featuredmedia":[{"embeddable":true,"href":"https:\/\/www.irdin.org.br\/site\/wp-json\/wp\/v2\/media\/37803"}],"wp:attachment":[{"href":"https:\/\/www.irdin.org.br\/site\/wp-json\/wp\/v2\/media?parent=83553"}],"wp:term":[{"taxonomy":"product_brand","embeddable":true,"href":"https:\/\/www.irdin.org.br\/site\/wp-json\/wp\/v2\/product_brand?post=83553"},{"taxonomy":"product_cat","embeddable":true,"href":"https:\/\/www.irdin.org.br\/site\/wp-json\/wp\/v2\/product_cat?post=83553"},{"taxonomy":"product_tag","embeddable":true,"href":"https:\/\/www.irdin.org.br\/site\/wp-json\/wp\/v2\/product_tag?post=83553"}],"curies":[{"name":"wp","href":"https:\/\/api.w.org\/{rel}","templated":true}]}}