{"id":83554,"date":"2018-04-26T18:23:02","date_gmt":"2018-04-26T18:23:02","guid":{"rendered":"http:\/\/www.irdin.org.br\/site\/produto\/a-fe-como-ultima-chave-aromas-da-confederacao-de-mundos\/"},"modified":"2024-11-06T15:32:03","modified_gmt":"2024-11-06T15:32:03","slug":"a-fe-como-ultima-chave-aromas-da-confederacao-de-mundos","status":"publish","type":"product","link":"https:\/\/www.irdin.org.br\/site\/produtos\/a-fe-como-ultima-chave-aromas-da-confederacao-de-mundos\/","title":{"rendered":"A f\u00e9 como \u00faltima chave &#8211; Aromas da Confedera\u00e7\u00e3o de Mundos"},"content":{"rendered":"<p><em>Uma definitiva mensagem de Oxalc sobre o potencial da f\u00e9 no final destes tempos \/ Ci\u00eancia e ilus\u00e3o \/ Percep\u00e7\u00f5es extrassensoriais valer\u00e3o cada vez menos \/ Causas da densidade planet\u00e1ria que impedem vermos a realidade espiritual \/ \u00daltimos momentos para tomarmos decis\u00f5es \/ O obst\u00e1culo da tecnologia<\/em><\/p>\n<p>&nbsp;<br \/>\n<strong>Ou\u00e7a agora:<\/strong><\/p>\n<p><span data-href=\"https:\/\/www.irdin.org.br\/site\/envios\/audios\/0061_0023__por_por__a_fe_como_ultima_chave.mp3\" data-title=\"a f\u00e9 como \u00faltima chave - aromas da confedera\u00e7\u00e3o de mundos\" data-rel=\"\" data-target=\"\" data-meta=\"#fap-meta-69f5d7361efb4\" class=\"fap-single-track fap-track-button fap-play-button\" data-enqueue=\"no\" data-autoenqueue=\"no\" title=\"a f\u00e9 como \u00faltima chave - aromas da confedera\u00e7\u00e3o de mundos\"><span class=\"fap-icon-play\"><\/span>Ouvir<\/span> <a href=\"https:\/\/www.irdin.org.br\/site\/envios\/audios\/0061_0023__por_por__a_fe_como_ultima_chave.mp3\" class=\"baixar\" download><span class=\"fa fa-arrow-down\"><\/span>Baixar<\/span><\/a> <span class=\"textobaixar\"> a f\u00e9 como \u00faltima chave &#8211; aromas da confedera\u00e7\u00e3o de mundos<\/span><\/p>\n<p>&nbsp;<\/p>\n","protected":false},"excerpt":{"rendered":"<p>Uma definitiva mensagem de Oxalc sobre o potencial da f\u00e9 no final destes tempos \/ Ci\u00eancia e ilus\u00e3o \/ Percep\u00e7\u00f5es<\/p>\n","protected":false},"featured_media":37803,"template":"","meta":{"_acf_changed":false},"product_brand":[],"product_cat":[18076,33068],"product_tag":[40411],"class_list":{"0":"post-83554","1":"product","2":"type-product","3":"status-publish","4":"has-post-thumbnail","6":"product_cat-cddvd","7":"product_cat-palestras","8":"product_tag-40411","9":"pa_autor-trigueirinho","10":"pa_codigo-da-serie-31868","11":"pa_codigo-externo-00610023porporcd","12":"pa_data-de-gravacao-32918","13":"pa_duracao-69-min","14":"pa_idioma-de-destino-portugues","15":"pa_idioma-de-origem-portugues","16":"pa_lancamento-yes","17":"pa_midia-cd","18":"pa_moac-40410","19":"pa_quantidade-de-saldo-33067","20":"pa_sequencial-da-serie-31899","21":"pa_tipo-de-traducao-nao-classificado","23":"first","24":"outofstock","25":"product-type-simple"},"acf":[],"_links":{"self":[{"href":"https:\/\/www.irdin.org.br\/site\/wp-json\/wp\/v2\/product\/83554","targetHints":{"allow":["GET"]}}],"collection":[{"href":"https:\/\/www.irdin.org.br\/site\/wp-json\/wp\/v2\/product"}],"about":[{"href":"https:\/\/www.irdin.org.br\/site\/wp-json\/wp\/v2\/types\/product"}],"version-history":[{"count":1,"href":"https:\/\/www.irdin.org.br\/site\/wp-json\/wp\/v2\/product\/83554\/revisions"}],"predecessor-version":[{"id":107849,"href":"https:\/\/www.irdin.org.br\/site\/wp-json\/wp\/v2\/product\/83554\/revisions\/107849"}],"wp:featuredmedia":[{"embeddable":true,"href":"https:\/\/www.irdin.org.br\/site\/wp-json\/wp\/v2\/media\/37803"}],"wp:attachment":[{"href":"https:\/\/www.irdin.org.br\/site\/wp-json\/wp\/v2\/media?parent=83554"}],"wp:term":[{"taxonomy":"product_brand","embeddable":true,"href":"https:\/\/www.irdin.org.br\/site\/wp-json\/wp\/v2\/product_brand?post=83554"},{"taxonomy":"product_cat","embeddable":true,"href":"https:\/\/www.irdin.org.br\/site\/wp-json\/wp\/v2\/product_cat?post=83554"},{"taxonomy":"product_tag","embeddable":true,"href":"https:\/\/www.irdin.org.br\/site\/wp-json\/wp\/v2\/product_tag?post=83554"}],"curies":[{"name":"wp","href":"https:\/\/api.w.org\/{rel}","templated":true}]}}

A fé como última chave &#8211; Aromas da Confederação de Mundos

<p><em>Uma definitiva mensagem de Oxalc sobre o potencial da fé no final destes tempos / Ciência e ilusão / Percepções extrassensoriais valerão cada vez menos / Causas da densidade planetária que impedem vermos a realidade espiritual / Últimos momentos para tomarmos decisões / O obstáculo da tecnologia</em></p>
<p>&nbsp;<br />
<strong>Ouça agora:</strong></p>
<p><span data-href="https://www.irdin.org.br/site/envios/audios/0061_0023__por_por__a_fe_como_ultima_chave.mp3" data-title="a fé como última chave - aromas da confederação de mundos" data-rel="" data-target="" data-meta="#fap-meta-69f5d7361efb4" class="fap-single-track fap-track-button fap-play-button" data-enqueue="no" data-autoenqueue="no" title="a fé como última chave - aromas da confederação de mundos"><span class="fap-icon-play"></span>Ouvir</span> <a href="https://www.irdin.org.br/site/envios/audios/0061_0023__por_por__a_fe_como_ultima_chave.mp3" class="baixar" download><span class="fa fa-arrow-down"></span>Baixar</span></a> <span class="textobaixar"> a fé como última chave &#8211; aromas da confederação de mundos</span></p>
<p>&nbsp;</p>

<p>Uma definitiva mensagem de Oxalc sobre o potencial da fé no final destes tempos / Ciência e ilusão / Percepções</p>
