{"id":83561,"date":"2018-04-26T18:23:23","date_gmt":"2018-04-26T18:23:23","guid":{"rendered":"http:\/\/www.irdin.org.br\/site\/produto\/o-infinito-diante-de-nos-reflexao-realizada-no-57o-encontro-geral-de-figueira\/"},"modified":"2025-03-15T20:14:05","modified_gmt":"2025-03-15T20:14:05","slug":"o-infinito-diante-de-nos-reflexao-realizada-no-57o-encontro-geral-de-figueira","status":"publish","type":"product","link":"https:\/\/www.irdin.org.br\/site\/produtos\/o-infinito-diante-de-nos-reflexao-realizada-no-57o-encontro-geral-de-figueira\/","title":{"rendered":"O Infinito diante de n\u00f3s &#8211; Reflex\u00e3o realizada no 57\u00ba Encontro Geral de Figueira"},"content":{"rendered":"<p><em><\/em><\/p>\n<p>&nbsp;<br \/>\n<strong>Ou\u00e7a agora:<\/strong><\/p>\n<p><span data-href=\"https:\/\/www.irdin.org.br\/site\/envios\/audios\/2867_0036__por_por__o_infinito_diante_de_nos.mp3\" data-title=\"o infinito diante de n\u00f3s - reflex\u00e3o realizada no 57\u00ba encontro geral de figueira\" data-rel=\"\" data-target=\"\" data-meta=\"#fap-meta-69e32477e5cf1\" class=\"fap-single-track fap-track-button fap-play-button\" data-enqueue=\"no\" data-autoenqueue=\"no\" title=\"o infinito diante de n\u00f3s - reflex\u00e3o realizada no 57\u00ba encontro geral de figueira\"><span class=\"fap-icon-play\"><\/span>Ouvir<\/span> <a href=\"https:\/\/www.irdin.org.br\/site\/envios\/audios\/2867_0036__por_por__o_infinito_diante_de_nos.mp3\" class=\"baixar\" download><span class=\"fa fa-arrow-down\"><\/span>Baixar<\/span><\/a> <span class=\"textobaixar\"> o infinito diante de n\u00f3s &#8211; reflex\u00e3o realizada no 57\u00ba encontro geral de figueira<\/span><\/p>\n<p>&nbsp;<\/p>\n","protected":false},"excerpt":{"rendered":"<p>&nbsp; Ou\u00e7a agora: Baixar o infinito diante de n\u00f3s &#8211; reflex\u00e3o realizada no 57\u00ba encontro geral de figueira &nbsp;<\/p>\n","protected":false},"featured_media":37803,"template":"","meta":{"_acf_changed":false},"product_brand":[],"product_cat":[18076,33068],"product_tag":[40425],"class_list":{"0":"post-83561","1":"product","2":"type-product","3":"status-publish","4":"has-post-thumbnail","6":"product_cat-cddvd","7":"product_cat-palestras","8":"product_tag-40425","9":"pa_autor-trigueirinho","10":"pa_codigo-da-serie-28166","11":"pa_codigo-externo-28670036porporcd","12":"pa_data-de-gravacao-32933","13":"pa_duracao-69-min","14":"pa_idioma-de-destino-portugues","15":"pa_idioma-de-origem-portugues","16":"pa_lancamento-yes","17":"pa_midia-cd","18":"pa_moac-40424","19":"pa_quantidade-de-saldo-33067","20":"pa_sequencial-da-serie-31912","21":"pa_tipo-de-traducao-nao-classificado","23":"first","24":"outofstock","25":"product-type-simple"},"acf":[],"_links":{"self":[{"href":"https:\/\/www.irdin.org.br\/site\/wp-json\/wp\/v2\/product\/83561","targetHints":{"allow":["GET"]}}],"collection":[{"href":"https:\/\/www.irdin.org.br\/site\/wp-json\/wp\/v2\/product"}],"about":[{"href":"https:\/\/www.irdin.org.br\/site\/wp-json\/wp\/v2\/types\/product"}],"version-history":[{"count":1,"href":"https:\/\/www.irdin.org.br\/site\/wp-json\/wp\/v2\/product\/83561\/revisions"}],"predecessor-version":[{"id":108688,"href":"https:\/\/www.irdin.org.br\/site\/wp-json\/wp\/v2\/product\/83561\/revisions\/108688"}],"wp:featuredmedia":[{"embeddable":true,"href":"https:\/\/www.irdin.org.br\/site\/wp-json\/wp\/v2\/media\/37803"}],"wp:attachment":[{"href":"https:\/\/www.irdin.org.br\/site\/wp-json\/wp\/v2\/media?parent=83561"}],"wp:term":[{"taxonomy":"product_brand","embeddable":true,"href":"https:\/\/www.irdin.org.br\/site\/wp-json\/wp\/v2\/product_brand?post=83561"},{"taxonomy":"product_cat","embeddable":true,"href":"https:\/\/www.irdin.org.br\/site\/wp-json\/wp\/v2\/product_cat?post=83561"},{"taxonomy":"product_tag","embeddable":true,"href":"https:\/\/www.irdin.org.br\/site\/wp-json\/wp\/v2\/product_tag?post=83561"}],"curies":[{"name":"wp","href":"https:\/\/api.w.org\/{rel}","templated":true}]}}