{"id":83565,"date":"2018-04-26T18:23:23","date_gmt":"2018-04-26T18:23:23","guid":{"rendered":"http:\/\/www.irdin.org.br\/site\/produto\/figueira-como-escola-e-laboratorio\/"},"modified":"2025-03-15T20:15:13","modified_gmt":"2025-03-15T20:15:13","slug":"figueira-como-escola-e-laboratorio","status":"publish","type":"product","link":"https:\/\/www.irdin.org.br\/site\/produtos\/figueira-como-escola-e-laboratorio\/","title":{"rendered":"Figueira como escola e laborat\u00f3rio"},"content":{"rendered":"<p><em>Um painel que mostra n\u00edveis e experi\u00eancias de um Centro Planet\u00e1rio que \u00e9 tamb\u00e9m um Monast\u00e9rio \/ Amor na consci\u00eancia e a alma que se perde \/ Alegria no caminho, aspira\u00e7\u00e3o e aprendizagem \/ A Escola Parque Tibetano no N\u00facleo Cora\u00e7\u00e3o Sagrado<\/em><\/p>\n<p>&nbsp;<br \/>\n<strong>Ou\u00e7a agora:<\/strong><\/p>\n<p><span data-href=\"https:\/\/www.irdin.org.br\/site\/envios\/audios\/2887_0003__por_por__figueira_como_escola_e_laboratorio.mp3\" data-title=\"figueira como escola e laborat\u00f3rio\" data-rel=\"\" data-target=\"\" data-meta=\"#fap-meta-69e3724f8d41b\" class=\"fap-single-track fap-track-button fap-play-button\" data-enqueue=\"no\" data-autoenqueue=\"no\" title=\"figueira como escola e laborat\u00f3rio\"><span class=\"fap-icon-play\"><\/span>Ouvir<\/span> <a href=\"https:\/\/www.irdin.org.br\/site\/envios\/audios\/2887_0003__por_por__figueira_como_escola_e_laboratorio.mp3\" class=\"baixar\" download><span class=\"fa fa-arrow-down\"><\/span>Baixar<\/span><\/a> <span class=\"textobaixar\"> figueira como escola e laborat\u00f3rio<\/span><\/p>\n<p>&nbsp;<\/p>\n","protected":false},"excerpt":{"rendered":"<p>Um painel que mostra n\u00edveis e experi\u00eancias de um Centro Planet\u00e1rio que \u00e9 tamb\u00e9m um Monast\u00e9rio \/ Amor na consci\u00eancia<\/p>\n","protected":false},"featured_media":37803,"template":"","meta":{"_acf_changed":false},"product_brand":[],"product_cat":[18076,33068],"product_tag":[40433],"class_list":{"0":"post-83565","1":"product","2":"type-product","3":"status-publish","4":"has-post-thumbnail","6":"product_cat-cddvd","7":"product_cat-palestras","8":"product_tag-40433","9":"pa_autor-trigueirinho","10":"pa_codigo-da-serie-28499","11":"pa_codigo-externo-28870003porporcd","12":"pa_data-de-gravacao-32988","13":"pa_duracao-69-min","14":"pa_idioma-de-destino-portugues","15":"pa_idioma-de-origem-portugues","16":"pa_lancamento-yes","17":"pa_midia-cd","18":"pa_moac-40432","19":"pa_quantidade-de-saldo-33067","20":"pa_sequencial-da-serie-31879","21":"pa_tipo-de-traducao-nao-classificado","23":"first","24":"outofstock","25":"product-type-simple"},"acf":[],"_links":{"self":[{"href":"https:\/\/www.irdin.org.br\/site\/wp-json\/wp\/v2\/product\/83565","targetHints":{"allow":["GET"]}}],"collection":[{"href":"https:\/\/www.irdin.org.br\/site\/wp-json\/wp\/v2\/product"}],"about":[{"href":"https:\/\/www.irdin.org.br\/site\/wp-json\/wp\/v2\/types\/product"}],"version-history":[{"count":1,"href":"https:\/\/www.irdin.org.br\/site\/wp-json\/wp\/v2\/product\/83565\/revisions"}],"predecessor-version":[{"id":108692,"href":"https:\/\/www.irdin.org.br\/site\/wp-json\/wp\/v2\/product\/83565\/revisions\/108692"}],"wp:featuredmedia":[{"embeddable":true,"href":"https:\/\/www.irdin.org.br\/site\/wp-json\/wp\/v2\/media\/37803"}],"wp:attachment":[{"href":"https:\/\/www.irdin.org.br\/site\/wp-json\/wp\/v2\/media?parent=83565"}],"wp:term":[{"taxonomy":"product_brand","embeddable":true,"href":"https:\/\/www.irdin.org.br\/site\/wp-json\/wp\/v2\/product_brand?post=83565"},{"taxonomy":"product_cat","embeddable":true,"href":"https:\/\/www.irdin.org.br\/site\/wp-json\/wp\/v2\/product_cat?post=83565"},{"taxonomy":"product_tag","embeddable":true,"href":"https:\/\/www.irdin.org.br\/site\/wp-json\/wp\/v2\/product_tag?post=83565"}],"curies":[{"name":"wp","href":"https:\/\/api.w.org\/{rel}","templated":true}]}}