{"id":83575,"date":"2018-04-26T18:23:23","date_gmt":"2018-04-26T18:23:23","guid":{"rendered":"http:\/\/www.irdin.org.br\/site\/produto\/portas-para-o-que-podemos-nos-tornar-reflexao-realizada-no-58o-encontro-geral-de-figueira\/"},"modified":"2025-03-15T20:17:23","modified_gmt":"2025-03-15T20:17:23","slug":"portas-para-o-que-podemos-nos-tornar-reflexao-realizada-no-58o-encontro-geral-de-figueira","status":"publish","type":"product","link":"https:\/\/www.irdin.org.br\/site\/produtos\/portas-para-o-que-podemos-nos-tornar-reflexao-realizada-no-58o-encontro-geral-de-figueira\/","title":{"rendered":"Portas para o que podemos nos tornar &#8211; Reflex\u00e3o realizada no 58\u00ba Encontro Geral de Figueira"},"content":{"rendered":"<p><em>Tempo de milagres \/ Na\u00e7\u00f5es e almas neste planeta \/ Os tr\u00eas aspectos de Deus \/ Reflex\u00f5es sobre princ\u00edpios s\u00e1bios \/ Raios e ciclos<\/em><\/p>\n<p>&nbsp;<br \/>\n<strong>Ou\u00e7a agora:<\/strong><\/p>\n<p><span data-href=\"https:\/\/www.irdin.org.br\/site\/envios\/audios\/0052_0040__por_por__portas_para_o_que_podemos_nos_tornar.mp3\" data-title=\"portas para o que podemos nos tornar\" data-rel=\"\" data-target=\"\" data-meta=\"#fap-meta-6a0a33a84ac9f\" class=\"fap-single-track fap-track-button fap-play-button\" data-enqueue=\"no\" data-autoenqueue=\"no\" title=\"portas para o que podemos nos tornar\"><span class=\"fap-icon-play\"><\/span>Ouvir<\/span> <a href=\"https:\/\/www.irdin.org.br\/site\/envios\/audios\/0052_0040__por_por__portas_para_o_que_podemos_nos_tornar.mp3\" class=\"baixar\" download><span class=\"fa fa-arrow-down\"><\/span>Baixar<\/span><\/a> <span class=\"textobaixar\"> portas para o que podemos nos tornar<\/span><\/p>\n<p>&nbsp;<\/p>\n","protected":false},"excerpt":{"rendered":"<p>Tempo de milagres \/ Na\u00e7\u00f5es e almas neste planeta \/ Os tr\u00eas aspectos de Deus \/ Reflex\u00f5es sobre princ\u00edpios s\u00e1bios<\/p>\n","protected":false},"featured_media":37803,"template":"","meta":{"_acf_changed":false},"product_brand":[],"product_cat":[18076,33068],"product_tag":[40453],"class_list":{"0":"post-83575","1":"product","2":"type-product","3":"status-publish","4":"has-post-thumbnail","6":"product_cat-cddvd","7":"product_cat-palestras","8":"product_tag-40453","9":"pa_autor-trigueirinho","10":"pa_codigo-da-serie-32831","11":"pa_codigo-externo-00520040porporcd","12":"pa_data-de-gravacao-33173","13":"pa_duracao-58-min","14":"pa_idioma-de-destino-portugues","15":"pa_idioma-de-origem-portugues","16":"pa_lancamento-yes","17":"pa_midia-cd","18":"pa_moac-40452","19":"pa_quantidade-de-saldo-33067","20":"pa_sequencial-da-serie-31916","21":"pa_tipo-de-traducao-nao-classificado","23":"first","24":"outofstock","25":"product-type-simple"},"acf":[],"_links":{"self":[{"href":"https:\/\/www.irdin.org.br\/site\/wp-json\/wp\/v2\/product\/83575","targetHints":{"allow":["GET"]}}],"collection":[{"href":"https:\/\/www.irdin.org.br\/site\/wp-json\/wp\/v2\/product"}],"about":[{"href":"https:\/\/www.irdin.org.br\/site\/wp-json\/wp\/v2\/types\/product"}],"version-history":[{"count":1,"href":"https:\/\/www.irdin.org.br\/site\/wp-json\/wp\/v2\/product\/83575\/revisions"}],"predecessor-version":[{"id":108701,"href":"https:\/\/www.irdin.org.br\/site\/wp-json\/wp\/v2\/product\/83575\/revisions\/108701"}],"wp:featuredmedia":[{"embeddable":true,"href":"https:\/\/www.irdin.org.br\/site\/wp-json\/wp\/v2\/media\/37803"}],"wp:attachment":[{"href":"https:\/\/www.irdin.org.br\/site\/wp-json\/wp\/v2\/media?parent=83575"}],"wp:term":[{"taxonomy":"product_brand","embeddable":true,"href":"https:\/\/www.irdin.org.br\/site\/wp-json\/wp\/v2\/product_brand?post=83575"},{"taxonomy":"product_cat","embeddable":true,"href":"https:\/\/www.irdin.org.br\/site\/wp-json\/wp\/v2\/product_cat?post=83575"},{"taxonomy":"product_tag","embeddable":true,"href":"https:\/\/www.irdin.org.br\/site\/wp-json\/wp\/v2\/product_tag?post=83575"}],"curies":[{"name":"wp","href":"https:\/\/api.w.org\/{rel}","templated":true}]}}