{"id":83598,"date":"2018-04-26T18:24:01","date_gmt":"2018-04-26T18:24:01","guid":{"rendered":"http:\/\/www.irdin.org.br\/site\/produto\/o-reconhecimento-de-si-proprio\/"},"modified":"2025-03-15T20:02:10","modified_gmt":"2025-03-15T20:02:10","slug":"o-reconhecimento-de-si-proprio","status":"publish","type":"product","link":"https:\/\/www.irdin.org.br\/site\/produtos\/o-reconhecimento-de-si-proprio\/","title":{"rendered":"O reconhecimento de si pr\u00f3prio"},"content":{"rendered":"<p><em>O trabalho herc\u00faleo de chegar na cristifica\u00e7\u00e3o \/ Ap\u00f3s a prepara\u00e7\u00e3o v\u00eam as etapas das lutas, crises e esfor\u00e7os bem conscientes \/ O desenvolvimento ocorre ao nos organizarmos, nos doarmos e perdermos a vida at\u00e9 que emerja o Ser Interior \/ O desafio que dignifica a vida humana<\/em><\/p>\n<p>&nbsp;<br \/>\n<strong>Ou\u00e7a agora:<\/strong><\/p>\n<p><span data-href=\"https:\/\/www.irdin.org.br\/site\/envios\/audios\/0031_0023__por_por__o_reconhecimento_de_si_proprio.mp3\" data-title=\"o reconhecimento de si pr\u00f3prio\" data-rel=\"\" data-target=\"\" data-meta=\"#fap-meta-69f5b01cc187b\" class=\"fap-single-track fap-track-button fap-play-button\" data-enqueue=\"no\" data-autoenqueue=\"no\" title=\"o reconhecimento de si pr\u00f3prio\"><span class=\"fap-icon-play\"><\/span>Ouvir<\/span> <a href=\"https:\/\/www.irdin.org.br\/site\/envios\/audios\/0031_0023__por_por__o_reconhecimento_de_si_proprio.mp3\" class=\"baixar\" download><span class=\"fa fa-arrow-down\"><\/span>Baixar<\/span><\/a> <span class=\"textobaixar\"> o reconhecimento de si pr\u00f3prio<\/span><\/p>\n<p>&nbsp;<\/p>\n","protected":false},"excerpt":{"rendered":"<p>O trabalho herc\u00faleo de chegar na cristifica\u00e7\u00e3o \/ Ap\u00f3s a prepara\u00e7\u00e3o v\u00eam as etapas das lutas, crises e esfor\u00e7os bem<\/p>\n","protected":false},"featured_media":37803,"template":"","meta":{"_acf_changed":false},"product_brand":[],"product_cat":[18076,33068],"product_tag":[40499],"class_list":{"0":"post-83598","1":"product","2":"type-product","3":"status-publish","4":"has-post-thumbnail","6":"product_cat-cddvd","7":"product_cat-palestras","8":"product_tag-40499","9":"pa_autor-trigueirinho","10":"pa_codigo-da-serie-32787","11":"pa_data-de-gravacao-30682","12":"pa_idioma-de-destino-portugues","13":"pa_lancamento-no","14":"pa_midia-cd","15":"pa_moac-40498","16":"pa_quantidade-de-saldo-33067","17":"pa_sequencial-da-serie-31899","18":"pa_tipo-de-traducao-nao-classificado","20":"first","21":"outofstock","22":"product-type-simple"},"acf":[],"_links":{"self":[{"href":"https:\/\/www.irdin.org.br\/site\/wp-json\/wp\/v2\/product\/83598","targetHints":{"allow":["GET"]}}],"collection":[{"href":"https:\/\/www.irdin.org.br\/site\/wp-json\/wp\/v2\/product"}],"about":[{"href":"https:\/\/www.irdin.org.br\/site\/wp-json\/wp\/v2\/types\/product"}],"version-history":[{"count":1,"href":"https:\/\/www.irdin.org.br\/site\/wp-json\/wp\/v2\/product\/83598\/revisions"}],"predecessor-version":[{"id":108646,"href":"https:\/\/www.irdin.org.br\/site\/wp-json\/wp\/v2\/product\/83598\/revisions\/108646"}],"wp:featuredmedia":[{"embeddable":true,"href":"https:\/\/www.irdin.org.br\/site\/wp-json\/wp\/v2\/media\/37803"}],"wp:attachment":[{"href":"https:\/\/www.irdin.org.br\/site\/wp-json\/wp\/v2\/media?parent=83598"}],"wp:term":[{"taxonomy":"product_brand","embeddable":true,"href":"https:\/\/www.irdin.org.br\/site\/wp-json\/wp\/v2\/product_brand?post=83598"},{"taxonomy":"product_cat","embeddable":true,"href":"https:\/\/www.irdin.org.br\/site\/wp-json\/wp\/v2\/product_cat?post=83598"},{"taxonomy":"product_tag","embeddable":true,"href":"https:\/\/www.irdin.org.br\/site\/wp-json\/wp\/v2\/product_tag?post=83598"}],"curies":[{"name":"wp","href":"https:\/\/api.w.org\/{rel}","templated":true}]}}

O reconhecimento de si próprio

<p><em>O trabalho hercúleo de chegar na cristificação / Após a preparação vêm as etapas das lutas, crises e esforços bem conscientes / O desenvolvimento ocorre ao nos organizarmos, nos doarmos e perdermos a vida até que emerja o Ser Interior / O desafio que dignifica a vida humana</em></p>
<p>&nbsp;<br />
<strong>Ouça agora:</strong></p>
<p><span data-href="https://www.irdin.org.br/site/envios/audios/0031_0023__por_por__o_reconhecimento_de_si_proprio.mp3" data-title="o reconhecimento de si próprio" data-rel="" data-target="" data-meta="#fap-meta-69f5b01cc187b" class="fap-single-track fap-track-button fap-play-button" data-enqueue="no" data-autoenqueue="no" title="o reconhecimento de si próprio"><span class="fap-icon-play"></span>Ouvir</span> <a href="https://www.irdin.org.br/site/envios/audios/0031_0023__por_por__o_reconhecimento_de_si_proprio.mp3" class="baixar" download><span class="fa fa-arrow-down"></span>Baixar</span></a> <span class="textobaixar"> o reconhecimento de si próprio</span></p>
<p>&nbsp;</p>

<p>O trabalho hercúleo de chegar na cristificação / Após a preparação vêm as etapas das lutas, crises e esforços bem</p>
