{"id":83624,"date":"2018-04-26T18:24:21","date_gmt":"2018-04-26T18:24:21","guid":{"rendered":"http:\/\/www.irdin.org.br\/site\/produto\/alem-do-carma\/"},"modified":"2025-03-15T19:59:04","modified_gmt":"2025-03-15T19:59:04","slug":"alem-do-carma","status":"publish","type":"product","link":"https:\/\/www.irdin.org.br\/site\/produtos\/alem-do-carma\/","title":{"rendered":"Al\u00e9m do carma"},"content":{"rendered":"<p><em>Nossa sujei\u00e7\u00e3o \u00e0 lei do carma material \u00e9 tempor\u00e1ria, perdura enquanto n\u00e3o polarizamos a consci\u00eancia em leis superiores.<\/em><\/p>\n<p>&nbsp;<br \/>\n<strong>Ou\u00e7a agora:<\/strong><\/p>\n<p><span data-href=\"https:\/\/www.irdin.org.br\/site\/envios\/audios\/0032_0036__por_por__alem_do_carma.mp3\" data-title=\"al\u00e9m do carma\" data-rel=\"\" data-target=\"\" data-meta=\"#fap-meta-69ede7329f05e\" class=\"fap-single-track fap-track-button fap-play-button\" data-enqueue=\"no\" data-autoenqueue=\"no\" title=\"al\u00e9m do carma\"><span class=\"fap-icon-play\"><\/span>Ouvir<\/span> <a href=\"https:\/\/www.irdin.org.br\/site\/envios\/audios\/0032_0036__por_por__alem_do_carma.mp3\" class=\"baixar\" download><span class=\"fa fa-arrow-down\"><\/span>Baixar<\/span><\/a> <span class=\"textobaixar\"> al\u00e9m do carma<\/span><\/p>\n<p>&nbsp;<\/p>\n","protected":false},"excerpt":{"rendered":"<p>Nossa sujei\u00e7\u00e3o \u00e0 lei do carma material \u00e9 tempor\u00e1ria, perdura enquanto n\u00e3o polarizamos a consci\u00eancia em leis superiores. &nbsp; Ou\u00e7a<\/p>\n","protected":false},"featured_media":37803,"template":"","meta":{"_acf_changed":false},"product_brand":[],"product_cat":[18076,33068],"product_tag":[40551],"class_list":{"0":"post-83624","1":"product","2":"type-product","3":"status-publish","4":"has-post-thumbnail","6":"product_cat-cddvd","7":"product_cat-palestras","8":"product_tag-40551","9":"pa_autor-trigueirinho","10":"pa_codigo-da-serie-32788","11":"pa_data-de-gravacao-30776","12":"pa_idioma-de-destino-portugues","13":"pa_lancamento-no","14":"pa_midia-cd","15":"pa_moac-40550","16":"pa_quantidade-de-saldo-33067","17":"pa_sequencial-da-serie-31912","18":"pa_tipo-de-traducao-nao-classificado","20":"first","21":"outofstock","22":"product-type-simple"},"acf":[],"_links":{"self":[{"href":"https:\/\/www.irdin.org.br\/site\/wp-json\/wp\/v2\/product\/83624","targetHints":{"allow":["GET"]}}],"collection":[{"href":"https:\/\/www.irdin.org.br\/site\/wp-json\/wp\/v2\/product"}],"about":[{"href":"https:\/\/www.irdin.org.br\/site\/wp-json\/wp\/v2\/types\/product"}],"version-history":[{"count":1,"href":"https:\/\/www.irdin.org.br\/site\/wp-json\/wp\/v2\/product\/83624\/revisions"}],"predecessor-version":[{"id":108632,"href":"https:\/\/www.irdin.org.br\/site\/wp-json\/wp\/v2\/product\/83624\/revisions\/108632"}],"wp:featuredmedia":[{"embeddable":true,"href":"https:\/\/www.irdin.org.br\/site\/wp-json\/wp\/v2\/media\/37803"}],"wp:attachment":[{"href":"https:\/\/www.irdin.org.br\/site\/wp-json\/wp\/v2\/media?parent=83624"}],"wp:term":[{"taxonomy":"product_brand","embeddable":true,"href":"https:\/\/www.irdin.org.br\/site\/wp-json\/wp\/v2\/product_brand?post=83624"},{"taxonomy":"product_cat","embeddable":true,"href":"https:\/\/www.irdin.org.br\/site\/wp-json\/wp\/v2\/product_cat?post=83624"},{"taxonomy":"product_tag","embeddable":true,"href":"https:\/\/www.irdin.org.br\/site\/wp-json\/wp\/v2\/product_tag?post=83624"}],"curies":[{"name":"wp","href":"https:\/\/api.w.org\/{rel}","templated":true}]}}

Além do carma

<p><em>Nossa sujeição à lei do carma material é temporária, perdura enquanto não polarizamos a consciência em leis superiores.</em></p>
<p>&nbsp;<br />
<strong>Ouça agora:</strong></p>
<p><span data-href="https://www.irdin.org.br/site/envios/audios/0032_0036__por_por__alem_do_carma.mp3" data-title="além do carma" data-rel="" data-target="" data-meta="#fap-meta-69ede7329f05e" class="fap-single-track fap-track-button fap-play-button" data-enqueue="no" data-autoenqueue="no" title="além do carma"><span class="fap-icon-play"></span>Ouvir</span> <a href="https://www.irdin.org.br/site/envios/audios/0032_0036__por_por__alem_do_carma.mp3" class="baixar" download><span class="fa fa-arrow-down"></span>Baixar</span></a> <span class="textobaixar"> além do carma</span></p>
<p>&nbsp;</p>

<p>Nossa sujeição à lei do carma material é temporária, perdura enquanto não polarizamos a consciência em leis superiores. &nbsp; Ouça</p>
