{"id":83652,"date":"2018-04-26T18:24:40","date_gmt":"2018-04-26T18:24:40","guid":{"rendered":"http:\/\/www.irdin.org.br\/site\/produto\/assuntos-emergenciais-em-tempos-de-aquecimento-global\/"},"modified":"2025-03-15T19:56:29","modified_gmt":"2025-03-15T19:56:29","slug":"assuntos-emergenciais-em-tempos-de-aquecimento-global","status":"publish","type":"product","link":"https:\/\/www.irdin.org.br\/site\/produtos\/assuntos-emergenciais-em-tempos-de-aquecimento-global\/","title":{"rendered":"Assuntos emergenciais em tempos de aquecimento global"},"content":{"rendered":"<p><em>Enquanto nos planos internos a consci\u00eancia vai se expandindo para os ciclos vindouros, buscamos clareza sobre quest\u00f5es fundamentais do nosso tempo e sobre o servi\u00e7o a prestar nos momentos de caos planet\u00e1rio.<\/em><\/p>\n<p>&nbsp;<br \/>\n<strong>Ou\u00e7a agora:<\/strong><\/p>\n<p><span data-href=\"https:\/\/www.irdin.org.br\/site\/envios\/audios\/0035_0006__por_por__assuntos_emergenciais_em_tempos_de_aquecimento_global.mp3\" data-title=\"assuntos emergenciais em tempos de aquecimento global\" data-rel=\"\" data-target=\"\" data-meta=\"#fap-meta-69f5dce6227bc\" class=\"fap-single-track fap-track-button fap-play-button\" data-enqueue=\"no\" data-autoenqueue=\"no\" title=\"assuntos emergenciais em tempos de aquecimento global\"><span class=\"fap-icon-play\"><\/span>Ouvir<\/span> <a href=\"https:\/\/www.irdin.org.br\/site\/envios\/audios\/0035_0006__por_por__assuntos_emergenciais_em_tempos_de_aquecimento_global.mp3\" class=\"baixar\" download><span class=\"fa fa-arrow-down\"><\/span>Baixar<\/span><\/a> <span class=\"textobaixar\"> assuntos emergenciais em tempos de aquecimento global<\/span><\/p>\n<p>&nbsp;<\/p>\n","protected":false},"excerpt":{"rendered":"<p>Enquanto nos planos internos a consci\u00eancia vai se expandindo para os ciclos vindouros, buscamos clareza sobre quest\u00f5es fundamentais do nosso<\/p>\n","protected":false},"featured_media":37803,"template":"","meta":{"_acf_changed":false},"product_brand":[],"product_cat":[18076,33068],"product_tag":[40605],"class_list":{"0":"post-83652","1":"product","2":"type-product","3":"status-publish","4":"has-post-thumbnail","6":"product_cat-cddvd","7":"product_cat-palestras","8":"product_tag-40605","9":"pa_autor-trigueirinho","10":"pa_codigo-da-serie-32809","11":"pa_codigo-externo-00350006porcd","12":"pa_data-de-gravacao-30996","13":"pa_duracao-47min","14":"pa_idioma-de-destino-portugues","15":"pa_idioma-de-origem-portugues","16":"pa_lancamento-no","17":"pa_midia-cd","18":"pa_moac-40604","19":"pa_quantidade-de-saldo-33067","20":"pa_sequencial-da-serie-31882","21":"pa_tipo-de-traducao-nao-classificado","23":"first","24":"outofstock","25":"product-type-simple"},"acf":[],"_links":{"self":[{"href":"https:\/\/www.irdin.org.br\/site\/wp-json\/wp\/v2\/product\/83652","targetHints":{"allow":["GET"]}}],"collection":[{"href":"https:\/\/www.irdin.org.br\/site\/wp-json\/wp\/v2\/product"}],"about":[{"href":"https:\/\/www.irdin.org.br\/site\/wp-json\/wp\/v2\/types\/product"}],"version-history":[{"count":1,"href":"https:\/\/www.irdin.org.br\/site\/wp-json\/wp\/v2\/product\/83652\/revisions"}],"predecessor-version":[{"id":108621,"href":"https:\/\/www.irdin.org.br\/site\/wp-json\/wp\/v2\/product\/83652\/revisions\/108621"}],"wp:featuredmedia":[{"embeddable":true,"href":"https:\/\/www.irdin.org.br\/site\/wp-json\/wp\/v2\/media\/37803"}],"wp:attachment":[{"href":"https:\/\/www.irdin.org.br\/site\/wp-json\/wp\/v2\/media?parent=83652"}],"wp:term":[{"taxonomy":"product_brand","embeddable":true,"href":"https:\/\/www.irdin.org.br\/site\/wp-json\/wp\/v2\/product_brand?post=83652"},{"taxonomy":"product_cat","embeddable":true,"href":"https:\/\/www.irdin.org.br\/site\/wp-json\/wp\/v2\/product_cat?post=83652"},{"taxonomy":"product_tag","embeddable":true,"href":"https:\/\/www.irdin.org.br\/site\/wp-json\/wp\/v2\/product_tag?post=83652"}],"curies":[{"name":"wp","href":"https:\/\/api.w.org\/{rel}","templated":true}]}}

<p><em>Enquanto nos planos internos a consciência vai se expandindo para os ciclos vindouros, buscamos clareza sobre questões fundamentais do nosso tempo e sobre o serviço a prestar nos momentos de caos planetário.</em></p>
<p>&nbsp;<br />
<strong>Ouça agora:</strong></p>
<p><span data-href="https://www.irdin.org.br/site/envios/audios/0035_0006__por_por__assuntos_emergenciais_em_tempos_de_aquecimento_global.mp3" data-title="assuntos emergenciais em tempos de aquecimento global" data-rel="" data-target="" data-meta="#fap-meta-69f5dce6227bc" class="fap-single-track fap-track-button fap-play-button" data-enqueue="no" data-autoenqueue="no" title="assuntos emergenciais em tempos de aquecimento global"><span class="fap-icon-play"></span>Ouvir</span> <a href="https://www.irdin.org.br/site/envios/audios/0035_0006__por_por__assuntos_emergenciais_em_tempos_de_aquecimento_global.mp3" class="baixar" download><span class="fa fa-arrow-down"></span>Baixar</span></a> <span class="textobaixar"> assuntos emergenciais em tempos de aquecimento global</span></p>
<p>&nbsp;</p>

<p>Enquanto nos planos internos a consciência vai se expandindo para os ciclos vindouros, buscamos clareza sobre questões fundamentais do nosso</p>
