{"id":83666,"date":"2018-04-26T18:24:59","date_gmt":"2018-04-26T18:24:59","guid":{"rendered":"http:\/\/www.irdin.org.br\/site\/produto\/elementais-e-devas\/"},"modified":"2025-03-15T19:50:23","modified_gmt":"2025-03-15T19:50:23","slug":"elementais-e-devas","status":"publish","type":"product","link":"https:\/\/www.irdin.org.br\/site\/produtos\/elementais-e-devas\/","title":{"rendered":"Elementais e devas"},"content":{"rendered":"<p><em>Para a evolu\u00e7\u00e3o superior do planeta, devas e elementais cuidam da renova\u00e7\u00e3o cont\u00ednua da vida, enquanto os seres humanos t\u00eam como trabalho usar a mente de forma positiva.<\/em><\/p>\n<p>&nbsp;<br \/>\n<strong>Ou\u00e7a agora:<\/strong><\/p>\n<p><span data-href=\"https:\/\/www.irdin.org.br\/site\/envios\/audios\/0037_0002__por_por__elementais_e_devas.mp3\" data-title=\"elementais e devas\" data-rel=\"\" data-target=\"\" data-meta=\"#fap-meta-69edf02ecc471\" class=\"fap-single-track fap-track-button fap-play-button\" data-enqueue=\"no\" data-autoenqueue=\"no\" title=\"elementais e devas\"><span class=\"fap-icon-play\"><\/span>Ouvir<\/span> <a href=\"https:\/\/www.irdin.org.br\/site\/envios\/audios\/0037_0002__por_por__elementais_e_devas.mp3\" class=\"baixar\" download><span class=\"fa fa-arrow-down\"><\/span>Baixar<\/span><\/a> <span class=\"textobaixar\"> elementais e devas<\/span><\/p>\n<p>&nbsp;<\/p>\n","protected":false},"excerpt":{"rendered":"<p>Para a evolu\u00e7\u00e3o superior do planeta, devas e elementais cuidam da renova\u00e7\u00e3o cont\u00ednua da vida, enquanto os seres humanos t\u00eam<\/p>\n","protected":false},"featured_media":37803,"template":"","meta":{"_acf_changed":false},"product_brand":[],"product_cat":[18076,33068],"product_tag":[40633],"class_list":{"0":"post-83666","1":"product","2":"type-product","3":"status-publish","4":"has-post-thumbnail","6":"product_cat-cddvd","7":"product_cat-palestras","8":"product_tag-40633","9":"pa_autor-trigueirinho","10":"pa_codigo-da-serie-32811","11":"pa_data-de-gravacao-31052","12":"pa_idioma-de-destino-portugues","13":"pa_lancamento-no","14":"pa_midia-cd","15":"pa_moac-40632","16":"pa_quantidade-de-saldo-33067","17":"pa_sequencial-da-serie-31878","18":"pa_tipo-de-traducao-nao-classificado","20":"first","21":"outofstock","22":"product-type-simple"},"acf":[],"_links":{"self":[{"href":"https:\/\/www.irdin.org.br\/site\/wp-json\/wp\/v2\/product\/83666","targetHints":{"allow":["GET"]}}],"collection":[{"href":"https:\/\/www.irdin.org.br\/site\/wp-json\/wp\/v2\/product"}],"about":[{"href":"https:\/\/www.irdin.org.br\/site\/wp-json\/wp\/v2\/types\/product"}],"version-history":[{"count":1,"href":"https:\/\/www.irdin.org.br\/site\/wp-json\/wp\/v2\/product\/83666\/revisions"}],"predecessor-version":[{"id":108595,"href":"https:\/\/www.irdin.org.br\/site\/wp-json\/wp\/v2\/product\/83666\/revisions\/108595"}],"wp:featuredmedia":[{"embeddable":true,"href":"https:\/\/www.irdin.org.br\/site\/wp-json\/wp\/v2\/media\/37803"}],"wp:attachment":[{"href":"https:\/\/www.irdin.org.br\/site\/wp-json\/wp\/v2\/media?parent=83666"}],"wp:term":[{"taxonomy":"product_brand","embeddable":true,"href":"https:\/\/www.irdin.org.br\/site\/wp-json\/wp\/v2\/product_brand?post=83666"},{"taxonomy":"product_cat","embeddable":true,"href":"https:\/\/www.irdin.org.br\/site\/wp-json\/wp\/v2\/product_cat?post=83666"},{"taxonomy":"product_tag","embeddable":true,"href":"https:\/\/www.irdin.org.br\/site\/wp-json\/wp\/v2\/product_tag?post=83666"}],"curies":[{"name":"wp","href":"https:\/\/api.w.org\/{rel}","templated":true}]}}

<p><em>Para a evolução superior do planeta, devas e elementais cuidam da renovação contínua da vida, enquanto os seres humanos têm como trabalho usar a mente de forma positiva.</em></p>
<p>&nbsp;<br />
<strong>Ouça agora:</strong></p>
<p><span data-href="https://www.irdin.org.br/site/envios/audios/0037_0002__por_por__elementais_e_devas.mp3" data-title="elementais e devas" data-rel="" data-target="" data-meta="#fap-meta-69edf02ecc471" class="fap-single-track fap-track-button fap-play-button" data-enqueue="no" data-autoenqueue="no" title="elementais e devas"><span class="fap-icon-play"></span>Ouvir</span> <a href="https://www.irdin.org.br/site/envios/audios/0037_0002__por_por__elementais_e_devas.mp3" class="baixar" download><span class="fa fa-arrow-down"></span>Baixar</span></a> <span class="textobaixar"> elementais e devas</span></p>
<p>&nbsp;</p>

<p>Para a evolução superior do planeta, devas e elementais cuidam da renovação contínua da vida, enquanto os seres humanos têm</p>
