{"id":83693,"date":"2018-04-26T18:25:19","date_gmt":"2018-04-26T18:25:19","guid":{"rendered":"http:\/\/www.irdin.org.br\/site\/produto\/paz-interior-e-vida-simbolica-palestra-do-45-encontro-geral-de-figueira\/"},"modified":"2025-03-15T19:46:25","modified_gmt":"2025-03-15T19:46:25","slug":"paz-interior-e-vida-simbolica-palestra-do-45-encontro-geral-de-figueira","status":"publish","type":"product","link":"https:\/\/www.irdin.org.br\/site\/produtos\/paz-interior-e-vida-simbolica-palestra-do-45-encontro-geral-de-figueira\/","title":{"rendered":"Paz interior e vida simb\u00f3lica &#8211; Palestra do 45\u00b0 Encontro Geral de Figueira"},"content":{"rendered":"<p><em>O que \u00e9 a paz e como estar diante dela. Aprender a ver os s\u00edmbolos e o que representam, desvendando caminhos para uma consci\u00eancia mais ampla.<\/em><\/p>\n<p>&nbsp;<br \/>\n<strong>Ou\u00e7a agora:<\/strong><\/p>\n<p><span data-href=\"https:\/\/www.irdin.org.br\/site\/envios\/audios\/0041_0019__por_por__paz_interior_e_vida_simbolica.mp3\" data-title=\"paz interior e vida simb\u00f3lica\" data-rel=\"\" data-target=\"\" data-meta=\"#fap-meta-69f1c90a26723\" class=\"fap-single-track fap-track-button fap-play-button\" data-enqueue=\"no\" data-autoenqueue=\"no\" title=\"paz interior e vida simb\u00f3lica\"><span class=\"fap-icon-play\"><\/span>Ouvir<\/span> <a href=\"https:\/\/www.irdin.org.br\/site\/envios\/audios\/0041_0019__por_por__paz_interior_e_vida_simbolica.mp3\" class=\"baixar\" download><span class=\"fa fa-arrow-down\"><\/span>Baixar<\/span><\/a> <span class=\"textobaixar\"> paz interior e vida simb\u00f3lica<\/span><\/p>\n<p>&nbsp;<\/p>\n","protected":false},"excerpt":{"rendered":"<p>O que \u00e9 a paz e como estar diante dela. Aprender a ver os s\u00edmbolos e o que representam, desvendando<\/p>\n","protected":false},"featured_media":37803,"template":"","meta":{"_acf_changed":false},"product_brand":[],"product_cat":[18076,33068],"product_tag":[40687],"class_list":{"0":"post-83693","1":"product","2":"type-product","3":"status-publish","4":"has-post-thumbnail","6":"product_cat-cddvd","7":"product_cat-palestras","8":"product_tag-40687","9":"pa_autor-trigueirinho","10":"pa_codigo-da-serie-32815","11":"pa_data-de-gravacao-31151","12":"pa_idioma-de-destino-portugues","13":"pa_lancamento-no","14":"pa_midia-cd","15":"pa_moac-40686","16":"pa_quantidade-de-saldo-33067","17":"pa_sequencial-da-serie-31872","18":"pa_tipo-de-traducao-nao-classificado","20":"first","21":"outofstock","22":"product-type-simple"},"acf":[],"_links":{"self":[{"href":"https:\/\/www.irdin.org.br\/site\/wp-json\/wp\/v2\/product\/83693","targetHints":{"allow":["GET"]}}],"collection":[{"href":"https:\/\/www.irdin.org.br\/site\/wp-json\/wp\/v2\/product"}],"about":[{"href":"https:\/\/www.irdin.org.br\/site\/wp-json\/wp\/v2\/types\/product"}],"version-history":[{"count":1,"href":"https:\/\/www.irdin.org.br\/site\/wp-json\/wp\/v2\/product\/83693\/revisions"}],"predecessor-version":[{"id":108582,"href":"https:\/\/www.irdin.org.br\/site\/wp-json\/wp\/v2\/product\/83693\/revisions\/108582"}],"wp:featuredmedia":[{"embeddable":true,"href":"https:\/\/www.irdin.org.br\/site\/wp-json\/wp\/v2\/media\/37803"}],"wp:attachment":[{"href":"https:\/\/www.irdin.org.br\/site\/wp-json\/wp\/v2\/media?parent=83693"}],"wp:term":[{"taxonomy":"product_brand","embeddable":true,"href":"https:\/\/www.irdin.org.br\/site\/wp-json\/wp\/v2\/product_brand?post=83693"},{"taxonomy":"product_cat","embeddable":true,"href":"https:\/\/www.irdin.org.br\/site\/wp-json\/wp\/v2\/product_cat?post=83693"},{"taxonomy":"product_tag","embeddable":true,"href":"https:\/\/www.irdin.org.br\/site\/wp-json\/wp\/v2\/product_tag?post=83693"}],"curies":[{"name":"wp","href":"https:\/\/api.w.org\/{rel}","templated":true}]}}

Paz interior e vida simbólica &#8211; Palestra do 45° Encontro Geral de Figueira

<p><em>O que é a paz e como estar diante dela. Aprender a ver os símbolos e o que representam, desvendando caminhos para uma consciência mais ampla.</em></p>
<p>&nbsp;<br />
<strong>Ouça agora:</strong></p>
<p><span data-href="https://www.irdin.org.br/site/envios/audios/0041_0019__por_por__paz_interior_e_vida_simbolica.mp3" data-title="paz interior e vida simbólica" data-rel="" data-target="" data-meta="#fap-meta-69f1c90a26723" class="fap-single-track fap-track-button fap-play-button" data-enqueue="no" data-autoenqueue="no" title="paz interior e vida simbólica"><span class="fap-icon-play"></span>Ouvir</span> <a href="https://www.irdin.org.br/site/envios/audios/0041_0019__por_por__paz_interior_e_vida_simbolica.mp3" class="baixar" download><span class="fa fa-arrow-down"></span>Baixar</span></a> <span class="textobaixar"> paz interior e vida simbólica</span></p>
<p>&nbsp;</p>

<p>O que é a paz e como estar diante dela. Aprender a ver os símbolos e o que representam, desvendando</p>
