{"id":83695,"date":"2018-04-26T18:25:19","date_gmt":"2018-04-26T18:25:19","guid":{"rendered":"http:\/\/www.irdin.org.br\/site\/produto\/a-vivencia-do-caminho-espiritual\/"},"modified":"2025-03-15T19:47:03","modified_gmt":"2025-03-15T19:47:03","slug":"a-vivencia-do-caminho-espiritual","status":"publish","type":"product","link":"https:\/\/www.irdin.org.br\/site\/produtos\/a-vivencia-do-caminho-espiritual\/","title":{"rendered":"A viv\u00eancia do caminho espiritual"},"content":{"rendered":"<p><em>Dificuldades para nos mantermos no caminho \/ Quem decide sobre a nossa encarna\u00e7\u00e3o? \/ Diferen\u00e7a entre raz\u00e3o e pensamento \/ Miss\u00f5es humanit\u00e1rias na \u00c1frica, entre outros temas de interesse pessoal que evoluem para o bem planet\u00e1rio<\/em><\/p>\n<p>&nbsp;<br \/>\n<strong>Ou\u00e7a agora:<\/strong><\/p>\n<p><span data-href=\"https:\/\/www.irdin.org.br\/site\/envios\/audios\/0041_0022__por_por__a_vivencia_do_caminho_espiritual.mp3\" data-title=\"a viv\u00eancia do caminho espiritual\" data-rel=\"\" data-target=\"\" data-meta=\"#fap-meta-69e35204061b7\" class=\"fap-single-track fap-track-button fap-play-button\" data-enqueue=\"no\" data-autoenqueue=\"no\" title=\"a viv\u00eancia do caminho espiritual\"><span class=\"fap-icon-play\"><\/span>Ouvir<\/span> <a href=\"https:\/\/www.irdin.org.br\/site\/envios\/audios\/0041_0022__por_por__a_vivencia_do_caminho_espiritual.mp3\" class=\"baixar\" download><span class=\"fa fa-arrow-down\"><\/span>Baixar<\/span><\/a> <span class=\"textobaixar\"> a viv\u00eancia do caminho espiritual<\/span><\/p>\n<p>&nbsp;<\/p>\n","protected":false},"excerpt":{"rendered":"<p>Dificuldades para nos mantermos no caminho \/ Quem decide sobre a nossa encarna\u00e7\u00e3o? \/ Diferen\u00e7a entre raz\u00e3o e pensamento \/<\/p>\n","protected":false},"featured_media":37803,"template":"","meta":{"_acf_changed":false},"product_brand":[],"product_cat":[18076,33068],"product_tag":[40691],"class_list":{"0":"post-83695","1":"product","2":"type-product","3":"status-publish","4":"has-post-thumbnail","6":"product_cat-cddvd","7":"product_cat-palestras","8":"product_tag-40691","9":"pa_autor-trigueirinho","10":"pa_codigo-da-serie-32815","11":"pa_data-de-gravacao-27992","12":"pa_idioma-de-destino-portugues","13":"pa_lancamento-no","14":"pa_midia-cd","15":"pa_moac-40690","16":"pa_quantidade-de-saldo-33067","17":"pa_sequencial-da-serie-31875","18":"pa_tipo-de-traducao-nao-classificado","20":"first","21":"outofstock","22":"product-type-simple"},"acf":[],"_links":{"self":[{"href":"https:\/\/www.irdin.org.br\/site\/wp-json\/wp\/v2\/product\/83695","targetHints":{"allow":["GET"]}}],"collection":[{"href":"https:\/\/www.irdin.org.br\/site\/wp-json\/wp\/v2\/product"}],"about":[{"href":"https:\/\/www.irdin.org.br\/site\/wp-json\/wp\/v2\/types\/product"}],"version-history":[{"count":1,"href":"https:\/\/www.irdin.org.br\/site\/wp-json\/wp\/v2\/product\/83695\/revisions"}],"predecessor-version":[{"id":108584,"href":"https:\/\/www.irdin.org.br\/site\/wp-json\/wp\/v2\/product\/83695\/revisions\/108584"}],"wp:featuredmedia":[{"embeddable":true,"href":"https:\/\/www.irdin.org.br\/site\/wp-json\/wp\/v2\/media\/37803"}],"wp:attachment":[{"href":"https:\/\/www.irdin.org.br\/site\/wp-json\/wp\/v2\/media?parent=83695"}],"wp:term":[{"taxonomy":"product_brand","embeddable":true,"href":"https:\/\/www.irdin.org.br\/site\/wp-json\/wp\/v2\/product_brand?post=83695"},{"taxonomy":"product_cat","embeddable":true,"href":"https:\/\/www.irdin.org.br\/site\/wp-json\/wp\/v2\/product_cat?post=83695"},{"taxonomy":"product_tag","embeddable":true,"href":"https:\/\/www.irdin.org.br\/site\/wp-json\/wp\/v2\/product_tag?post=83695"}],"curies":[{"name":"wp","href":"https:\/\/api.w.org\/{rel}","templated":true}]}}