{"id":83704,"date":"2018-04-26T18:25:38","date_gmt":"2018-04-26T18:25:38","guid":{"rendered":"http:\/\/www.irdin.org.br\/site\/produto\/revelacoes-acontecidas-num-retiro\/"},"modified":"2025-03-15T19:41:22","modified_gmt":"2025-03-15T19:41:22","slug":"revelacoes-acontecidas-num-retiro","status":"publish","type":"product","link":"https:\/\/www.irdin.org.br\/site\/produtos\/revelacoes-acontecidas-num-retiro\/","title":{"rendered":"Revela\u00e7\u00f5es acontecidas num retiro"},"content":{"rendered":"<p><em>O valor de nos afastarmos do ritmo cotidiano, ficando s\u00f3s, por um per\u00edodo \/ Energia superior que atrai para o Alto \/ Estado de perfeita uni\u00e3o durante retiros \/ Retiro e sil\u00eancio se completam \/ Que \u00e9 recolhimento \/ O 1\u00ba Retiro Geral em Figueira<\/em><\/p>\n<p>&nbsp;<br \/>\n<strong>Ou\u00e7a agora:<\/strong><\/p>\n<p><span data-href=\"https:\/\/www.irdin.org.br\/site\/envios\/audios\/0041_0034__por_por__revelacoes_acontecidas_num_retiro.mp3\" data-title=\"revela\u00e7\u00f5es acontecidas num retiro\" data-rel=\"\" data-target=\"\" data-meta=\"#fap-meta-69e21a56ed922\" class=\"fap-single-track fap-track-button fap-play-button\" data-enqueue=\"no\" data-autoenqueue=\"no\" title=\"revela\u00e7\u00f5es acontecidas num retiro\"><span class=\"fap-icon-play\"><\/span>Ouvir<\/span> <a href=\"https:\/\/www.irdin.org.br\/site\/envios\/audios\/0041_0034__por_por__revelacoes_acontecidas_num_retiro.mp3\" class=\"baixar\" download><span class=\"fa fa-arrow-down\"><\/span>Baixar<\/span><\/a> <span class=\"textobaixar\"> revela\u00e7\u00f5es acontecidas num retiro<\/span><\/p>\n<p>&nbsp;<\/p>\n","protected":false},"excerpt":{"rendered":"<p>O valor de nos afastarmos do ritmo cotidiano, ficando s\u00f3s, por um per\u00edodo \/ Energia superior que atrai para o<\/p>\n","protected":false},"featured_media":37803,"template":"","meta":{"_acf_changed":false},"product_brand":[],"product_cat":[18076,33068],"product_tag":[40709],"class_list":{"0":"post-83704","1":"product","2":"type-product","3":"status-publish","4":"has-post-thumbnail","6":"product_cat-cddvd","7":"product_cat-palestras","8":"product_tag-40709","9":"pa_autor-trigueirinho","10":"pa_codigo-da-serie-32815","11":"pa_data-de-gravacao-31195","12":"pa_idioma-de-destino-portugues","13":"pa_lancamento-no","14":"pa_midia-cd","15":"pa_moac-40708","16":"pa_quantidade-de-saldo-33067","17":"pa_sequencial-da-serie-31910","18":"pa_tipo-de-traducao-nao-classificado","20":"first","21":"outofstock","22":"product-type-simple"},"acf":[],"_links":{"self":[{"href":"https:\/\/www.irdin.org.br\/site\/wp-json\/wp\/v2\/product\/83704","targetHints":{"allow":["GET"]}}],"collection":[{"href":"https:\/\/www.irdin.org.br\/site\/wp-json\/wp\/v2\/product"}],"about":[{"href":"https:\/\/www.irdin.org.br\/site\/wp-json\/wp\/v2\/types\/product"}],"version-history":[{"count":1,"href":"https:\/\/www.irdin.org.br\/site\/wp-json\/wp\/v2\/product\/83704\/revisions"}],"predecessor-version":[{"id":108553,"href":"https:\/\/www.irdin.org.br\/site\/wp-json\/wp\/v2\/product\/83704\/revisions\/108553"}],"wp:featuredmedia":[{"embeddable":true,"href":"https:\/\/www.irdin.org.br\/site\/wp-json\/wp\/v2\/media\/37803"}],"wp:attachment":[{"href":"https:\/\/www.irdin.org.br\/site\/wp-json\/wp\/v2\/media?parent=83704"}],"wp:term":[{"taxonomy":"product_brand","embeddable":true,"href":"https:\/\/www.irdin.org.br\/site\/wp-json\/wp\/v2\/product_brand?post=83704"},{"taxonomy":"product_cat","embeddable":true,"href":"https:\/\/www.irdin.org.br\/site\/wp-json\/wp\/v2\/product_cat?post=83704"},{"taxonomy":"product_tag","embeddable":true,"href":"https:\/\/www.irdin.org.br\/site\/wp-json\/wp\/v2\/product_tag?post=83704"}],"curies":[{"name":"wp","href":"https:\/\/api.w.org\/{rel}","templated":true}]}}