{"id":83706,"date":"2018-04-26T18:25:38","date_gmt":"2018-04-26T18:25:38","guid":{"rendered":"http:\/\/www.irdin.org.br\/site\/produto\/a-presenca-perfeita\/"},"modified":"2025-03-15T19:41:43","modified_gmt":"2025-03-15T19:41:43","slug":"a-presenca-perfeita","status":"publish","type":"product","link":"https:\/\/www.irdin.org.br\/site\/produtos\/a-presenca-perfeita\/","title":{"rendered":"A Presen\u00e7a Perfeita"},"content":{"rendered":"<p><em>As tr\u00eas maneiras de ser da M\u00e3e Universal \/ O Seu aspecto transcendente, o universal e o individual \/ As apari\u00e7\u00f5es de Maria como espelhos que refletem caminhos que poderemos trilhar \/ A infinitude dessa Entidade, na vis\u00e3o de Sri Aurobindo, e o servi\u00e7o dentro das pris\u00f5es, como parte importante de Sua manifesta\u00e7\u00e3o atual<\/em><\/p>\n<p>&nbsp;<br \/>\n<strong>Ou\u00e7a agora:<\/strong><\/p>\n<p><span data-href=\"https:\/\/www.irdin.org.br\/site\/envios\/audios\/0041_0036__por_por__a_presenca_perfeita.mp3\" data-title=\"a presen\u00e7a perfeita\" data-rel=\"\" data-target=\"\" data-meta=\"#fap-meta-69e241fea41df\" class=\"fap-single-track fap-track-button fap-play-button\" data-enqueue=\"no\" data-autoenqueue=\"no\" title=\"a presen\u00e7a perfeita\"><span class=\"fap-icon-play\"><\/span>Ouvir<\/span> <a href=\"https:\/\/www.irdin.org.br\/site\/envios\/audios\/0041_0036__por_por__a_presenca_perfeita.mp3\" class=\"baixar\" download><span class=\"fa fa-arrow-down\"><\/span>Baixar<\/span><\/a> <span class=\"textobaixar\"> a presen\u00e7a perfeita<\/span><\/p>\n<p>&nbsp;<\/p>\n","protected":false},"excerpt":{"rendered":"<p>As tr\u00eas maneiras de ser da M\u00e3e Universal \/ O Seu aspecto transcendente, o universal e o individual \/ As<\/p>\n","protected":false},"featured_media":37803,"template":"","meta":{"_acf_changed":false},"product_brand":[],"product_cat":[18076,33068],"product_tag":[40713],"class_list":{"0":"post-83706","1":"product","2":"type-product","3":"status-publish","4":"has-post-thumbnail","6":"product_cat-cddvd","7":"product_cat-palestras","8":"product_tag-40713","9":"pa_autor-trigueirinho","10":"pa_codigo-da-serie-32815","11":"pa_data-de-gravacao-31202","12":"pa_idioma-de-destino-portugues","13":"pa_lancamento-no","14":"pa_midia-cd","15":"pa_moac-40712","16":"pa_quantidade-de-saldo-33067","17":"pa_sequencial-da-serie-31912","18":"pa_tipo-de-traducao-nao-classificado","20":"first","21":"outofstock","22":"product-type-simple"},"acf":[],"_links":{"self":[{"href":"https:\/\/www.irdin.org.br\/site\/wp-json\/wp\/v2\/product\/83706","targetHints":{"allow":["GET"]}}],"collection":[{"href":"https:\/\/www.irdin.org.br\/site\/wp-json\/wp\/v2\/product"}],"about":[{"href":"https:\/\/www.irdin.org.br\/site\/wp-json\/wp\/v2\/types\/product"}],"version-history":[{"count":1,"href":"https:\/\/www.irdin.org.br\/site\/wp-json\/wp\/v2\/product\/83706\/revisions"}],"predecessor-version":[{"id":108555,"href":"https:\/\/www.irdin.org.br\/site\/wp-json\/wp\/v2\/product\/83706\/revisions\/108555"}],"wp:featuredmedia":[{"embeddable":true,"href":"https:\/\/www.irdin.org.br\/site\/wp-json\/wp\/v2\/media\/37803"}],"wp:attachment":[{"href":"https:\/\/www.irdin.org.br\/site\/wp-json\/wp\/v2\/media?parent=83706"}],"wp:term":[{"taxonomy":"product_brand","embeddable":true,"href":"https:\/\/www.irdin.org.br\/site\/wp-json\/wp\/v2\/product_brand?post=83706"},{"taxonomy":"product_cat","embeddable":true,"href":"https:\/\/www.irdin.org.br\/site\/wp-json\/wp\/v2\/product_cat?post=83706"},{"taxonomy":"product_tag","embeddable":true,"href":"https:\/\/www.irdin.org.br\/site\/wp-json\/wp\/v2\/product_tag?post=83706"}],"curies":[{"name":"wp","href":"https:\/\/api.w.org\/{rel}","templated":true}]}}