{"id":83707,"date":"2018-04-26T18:25:38","date_gmt":"2018-04-26T18:25:38","guid":{"rendered":"http:\/\/www.irdin.org.br\/site\/produto\/misterios-divinos-de-jesus-e-codigos-cristicos-em-nosso-coracao\/"},"modified":"2025-03-15T19:41:50","modified_gmt":"2025-03-15T19:41:50","slug":"misterios-divinos-de-jesus-e-codigos-cristicos-em-nosso-coracao","status":"publish","type":"product","link":"https:\/\/www.irdin.org.br\/site\/produtos\/misterios-divinos-de-jesus-e-codigos-cristicos-em-nosso-coracao\/","title":{"rendered":"Mist\u00e9rios Divinos de Jesus e c\u00f3digos cr\u00edsticos em nosso cora\u00e7\u00e3o"},"content":{"rendered":"<p><em>24 de dezembro de 2013, um dia diferente de todos \/ Que s\u00e3o c\u00f3digos cr\u00edsticos \/ A vida de Maria revelada no s\u00e9culo dezessete \/ A Virgem que deu \u00e0 luz e um pai que \u00e9 Cast\u00edssimo \/ Que significa mist\u00e9rio\u00b4? \/ Oportunidade que nos oferece a devo\u00e7\u00e3o por S\u00e3o Jos\u00e9 e introdu\u00e7\u00e3o \u00e0s suas mensagens \u00b4<\/em><\/p>\n<p>&nbsp;<br \/>\n<strong>Ou\u00e7a agora:<\/strong><\/p>\n<p><span data-href=\"https:\/\/www.irdin.org.br\/site\/envios\/audios\/0041_0037__por_por__misterios_divinos_de_jesus_e_codigos_cristicos_em_nosso_coracao.mp3\" data-title=\"mist\u00e9rios divinos de jesus e c\u00f3digos cr\u00edsticos em nosso cora\u00e7\u00e3o\" data-rel=\"\" data-target=\"\" data-meta=\"#fap-meta-6a01e06d7ef56\" class=\"fap-single-track fap-track-button fap-play-button\" data-enqueue=\"no\" data-autoenqueue=\"no\" title=\"mist\u00e9rios divinos de jesus e c\u00f3digos cr\u00edsticos em nosso cora\u00e7\u00e3o\"><span class=\"fap-icon-play\"><\/span>Ouvir<\/span> <a href=\"https:\/\/www.irdin.org.br\/site\/envios\/audios\/0041_0037__por_por__misterios_divinos_de_jesus_e_codigos_cristicos_em_nosso_coracao.mp3\" class=\"baixar\" download><span class=\"fa fa-arrow-down\"><\/span>Baixar<\/span><\/a> <span class=\"textobaixar\"> mist\u00e9rios divinos de jesus e c\u00f3digos cr\u00edsticos em nosso cora\u00e7\u00e3o<\/span><\/p>\n<p>&nbsp;<\/p>\n","protected":false},"excerpt":{"rendered":"<p>24 de dezembro de 2013, um dia diferente de todos \/ Que s\u00e3o c\u00f3digos cr\u00edsticos \/ A vida de Maria<\/p>\n","protected":false},"featured_media":37803,"template":"","meta":{"_acf_changed":false},"product_brand":[],"product_cat":[18076,33068],"product_tag":[40715],"class_list":{"0":"post-83707","1":"product","2":"type-product","3":"status-publish","4":"has-post-thumbnail","6":"product_cat-cddvd","7":"product_cat-palestras","8":"product_tag-40715","9":"pa_autor-trigueirinho","10":"pa_codigo-da-serie-32815","11":"pa_data-de-gravacao-31206","12":"pa_idioma-de-destino-portugues","13":"pa_lancamento-no","14":"pa_midia-cd","15":"pa_moac-40714","16":"pa_quantidade-de-saldo-33067","17":"pa_sequencial-da-serie-31913","18":"pa_tipo-de-traducao-nao-classificado","20":"first","21":"outofstock","22":"product-type-simple"},"acf":[],"_links":{"self":[{"href":"https:\/\/www.irdin.org.br\/site\/wp-json\/wp\/v2\/product\/83707","targetHints":{"allow":["GET"]}}],"collection":[{"href":"https:\/\/www.irdin.org.br\/site\/wp-json\/wp\/v2\/product"}],"about":[{"href":"https:\/\/www.irdin.org.br\/site\/wp-json\/wp\/v2\/types\/product"}],"version-history":[{"count":1,"href":"https:\/\/www.irdin.org.br\/site\/wp-json\/wp\/v2\/product\/83707\/revisions"}],"predecessor-version":[{"id":108556,"href":"https:\/\/www.irdin.org.br\/site\/wp-json\/wp\/v2\/product\/83707\/revisions\/108556"}],"wp:featuredmedia":[{"embeddable":true,"href":"https:\/\/www.irdin.org.br\/site\/wp-json\/wp\/v2\/media\/37803"}],"wp:attachment":[{"href":"https:\/\/www.irdin.org.br\/site\/wp-json\/wp\/v2\/media?parent=83707"}],"wp:term":[{"taxonomy":"product_brand","embeddable":true,"href":"https:\/\/www.irdin.org.br\/site\/wp-json\/wp\/v2\/product_brand?post=83707"},{"taxonomy":"product_cat","embeddable":true,"href":"https:\/\/www.irdin.org.br\/site\/wp-json\/wp\/v2\/product_cat?post=83707"},{"taxonomy":"product_tag","embeddable":true,"href":"https:\/\/www.irdin.org.br\/site\/wp-json\/wp\/v2\/product_tag?post=83707"}],"curies":[{"name":"wp","href":"https:\/\/api.w.org\/{rel}","templated":true}]}}