{"id":83711,"date":"2018-04-26T18:25:38","date_gmt":"2018-04-26T18:25:38","guid":{"rendered":"http:\/\/www.irdin.org.br\/site\/produto\/as-7-dores-da-mae-divina\/"},"modified":"2025-03-15T19:42:26","modified_gmt":"2025-03-15T19:42:26","slug":"as-7-dores-da-mae-divina","status":"publish","type":"product","link":"https:\/\/www.irdin.org.br\/site\/produtos\/as-7-dores-da-mae-divina\/","title":{"rendered":"As 7 dores da M\u00e3e Divina"},"content":{"rendered":"<p><em>Importante chamado para estes tempos \/ Humanidade que n\u00e3o percebe a gravidade da situa\u00e7\u00e3o mundial \/ Perguntas que a M\u00e3e Divina nos faz \/ Constru\u00e7\u00e3o de imagens durante as ora\u00e7\u00f5es \/ O trabalho na \u00c1frica como prioridade \/ A Justi\u00e7a que est\u00e1 para agir \/ Fundamentais Apari\u00e7\u00f5es de Maria em 12 e 13\/2\/2015<\/em><\/p>\n<p>&nbsp;<br \/>\n<strong>Ou\u00e7a agora:<\/strong><\/p>\n<p><span data-href=\"https:\/\/www.irdin.org.br\/site\/envios\/audios\/0041_0041__por_por__as_7_dores_da_mae_divina.mp3\" data-title=\"as 7 dores da m\u00e3e divina\" data-rel=\"\" data-target=\"\" data-meta=\"#fap-meta-69e892a1395ef\" class=\"fap-single-track fap-track-button fap-play-button\" data-enqueue=\"no\" data-autoenqueue=\"no\" title=\"as 7 dores da m\u00e3e divina\"><span class=\"fap-icon-play\"><\/span>Ouvir<\/span> <a href=\"https:\/\/www.irdin.org.br\/site\/envios\/audios\/0041_0041__por_por__as_7_dores_da_mae_divina.mp3\" class=\"baixar\" download><span class=\"fa fa-arrow-down\"><\/span>Baixar<\/span><\/a> <span class=\"textobaixar\"> as 7 dores da m\u00e3e divina<\/span><\/p>\n<p>&nbsp;<\/p>\n","protected":false},"excerpt":{"rendered":"<p>Importante chamado para estes tempos \/ Humanidade que n\u00e3o percebe a gravidade da situa\u00e7\u00e3o mundial \/ Perguntas que a M\u00e3e<\/p>\n","protected":false},"featured_media":37803,"template":"","meta":{"_acf_changed":false},"product_brand":[],"product_cat":[18076,33068],"product_tag":[40723],"class_list":{"0":"post-83711","1":"product","2":"type-product","3":"status-publish","4":"has-post-thumbnail","6":"product_cat-cddvd","7":"product_cat-palestras","8":"product_tag-40723","9":"pa_autor-trigueirinho","10":"pa_codigo-da-serie-32815","11":"pa_data-de-gravacao-31217","12":"pa_idioma-de-destino-portugues","13":"pa_lancamento-no","14":"pa_midia-cd","15":"pa_moac-40722","16":"pa_quantidade-de-saldo-33067","17":"pa_sequencial-da-serie-31917","18":"pa_tipo-de-traducao-nao-classificado","20":"first","21":"outofstock","22":"product-type-simple"},"acf":[],"_links":{"self":[{"href":"https:\/\/www.irdin.org.br\/site\/wp-json\/wp\/v2\/product\/83711","targetHints":{"allow":["GET"]}}],"collection":[{"href":"https:\/\/www.irdin.org.br\/site\/wp-json\/wp\/v2\/product"}],"about":[{"href":"https:\/\/www.irdin.org.br\/site\/wp-json\/wp\/v2\/types\/product"}],"version-history":[{"count":1,"href":"https:\/\/www.irdin.org.br\/site\/wp-json\/wp\/v2\/product\/83711\/revisions"}],"predecessor-version":[{"id":108560,"href":"https:\/\/www.irdin.org.br\/site\/wp-json\/wp\/v2\/product\/83711\/revisions\/108560"}],"wp:featuredmedia":[{"embeddable":true,"href":"https:\/\/www.irdin.org.br\/site\/wp-json\/wp\/v2\/media\/37803"}],"wp:attachment":[{"href":"https:\/\/www.irdin.org.br\/site\/wp-json\/wp\/v2\/media?parent=83711"}],"wp:term":[{"taxonomy":"product_brand","embeddable":true,"href":"https:\/\/www.irdin.org.br\/site\/wp-json\/wp\/v2\/product_brand?post=83711"},{"taxonomy":"product_cat","embeddable":true,"href":"https:\/\/www.irdin.org.br\/site\/wp-json\/wp\/v2\/product_cat?post=83711"},{"taxonomy":"product_tag","embeddable":true,"href":"https:\/\/www.irdin.org.br\/site\/wp-json\/wp\/v2\/product_tag?post=83711"}],"curies":[{"name":"wp","href":"https:\/\/api.w.org\/{rel}","templated":true}]}}