{"id":83715,"date":"2018-04-26T18:25:38","date_gmt":"2018-04-26T18:25:38","guid":{"rendered":"http:\/\/www.irdin.org.br\/site\/produto\/cristo-a-amazonia-e-a-consciencia-do-abismo\/"},"modified":"2025-03-15T19:42:54","modified_gmt":"2025-03-15T19:42:54","slug":"cristo-a-amazonia-e-a-consciencia-do-abismo","status":"publish","type":"product","link":"https:\/\/www.irdin.org.br\/site\/produtos\/cristo-a-amazonia-e-a-consciencia-do-abismo\/","title":{"rendered":"Cristo, a Amaz\u00f4nia e a consci\u00eancia do abismo"},"content":{"rendered":"<p><em>O magnetismo do reino vegetal no planeta \/ Coisas que as \u00e1rvores ensinam \/ A inconsci\u00eancia diante da Amaz\u00f4nia \/ Ensinamentos de Cristo e contatos de Dorothy Maclean com os devas sobre a situa\u00e7\u00e3o atual \/ O mist\u00e9rio de Shambhala \/ A transi\u00e7\u00e3o planet\u00e1ria poderia ser mais amena se os reinos da natureza n\u00e3o fossem t\u00e3o agredidos<\/em><\/p>\n<p>&nbsp;<br \/>\n<strong>Ou\u00e7a agora:<\/strong><\/p>\n<p><span data-href=\"https:\/\/www.irdin.org.br\/site\/envios\/audios\/0041_0045__por_por__cristo_a_amazonia_e_a_consciencia_do_abismo.mp3\" data-title=\"cristo, a amaz\u00f4nia e a consci\u00eancia do abismo\" data-rel=\"\" data-target=\"\" data-meta=\"#fap-meta-69e36941830e1\" class=\"fap-single-track fap-track-button fap-play-button\" data-enqueue=\"no\" data-autoenqueue=\"no\" title=\"cristo, a amaz\u00f4nia e a consci\u00eancia do abismo\"><span class=\"fap-icon-play\"><\/span>Ouvir<\/span> <a href=\"https:\/\/www.irdin.org.br\/site\/envios\/audios\/0041_0045__por_por__cristo_a_amazonia_e_a_consciencia_do_abismo.mp3\" class=\"baixar\" download><span class=\"fa fa-arrow-down\"><\/span>Baixar<\/span><\/a> <span class=\"textobaixar\"> cristo, a amaz\u00f4nia e a consci\u00eancia do abismo<\/span><\/p>\n<p>&nbsp;<\/p>\n","protected":false},"excerpt":{"rendered":"<p>O magnetismo do reino vegetal no planeta \/ Coisas que as \u00e1rvores ensinam \/ A inconsci\u00eancia diante da Amaz\u00f4nia \/<\/p>\n","protected":false},"featured_media":37803,"template":"","meta":{"_acf_changed":false},"product_brand":[],"product_cat":[18076,33068],"product_tag":[40731],"class_list":{"0":"post-83715","1":"product","2":"type-product","3":"status-publish","4":"has-post-thumbnail","6":"product_cat-cddvd","7":"product_cat-palestras","8":"product_tag-40731","9":"pa_autor-trigueirinho","10":"pa_codigo-da-serie-32815","11":"pa_data-de-gravacao-31230","12":"pa_idioma-de-destino-portugues","13":"pa_lancamento-no","14":"pa_midia-cd","15":"pa_moac-40730","16":"pa_quantidade-de-saldo-33067","17":"pa_sequencial-da-serie-31921","18":"pa_tipo-de-traducao-nao-classificado","20":"first","21":"outofstock","22":"product-type-simple"},"acf":[],"_links":{"self":[{"href":"https:\/\/www.irdin.org.br\/site\/wp-json\/wp\/v2\/product\/83715","targetHints":{"allow":["GET"]}}],"collection":[{"href":"https:\/\/www.irdin.org.br\/site\/wp-json\/wp\/v2\/product"}],"about":[{"href":"https:\/\/www.irdin.org.br\/site\/wp-json\/wp\/v2\/types\/product"}],"version-history":[{"count":1,"href":"https:\/\/www.irdin.org.br\/site\/wp-json\/wp\/v2\/product\/83715\/revisions"}],"predecessor-version":[{"id":108564,"href":"https:\/\/www.irdin.org.br\/site\/wp-json\/wp\/v2\/product\/83715\/revisions\/108564"}],"wp:featuredmedia":[{"embeddable":true,"href":"https:\/\/www.irdin.org.br\/site\/wp-json\/wp\/v2\/media\/37803"}],"wp:attachment":[{"href":"https:\/\/www.irdin.org.br\/site\/wp-json\/wp\/v2\/media?parent=83715"}],"wp:term":[{"taxonomy":"product_brand","embeddable":true,"href":"https:\/\/www.irdin.org.br\/site\/wp-json\/wp\/v2\/product_brand?post=83715"},{"taxonomy":"product_cat","embeddable":true,"href":"https:\/\/www.irdin.org.br\/site\/wp-json\/wp\/v2\/product_cat?post=83715"},{"taxonomy":"product_tag","embeddable":true,"href":"https:\/\/www.irdin.org.br\/site\/wp-json\/wp\/v2\/product_tag?post=83715"}],"curies":[{"name":"wp","href":"https:\/\/api.w.org\/{rel}","templated":true}]}}