{"id":83731,"date":"2018-04-26T18:25:58","date_gmt":"2018-04-26T18:25:58","guid":{"rendered":"http:\/\/www.irdin.org.br\/site\/produto\/o-principio-feminino-no-planeta\/"},"modified":"2025-03-15T19:38:25","modified_gmt":"2025-03-15T19:38:25","slug":"o-principio-feminino-no-planeta","status":"publish","type":"product","link":"https:\/\/www.irdin.org.br\/site\/produtos\/o-principio-feminino-no-planeta\/","title":{"rendered":"O princ\u00edpio feminino no planeta"},"content":{"rendered":"<p><em>Sob o princ\u00edpio feminino, o planeta inicia um novo ciclo de desenvolvimento. Essa matriz criativa do Cosmos, M\u00e3e Universal ou Esp\u00edrito Santo, confere-nos a possibilidade de cumprir o prop\u00f3sito da exist\u00eancia.<\/em><\/p>\n<p>&nbsp;<br \/>\n<strong>Ou\u00e7a agora:<\/strong><\/p>\n<p><span data-href=\"https:\/\/www.irdin.org.br\/site\/envios\/audios\/0047_0004__por_por__o_principio_feminino_no_planeta.mp3\" data-title=\"o princ\u00edpio feminino no planeta\" data-rel=\"\" data-target=\"\" data-meta=\"#fap-meta-69f1ba6c1b3f9\" class=\"fap-single-track fap-track-button fap-play-button\" data-enqueue=\"no\" data-autoenqueue=\"no\" title=\"o princ\u00edpio feminino no planeta\"><span class=\"fap-icon-play\"><\/span>Ouvir<\/span> <a href=\"https:\/\/www.irdin.org.br\/site\/envios\/audios\/0047_0004__por_por__o_principio_feminino_no_planeta.mp3\" class=\"baixar\" download><span class=\"fa fa-arrow-down\"><\/span>Baixar<\/span><\/a> <span class=\"textobaixar\"> o princ\u00edpio feminino no planeta<\/span><\/p>\n<p>&nbsp;<\/p>\n","protected":false},"excerpt":{"rendered":"<p>Sob o princ\u00edpio feminino, o planeta inicia um novo ciclo de desenvolvimento. Essa matriz criativa do Cosmos, M\u00e3e Universal ou<\/p>\n","protected":false},"featured_media":37803,"template":"","meta":{"_acf_changed":false},"product_brand":[],"product_cat":[18076,33068],"product_tag":[40763],"class_list":{"0":"post-83731","1":"product","2":"type-product","3":"status-publish","4":"has-post-thumbnail","6":"product_cat-cddvd","7":"product_cat-palestras","8":"product_tag-40763","9":"pa_autor-trigueirinho","10":"pa_codigo-da-serie-32825","11":"pa_data-de-gravacao-26711","12":"pa_idioma-de-destino-portugues","13":"pa_lancamento-no","14":"pa_midia-cd","15":"pa_moac-40762","16":"pa_quantidade-de-saldo-33067","17":"pa_sequencial-da-serie-31880","18":"pa_tipo-de-traducao-nao-classificado","20":"first","21":"outofstock","22":"product-type-simple"},"acf":[],"_links":{"self":[{"href":"https:\/\/www.irdin.org.br\/site\/wp-json\/wp\/v2\/product\/83731","targetHints":{"allow":["GET"]}}],"collection":[{"href":"https:\/\/www.irdin.org.br\/site\/wp-json\/wp\/v2\/product"}],"about":[{"href":"https:\/\/www.irdin.org.br\/site\/wp-json\/wp\/v2\/types\/product"}],"version-history":[{"count":1,"href":"https:\/\/www.irdin.org.br\/site\/wp-json\/wp\/v2\/product\/83731\/revisions"}],"predecessor-version":[{"id":108540,"href":"https:\/\/www.irdin.org.br\/site\/wp-json\/wp\/v2\/product\/83731\/revisions\/108540"}],"wp:featuredmedia":[{"embeddable":true,"href":"https:\/\/www.irdin.org.br\/site\/wp-json\/wp\/v2\/media\/37803"}],"wp:attachment":[{"href":"https:\/\/www.irdin.org.br\/site\/wp-json\/wp\/v2\/media?parent=83731"}],"wp:term":[{"taxonomy":"product_brand","embeddable":true,"href":"https:\/\/www.irdin.org.br\/site\/wp-json\/wp\/v2\/product_brand?post=83731"},{"taxonomy":"product_cat","embeddable":true,"href":"https:\/\/www.irdin.org.br\/site\/wp-json\/wp\/v2\/product_cat?post=83731"},{"taxonomy":"product_tag","embeddable":true,"href":"https:\/\/www.irdin.org.br\/site\/wp-json\/wp\/v2\/product_tag?post=83731"}],"curies":[{"name":"wp","href":"https:\/\/api.w.org\/{rel}","templated":true}]}}

O princípio feminino no planeta

<p><em>Sob o princípio feminino, o planeta inicia um novo ciclo de desenvolvimento. Essa matriz criativa do Cosmos, Mãe Universal ou Espírito Santo, confere-nos a possibilidade de cumprir o propósito da existência.</em></p>
<p>&nbsp;<br />
<strong>Ouça agora:</strong></p>
<p><span data-href="https://www.irdin.org.br/site/envios/audios/0047_0004__por_por__o_principio_feminino_no_planeta.mp3" data-title="o princípio feminino no planeta" data-rel="" data-target="" data-meta="#fap-meta-69f1ba6c1b3f9" class="fap-single-track fap-track-button fap-play-button" data-enqueue="no" data-autoenqueue="no" title="o princípio feminino no planeta"><span class="fap-icon-play"></span>Ouvir</span> <a href="https://www.irdin.org.br/site/envios/audios/0047_0004__por_por__o_principio_feminino_no_planeta.mp3" class="baixar" download><span class="fa fa-arrow-down"></span>Baixar</span></a> <span class="textobaixar"> o princípio feminino no planeta</span></p>
<p>&nbsp;</p>

<p>Sob o princípio feminino, o planeta inicia um novo ciclo de desenvolvimento. Essa matriz criativa do Cosmos, Mãe Universal ou</p>
