{"id":83780,"date":"2018-04-26T18:26:56","date_gmt":"2018-04-26T18:26:56","guid":{"rendered":"http:\/\/www.irdin.org.br\/site\/produto\/o-preparo-para-a-vida-divina-palestra-do-55o-encontro-geral-de-figueira\/"},"modified":"2019-12-12T18:50:35","modified_gmt":"2019-12-12T18:50:35","slug":"o-preparo-para-a-vida-divina-palestra-do-55o-encontro-geral-de-figueira","status":"publish","type":"product","link":"https:\/\/www.irdin.org.br\/site\/produtos\/o-preparo-para-a-vida-divina-palestra-do-55o-encontro-geral-de-figueira\/","title":{"rendered":"O preparo para a Vida Divina &#8211; Palestra do 55\u00ba Encontro Geral de Figueira"},"content":{"rendered":"<p><em>A realidade planet\u00e1ria que transcende as apar\u00eancias, segundo o regente Antuakh \/ Rela\u00e7\u00e3o da humanidade com o Reino Ang\u00e9lico percebida na ora\u00e7\u00e3o quando esta \u00e9 real \/ A oferta dos mestres e guias da humanidade diante do nosso est\u00e1gio evolutivo \/ Um portal que se abre para a nova ra\u00e7a<\/em><\/p>\n<p>&nbsp;<br \/>\n<strong>Ou\u00e7a agora:<\/strong><\/p>\n<p><span data-href=\"https:\/\/www.irdin.org.br\/site\/envios\/audios\/0052_0032__por_por__o_preparo_para_a_vida_divina.mp3\" data-title=\"o preparo para a vida divina\" data-rel=\"\" data-target=\"\" data-meta=\"#fap-meta-69ff1ea62947f\" class=\"fap-single-track fap-track-button fap-play-button\" data-enqueue=\"no\" data-autoenqueue=\"no\" title=\"o preparo para a vida divina\"><span class=\"fap-icon-play\"><\/span>Ouvir<\/span> <a href=\"https:\/\/www.irdin.org.br\/site\/envios\/audios\/0052_0032__por_por__o_preparo_para_a_vida_divina.mp3\" class=\"baixar\" download><span class=\"fa fa-arrow-down\"><\/span>Baixar<\/span><\/a> <span class=\"textobaixar\"> o preparo para a vida divina<\/span><\/p>\n<p>&nbsp;<\/p>\n","protected":false},"excerpt":{"rendered":"<p>A realidade planet\u00e1ria que transcende as apar\u00eancias, segundo o regente Antuakh \/ Rela\u00e7\u00e3o da humanidade com o Reino Ang\u00e9lico percebida<\/p>\n","protected":false},"featured_media":37803,"template":"","meta":{"_acf_changed":false},"product_brand":[],"product_cat":[18076,33068],"product_tag":[40861],"class_list":{"0":"post-83780","1":"product","2":"type-product","3":"status-publish","4":"has-post-thumbnail","6":"product_cat-cddvd","7":"product_cat-palestras","8":"product_tag-40861","9":"pa_autor-trigueirinho","10":"pa_codigo-da-serie-32831","11":"pa_data-de-gravacao-31524","12":"pa_idioma-de-destino-portugues","13":"pa_lancamento-no","14":"pa_midia-cd","15":"pa_moac-40860","16":"pa_quantidade-de-saldo-33067","17":"pa_sequencial-da-serie-31908","18":"pa_tipo-de-traducao-nao-classificado","20":"first","21":"outofstock","22":"product-type-simple"},"acf":[],"_links":{"self":[{"href":"https:\/\/www.irdin.org.br\/site\/wp-json\/wp\/v2\/product\/83780","targetHints":{"allow":["GET"]}}],"collection":[{"href":"https:\/\/www.irdin.org.br\/site\/wp-json\/wp\/v2\/product"}],"about":[{"href":"https:\/\/www.irdin.org.br\/site\/wp-json\/wp\/v2\/types\/product"}],"version-history":[{"count":0,"href":"https:\/\/www.irdin.org.br\/site\/wp-json\/wp\/v2\/product\/83780\/revisions"}],"wp:featuredmedia":[{"embeddable":true,"href":"https:\/\/www.irdin.org.br\/site\/wp-json\/wp\/v2\/media\/37803"}],"wp:attachment":[{"href":"https:\/\/www.irdin.org.br\/site\/wp-json\/wp\/v2\/media?parent=83780"}],"wp:term":[{"taxonomy":"product_brand","embeddable":true,"href":"https:\/\/www.irdin.org.br\/site\/wp-json\/wp\/v2\/product_brand?post=83780"},{"taxonomy":"product_cat","embeddable":true,"href":"https:\/\/www.irdin.org.br\/site\/wp-json\/wp\/v2\/product_cat?post=83780"},{"taxonomy":"product_tag","embeddable":true,"href":"https:\/\/www.irdin.org.br\/site\/wp-json\/wp\/v2\/product_tag?post=83780"}],"curies":[{"name":"wp","href":"https:\/\/api.w.org\/{rel}","templated":true}]}}