{"id":83796,"date":"2018-04-26T18:26:56","date_gmt":"2018-04-26T18:26:56","guid":{"rendered":"http:\/\/www.irdin.org.br\/site\/produto\/oracao-um-servico-planetario\/"},"modified":"2025-03-15T19:28:21","modified_gmt":"2025-03-15T19:28:21","slug":"oracao-um-servico-planetario","status":"publish","type":"product","link":"https:\/\/www.irdin.org.br\/site\/produtos\/oracao-um-servico-planetario\/","title":{"rendered":"Ora\u00e7\u00e3o, um servi\u00e7o planet\u00e1rio"},"content":{"rendered":"<p><em>Ao buscar contato com nosso ser interno e com a Hierarquia, vamos transcendendo a condi\u00e7\u00e3o humana e prestamos importante servi\u00e7o ao planeta. Abrem-se a n\u00f3s as portas da fraternidade e da irmandade.<\/em><\/p>\n<p>&nbsp;<br \/>\n<strong>Ou\u00e7a agora:<\/strong><\/p>\n<p><span data-href=\"https:\/\/www.irdin.org.br\/site\/envios\/audios\/0056_0001__por_por__oracao_um_servico_planetario.mp3\" data-title=\"ora\u00e7\u00e3o, um servi\u00e7o planet\u00e1rio\" data-rel=\"\" data-target=\"\" data-meta=\"#fap-meta-6a0614b0da2c2\" class=\"fap-single-track fap-track-button fap-play-button\" data-enqueue=\"no\" data-autoenqueue=\"no\" title=\"ora\u00e7\u00e3o, um servi\u00e7o planet\u00e1rio\"><span class=\"fap-icon-play\"><\/span>Ouvir<\/span> <a href=\"https:\/\/www.irdin.org.br\/site\/envios\/audios\/0056_0001__por_por__oracao_um_servico_planetario.mp3\" class=\"baixar\" download><span class=\"fa fa-arrow-down\"><\/span>Baixar<\/span><\/a> <span class=\"textobaixar\"> ora\u00e7\u00e3o, um servi\u00e7o planet\u00e1rio<\/span><\/p>\n<p>&nbsp;<\/p>\n","protected":false},"excerpt":{"rendered":"<p>Ao buscar contato com nosso ser interno e com a Hierarquia, vamos transcendendo a condi\u00e7\u00e3o humana e prestamos importante servi\u00e7o<\/p>\n","protected":false},"featured_media":37803,"template":"","meta":{"_acf_changed":false},"product_brand":[],"product_cat":[18076,33068],"product_tag":[40893],"class_list":{"0":"post-83796","1":"product","2":"type-product","3":"status-publish","4":"has-post-thumbnail","6":"product_cat-cddvd","7":"product_cat-palestras","8":"product_tag-40893","9":"pa_autor-trigueirinho","10":"pa_codigo-da-serie-32837","11":"pa_data-de-gravacao-31577","12":"pa_idioma-de-destino-portugues","13":"pa_lancamento-no","14":"pa_midia-cd","15":"pa_moac-40892","16":"pa_quantidade-de-saldo-33067","17":"pa_sequencial-da-serie-31877","18":"pa_tipo-de-traducao-nao-classificado","20":"first","21":"outofstock","22":"product-type-simple"},"acf":[],"_links":{"self":[{"href":"https:\/\/www.irdin.org.br\/site\/wp-json\/wp\/v2\/product\/83796","targetHints":{"allow":["GET"]}}],"collection":[{"href":"https:\/\/www.irdin.org.br\/site\/wp-json\/wp\/v2\/product"}],"about":[{"href":"https:\/\/www.irdin.org.br\/site\/wp-json\/wp\/v2\/types\/product"}],"version-history":[{"count":1,"href":"https:\/\/www.irdin.org.br\/site\/wp-json\/wp\/v2\/product\/83796\/revisions"}],"predecessor-version":[{"id":108486,"href":"https:\/\/www.irdin.org.br\/site\/wp-json\/wp\/v2\/product\/83796\/revisions\/108486"}],"wp:featuredmedia":[{"embeddable":true,"href":"https:\/\/www.irdin.org.br\/site\/wp-json\/wp\/v2\/media\/37803"}],"wp:attachment":[{"href":"https:\/\/www.irdin.org.br\/site\/wp-json\/wp\/v2\/media?parent=83796"}],"wp:term":[{"taxonomy":"product_brand","embeddable":true,"href":"https:\/\/www.irdin.org.br\/site\/wp-json\/wp\/v2\/product_brand?post=83796"},{"taxonomy":"product_cat","embeddable":true,"href":"https:\/\/www.irdin.org.br\/site\/wp-json\/wp\/v2\/product_cat?post=83796"},{"taxonomy":"product_tag","embeddable":true,"href":"https:\/\/www.irdin.org.br\/site\/wp-json\/wp\/v2\/product_tag?post=83796"}],"curies":[{"name":"wp","href":"https:\/\/api.w.org\/{rel}","templated":true}]}}