{"id":83797,"date":"2018-04-26T18:26:56","date_gmt":"2018-04-26T18:26:56","guid":{"rendered":"http:\/\/www.irdin.org.br\/site\/produto\/conexoes-com-o-alto\/"},"modified":"2025-03-15T19:28:31","modified_gmt":"2025-03-15T19:28:31","slug":"conexoes-com-o-alto","status":"publish","type":"product","link":"https:\/\/www.irdin.org.br\/site\/produtos\/conexoes-com-o-alto\/","title":{"rendered":"Conex\u00f5es com o Alto"},"content":{"rendered":"<p><em>Para usufruir a presen\u00e7a dos Irm\u00e3os Maiores que nos ajudam a tomar o caminho do retorno \u00e0 nossa origem, temos de come\u00e7ar a perceber a grandeza do Cosmos e nos tornar humildes.<\/em><\/p>\n<p>&nbsp;<br \/>\n<strong>Ou\u00e7a agora:<\/strong><\/p>\n<p><span data-href=\"https:\/\/www.irdin.org.br\/site\/envios\/audios\/0056_0002__por_por__conexoes_com_o_alto.mp3\" data-title=\"conex\u00f5es com o alto\" data-rel=\"\" data-target=\"\" data-meta=\"#fap-meta-6a062ac98567d\" class=\"fap-single-track fap-track-button fap-play-button\" data-enqueue=\"no\" data-autoenqueue=\"no\" title=\"conex\u00f5es com o alto\"><span class=\"fap-icon-play\"><\/span>Ouvir<\/span> <a href=\"https:\/\/www.irdin.org.br\/site\/envios\/audios\/0056_0002__por_por__conexoes_com_o_alto.mp3\" class=\"baixar\" download><span class=\"fa fa-arrow-down\"><\/span>Baixar<\/span><\/a> <span class=\"textobaixar\"> conex\u00f5es com o alto<\/span><\/p>\n<p>&nbsp;<\/p>\n","protected":false},"excerpt":{"rendered":"<p>Para usufruir a presen\u00e7a dos Irm\u00e3os Maiores que nos ajudam a tomar o caminho do retorno \u00e0 nossa origem, temos<\/p>\n","protected":false},"featured_media":37803,"template":"","meta":{"_acf_changed":false},"product_brand":[],"product_cat":[18076,33068],"product_tag":[40895],"class_list":{"0":"post-83797","1":"product","2":"type-product","3":"status-publish","4":"has-post-thumbnail","6":"product_cat-cddvd","7":"product_cat-palestras","8":"product_tag-40895","9":"pa_autor-trigueirinho","10":"pa_codigo-da-serie-32837","11":"pa_data-de-gravacao-31581","12":"pa_idioma-de-destino-portugues","13":"pa_lancamento-no","14":"pa_midia-cd","15":"pa_moac-40894","16":"pa_quantidade-de-saldo-33067","17":"pa_sequencial-da-serie-31878","18":"pa_tipo-de-traducao-nao-classificado","20":"first","21":"outofstock","22":"product-type-simple"},"acf":[],"_links":{"self":[{"href":"https:\/\/www.irdin.org.br\/site\/wp-json\/wp\/v2\/product\/83797","targetHints":{"allow":["GET"]}}],"collection":[{"href":"https:\/\/www.irdin.org.br\/site\/wp-json\/wp\/v2\/product"}],"about":[{"href":"https:\/\/www.irdin.org.br\/site\/wp-json\/wp\/v2\/types\/product"}],"version-history":[{"count":1,"href":"https:\/\/www.irdin.org.br\/site\/wp-json\/wp\/v2\/product\/83797\/revisions"}],"predecessor-version":[{"id":108487,"href":"https:\/\/www.irdin.org.br\/site\/wp-json\/wp\/v2\/product\/83797\/revisions\/108487"}],"wp:featuredmedia":[{"embeddable":true,"href":"https:\/\/www.irdin.org.br\/site\/wp-json\/wp\/v2\/media\/37803"}],"wp:attachment":[{"href":"https:\/\/www.irdin.org.br\/site\/wp-json\/wp\/v2\/media?parent=83797"}],"wp:term":[{"taxonomy":"product_brand","embeddable":true,"href":"https:\/\/www.irdin.org.br\/site\/wp-json\/wp\/v2\/product_brand?post=83797"},{"taxonomy":"product_cat","embeddable":true,"href":"https:\/\/www.irdin.org.br\/site\/wp-json\/wp\/v2\/product_cat?post=83797"},{"taxonomy":"product_tag","embeddable":true,"href":"https:\/\/www.irdin.org.br\/site\/wp-json\/wp\/v2\/product_tag?post=83797"}],"curies":[{"name":"wp","href":"https:\/\/api.w.org\/{rel}","templated":true}]}}