{"id":83811,"date":"2018-04-26T18:27:16","date_gmt":"2018-04-26T18:27:16","guid":{"rendered":"http:\/\/www.irdin.org.br\/site\/produto\/a-arte-de-viver-nos-tempos-atuais-palestra-em-sao-paulo-2a-parte\/"},"modified":"2025-03-15T19:24:15","modified_gmt":"2025-03-15T19:24:15","slug":"a-arte-de-viver-nos-tempos-atuais-palestra-em-sao-paulo-2a-parte","status":"publish","type":"product","link":"https:\/\/www.irdin.org.br\/site\/produtos\/a-arte-de-viver-nos-tempos-atuais-palestra-em-sao-paulo-2a-parte\/","title":{"rendered":"A arte de viver nos tempos atuais &#8211; palestra em S\u00e3o Paulo &#8211; 2\u00aa parte"},"content":{"rendered":"<p><em>O valor de perceber a presen\u00e7a dos nossos irm\u00e3os do Cosmos e de aprender a contar com sua assist\u00eancia.<\/em><\/p>\n<p>&nbsp;<br \/>\n<strong>Ou\u00e7a agora:<\/strong><\/p>\n<p><span data-href=\"https:\/\/www.irdin.org.br\/site\/envios\/audios\/0059_0002__por_por__a_arte_de_viver_nos_tempos_atuais_palestra_em_sao_paulo_2_parte.mp3\" data-title=\"a arte de viver nos tempos atuais - palestra em s\u00e3o paulo - 2\u00aa parte\" data-rel=\"\" data-target=\"\" data-meta=\"#fap-meta-6a0539c8c8776\" class=\"fap-single-track fap-track-button fap-play-button\" data-enqueue=\"no\" data-autoenqueue=\"no\" title=\"a arte de viver nos tempos atuais - palestra em s\u00e3o paulo - 2\u00aa parte\"><span class=\"fap-icon-play\"><\/span>Ouvir<\/span> <a href=\"https:\/\/www.irdin.org.br\/site\/envios\/audios\/0059_0002__por_por__a_arte_de_viver_nos_tempos_atuais_palestra_em_sao_paulo_2_parte.mp3\" class=\"baixar\" download><span class=\"fa fa-arrow-down\"><\/span>Baixar<\/span><\/a> <span class=\"textobaixar\"> a arte de viver nos tempos atuais &#8211; palestra em s\u00e3o paulo &#8211; 2\u00aa parte<\/span><\/p>\n<p>&nbsp;<\/p>\n","protected":false},"excerpt":{"rendered":"<p>O valor de perceber a presen\u00e7a dos nossos irm\u00e3os do Cosmos e de aprender a contar com sua assist\u00eancia. &nbsp;<\/p>\n","protected":false},"featured_media":37803,"template":"","meta":{"_acf_changed":false},"product_brand":[],"product_cat":[18076,33068],"product_tag":[40923],"class_list":{"0":"post-83811","1":"product","2":"type-product","3":"status-publish","4":"has-post-thumbnail","6":"product_cat-cddvd","7":"product_cat-palestras","8":"product_tag-40923","9":"pa_autor-trigueirinho","10":"pa_codigo-da-serie-32841","11":"pa_data-de-gravacao-31688","12":"pa_idioma-de-destino-portugues","13":"pa_lancamento-no","14":"pa_midia-cd","15":"pa_moac-40922","16":"pa_quantidade-de-saldo-33067","17":"pa_sequencial-da-serie-31878","18":"pa_tipo-de-traducao-nao-classificado","20":"first","21":"outofstock","22":"product-type-simple"},"acf":[],"_links":{"self":[{"href":"https:\/\/www.irdin.org.br\/site\/wp-json\/wp\/v2\/product\/83811","targetHints":{"allow":["GET"]}}],"collection":[{"href":"https:\/\/www.irdin.org.br\/site\/wp-json\/wp\/v2\/product"}],"about":[{"href":"https:\/\/www.irdin.org.br\/site\/wp-json\/wp\/v2\/types\/product"}],"version-history":[{"count":1,"href":"https:\/\/www.irdin.org.br\/site\/wp-json\/wp\/v2\/product\/83811\/revisions"}],"predecessor-version":[{"id":108463,"href":"https:\/\/www.irdin.org.br\/site\/wp-json\/wp\/v2\/product\/83811\/revisions\/108463"}],"wp:featuredmedia":[{"embeddable":true,"href":"https:\/\/www.irdin.org.br\/site\/wp-json\/wp\/v2\/media\/37803"}],"wp:attachment":[{"href":"https:\/\/www.irdin.org.br\/site\/wp-json\/wp\/v2\/media?parent=83811"}],"wp:term":[{"taxonomy":"product_brand","embeddable":true,"href":"https:\/\/www.irdin.org.br\/site\/wp-json\/wp\/v2\/product_brand?post=83811"},{"taxonomy":"product_cat","embeddable":true,"href":"https:\/\/www.irdin.org.br\/site\/wp-json\/wp\/v2\/product_cat?post=83811"},{"taxonomy":"product_tag","embeddable":true,"href":"https:\/\/www.irdin.org.br\/site\/wp-json\/wp\/v2\/product_tag?post=83811"}],"curies":[{"name":"wp","href":"https:\/\/api.w.org\/{rel}","templated":true}]}}