{"id":83843,"date":"2018-04-26T18:27:56","date_gmt":"2018-04-26T18:27:56","guid":{"rendered":"http:\/\/www.irdin.org.br\/site\/produto\/o-caminho-invisivel-e-o-que-nele-acontece\/"},"modified":"2025-03-15T19:13:31","modified_gmt":"2025-03-15T19:13:31","slug":"o-caminho-invisivel-e-o-que-nele-acontece","status":"publish","type":"product","link":"https:\/\/www.irdin.org.br\/site\/produtos\/o-caminho-invisivel-e-o-que-nele-acontece\/","title":{"rendered":"O caminho invis\u00edvel e o que nele acontece"},"content":{"rendered":"<p><em>Quadro onde voc\u00ea pode encontrar o seu ponto evolutivo e prosseguir caminhando \/ Buda, Jesus, Samana e o mist\u00e9rio do Todo \/ O Amor-Sabedoria e n\u00f3s como m\u00f4nadas \/ A porta da humildade poder\u00e1 se abrir e uma grande fila de almas poder\u00e1 passar \/ Al\u00e9m de tudo est\u00e1 o Inomin\u00e1vel<\/em><\/p>\n<p>&nbsp;<br \/>\n<strong>Ou\u00e7a agora:<\/strong><\/p>\n<p><span data-href=\"https:\/\/www.irdin.org.br\/site\/envios\/audios\/0060_0014__por_por__o_caminho_invisivel_e_o_que_nele_acontece.mp3\" data-title=\"o caminho invis\u00edvel e o que nele acontece\" data-rel=\"\" data-target=\"\" data-meta=\"#fap-meta-69e341bf33dae\" class=\"fap-single-track fap-track-button fap-play-button\" data-enqueue=\"no\" data-autoenqueue=\"no\" title=\"o caminho invis\u00edvel e o que nele acontece\"><span class=\"fap-icon-play\"><\/span>Ouvir<\/span> <a href=\"https:\/\/www.irdin.org.br\/site\/envios\/audios\/0060_0014__por_por__o_caminho_invisivel_e_o_que_nele_acontece.mp3\" class=\"baixar\" download><span class=\"fa fa-arrow-down\"><\/span>Baixar<\/span><\/a> <span class=\"textobaixar\"> o caminho invis\u00edvel e o que nele acontece<\/span><\/p>\n<p>&nbsp;<\/p>\n","protected":false},"excerpt":{"rendered":"<p>Quadro onde voc\u00ea pode encontrar o seu ponto evolutivo e prosseguir caminhando \/ Buda, Jesus, Samana e o mist\u00e9rio do<\/p>\n","protected":false},"featured_media":37803,"template":"","meta":{"_acf_changed":false},"product_brand":[],"product_cat":[18076,33068],"product_tag":[40987],"class_list":{"0":"post-83843","1":"product","2":"type-product","3":"status-publish","4":"has-post-thumbnail","6":"product_cat-cddvd","7":"product_cat-palestras","8":"product_tag-40987","9":"pa_autor-trigueirinho","10":"pa_codigo-da-serie-32842","11":"pa_codigo-externo-00600014porcd","12":"pa_data-de-gravacao-31799","13":"pa_duracao-56-min","14":"pa_idioma-de-destino-portugues","15":"pa_idioma-de-origem-portugues","16":"pa_lancamento-no","17":"pa_midia-cd","18":"pa_moac-40986","19":"pa_quantidade-de-saldo-33067","20":"pa_sequencial-da-serie-31896","21":"pa_tipo-de-traducao-nao-classificado","23":"first","24":"outofstock","25":"product-type-simple"},"acf":[],"_links":{"self":[{"href":"https:\/\/www.irdin.org.br\/site\/wp-json\/wp\/v2\/product\/83843","targetHints":{"allow":["GET"]}}],"collection":[{"href":"https:\/\/www.irdin.org.br\/site\/wp-json\/wp\/v2\/product"}],"about":[{"href":"https:\/\/www.irdin.org.br\/site\/wp-json\/wp\/v2\/types\/product"}],"version-history":[{"count":1,"href":"https:\/\/www.irdin.org.br\/site\/wp-json\/wp\/v2\/product\/83843\/revisions"}],"predecessor-version":[{"id":108416,"href":"https:\/\/www.irdin.org.br\/site\/wp-json\/wp\/v2\/product\/83843\/revisions\/108416"}],"wp:featuredmedia":[{"embeddable":true,"href":"https:\/\/www.irdin.org.br\/site\/wp-json\/wp\/v2\/media\/37803"}],"wp:attachment":[{"href":"https:\/\/www.irdin.org.br\/site\/wp-json\/wp\/v2\/media?parent=83843"}],"wp:term":[{"taxonomy":"product_brand","embeddable":true,"href":"https:\/\/www.irdin.org.br\/site\/wp-json\/wp\/v2\/product_brand?post=83843"},{"taxonomy":"product_cat","embeddable":true,"href":"https:\/\/www.irdin.org.br\/site\/wp-json\/wp\/v2\/product_cat?post=83843"},{"taxonomy":"product_tag","embeddable":true,"href":"https:\/\/www.irdin.org.br\/site\/wp-json\/wp\/v2\/product_tag?post=83843"}],"curies":[{"name":"wp","href":"https:\/\/api.w.org\/{rel}","templated":true}]}}