{"id":83845,"date":"2018-04-26T18:27:56","date_gmt":"2018-04-26T18:27:56","guid":{"rendered":"http:\/\/www.irdin.org.br\/site\/produto\/perdao-reconciliacao-e-misericordia-cosmica\/"},"modified":"2025-03-15T19:14:28","modified_gmt":"2025-03-15T19:14:28","slug":"perdao-reconciliacao-e-misericordia-cosmica","status":"publish","type":"product","link":"https:\/\/www.irdin.org.br\/site\/produtos\/perdao-reconciliacao-e-misericordia-cosmica\/","title":{"rendered":"Perd\u00e3o, reconcilia\u00e7\u00e3o e miseric\u00f3rdia c\u00f3smica"},"content":{"rendered":"<p><em>Comunica\u00e7\u00f5es sutis \/ Preparar-se pela ora\u00e7\u00e3o \/ Abrir-se ao novo c\u00f3digo gen\u00e9tico \/ O que fazer nos dias de escurid\u00e3o? \/ Por que n\u00e3o vemos Mainhdra? \/ Primeiro, perdoar-se \/ Libera\u00e7\u00e3o do carma \/ Diante do Mist\u00e9rio<\/em><\/p>\n<p>&nbsp;<br \/>\n<strong>Ou\u00e7a agora:<\/strong><\/p>\n<p><span data-href=\"https:\/\/www.irdin.org.br\/site\/envios\/audios\/0061_0009__por_por__perdao_reconciliacao_e_misericordia_cosmica.mp3\" data-title=\"perd\u00e3o, reconcilia\u00e7\u00e3o e miseric\u00f3rdia c\u00f3smica\" data-rel=\"\" data-target=\"\" data-meta=\"#fap-meta-6a03e3650ebdd\" class=\"fap-single-track fap-track-button fap-play-button\" data-enqueue=\"no\" data-autoenqueue=\"no\" title=\"perd\u00e3o, reconcilia\u00e7\u00e3o e miseric\u00f3rdia c\u00f3smica\"><span class=\"fap-icon-play\"><\/span>Ouvir<\/span> <a href=\"https:\/\/www.irdin.org.br\/site\/envios\/audios\/0061_0009__por_por__perdao_reconciliacao_e_misericordia_cosmica.mp3\" class=\"baixar\" download><span class=\"fa fa-arrow-down\"><\/span>Baixar<\/span><\/a> <span class=\"textobaixar\"> perd\u00e3o, reconcilia\u00e7\u00e3o e miseric\u00f3rdia c\u00f3smica<\/span><\/p>\n<p>&nbsp;<\/p>\n","protected":false},"excerpt":{"rendered":"<p>Comunica\u00e7\u00f5es sutis \/ Preparar-se pela ora\u00e7\u00e3o \/ Abrir-se ao novo c\u00f3digo gen\u00e9tico \/ O que fazer nos dias de escurid\u00e3o?<\/p>\n","protected":false},"featured_media":37803,"template":"","meta":{"_acf_changed":false},"product_brand":[],"product_cat":[18076,33068],"product_tag":[40991],"class_list":{"0":"post-83845","1":"product","2":"type-product","3":"status-publish","4":"has-post-thumbnail","6":"product_cat-cddvd","7":"product_cat-palestras","8":"product_tag-40991","9":"pa_autor-trigueirinho","10":"pa_codigo-da-serie-31868","11":"pa_codigo-externo-00610009porcd","12":"pa_data-de-gravacao-31824","13":"pa_duracao-32m13s","14":"pa_idioma-de-destino-portugues","15":"pa_idioma-de-origem-portugues","16":"pa_lancamento-no","17":"pa_midia-cd","18":"pa_moac-40990","19":"pa_quantidade-de-saldo-33067","20":"pa_sequencial-da-serie-31889","21":"pa_tipo-de-traducao-nao-classificado","23":"first","24":"outofstock","25":"product-type-simple"},"acf":[],"_links":{"self":[{"href":"https:\/\/www.irdin.org.br\/site\/wp-json\/wp\/v2\/product\/83845","targetHints":{"allow":["GET"]}}],"collection":[{"href":"https:\/\/www.irdin.org.br\/site\/wp-json\/wp\/v2\/product"}],"about":[{"href":"https:\/\/www.irdin.org.br\/site\/wp-json\/wp\/v2\/types\/product"}],"version-history":[{"count":1,"href":"https:\/\/www.irdin.org.br\/site\/wp-json\/wp\/v2\/product\/83845\/revisions"}],"predecessor-version":[{"id":108418,"href":"https:\/\/www.irdin.org.br\/site\/wp-json\/wp\/v2\/product\/83845\/revisions\/108418"}],"wp:featuredmedia":[{"embeddable":true,"href":"https:\/\/www.irdin.org.br\/site\/wp-json\/wp\/v2\/media\/37803"}],"wp:attachment":[{"href":"https:\/\/www.irdin.org.br\/site\/wp-json\/wp\/v2\/media?parent=83845"}],"wp:term":[{"taxonomy":"product_brand","embeddable":true,"href":"https:\/\/www.irdin.org.br\/site\/wp-json\/wp\/v2\/product_brand?post=83845"},{"taxonomy":"product_cat","embeddable":true,"href":"https:\/\/www.irdin.org.br\/site\/wp-json\/wp\/v2\/product_cat?post=83845"},{"taxonomy":"product_tag","embeddable":true,"href":"https:\/\/www.irdin.org.br\/site\/wp-json\/wp\/v2\/product_tag?post=83845"}],"curies":[{"name":"wp","href":"https:\/\/api.w.org\/{rel}","templated":true}]}}