{"id":83848,"date":"2018-04-26T18:27:56","date_gmt":"2018-04-26T18:27:56","guid":{"rendered":"http:\/\/www.irdin.org.br\/site\/produto\/mensagem-de-final-dos-tempos-para-todos\/"},"modified":"2025-03-15T19:15:36","modified_gmt":"2025-03-15T19:15:36","slug":"mensagem-de-final-dos-tempos-para-todos","status":"publish","type":"product","link":"https:\/\/www.irdin.org.br\/site\/produtos\/mensagem-de-final-dos-tempos-para-todos\/","title":{"rendered":"Mensagem de final dos tempos para todos"},"content":{"rendered":"<p><em>Nossa rela\u00e7\u00e3o com os reinos superiores depende de regenerarmos nosso comportamento \/ O destino dos nossos seres c\u00f3smicos e seus contatos com nossos egos humanos durante a transi\u00e7\u00e3o planet\u00e1ria \/ No crep\u00fasculo do ego humano a obedi\u00eancia \u00e9 a base de tudo<\/em><\/p>\n<p>&nbsp;<br \/>\n<strong>Ou\u00e7a agora:<\/strong><\/p>\n<p><span data-href=\"https:\/\/www.irdin.org.br\/site\/envios\/audios\/0061_0013__por_por__mensagem_de_final_dos_tempos_para_todos.mp3\" data-title=\"mensagem de final dos tempos para todos\" data-rel=\"\" data-target=\"\" data-meta=\"#fap-meta-69e5f22206381\" class=\"fap-single-track fap-track-button fap-play-button\" data-enqueue=\"no\" data-autoenqueue=\"no\" title=\"mensagem de final dos tempos para todos\"><span class=\"fap-icon-play\"><\/span>Ouvir<\/span> <a href=\"https:\/\/www.irdin.org.br\/site\/envios\/audios\/0061_0013__por_por__mensagem_de_final_dos_tempos_para_todos.mp3\" class=\"baixar\" download><span class=\"fa fa-arrow-down\"><\/span>Baixar<\/span><\/a> <span class=\"textobaixar\"> mensagem de final dos tempos para todos<\/span><\/p>\n<p>&nbsp;<\/p>\n","protected":false},"excerpt":{"rendered":"<p>Nossa rela\u00e7\u00e3o com os reinos superiores depende de regenerarmos nosso comportamento \/ O destino dos nossos seres c\u00f3smicos e seus<\/p>\n","protected":false},"featured_media":37803,"template":"","meta":{"_acf_changed":false},"product_brand":[],"product_cat":[18076,33068],"product_tag":[40997],"class_list":{"0":"post-83848","1":"product","2":"type-product","3":"status-publish","4":"has-post-thumbnail","6":"product_cat-cddvd","7":"product_cat-palestras","8":"product_tag-40997","9":"pa_autor-trigueirinho","10":"pa_codigo-da-serie-31868","11":"pa_codigo-externo-00610013porcd","12":"pa_data-de-gravacao-31835","13":"pa_duracao-68min","14":"pa_idioma-de-destino-portugues","15":"pa_idioma-de-origem-portugues","16":"pa_lancamento-no","17":"pa_midia-cd","18":"pa_moac-40996","19":"pa_quantidade-de-saldo-33067","20":"pa_sequencial-da-serie-31895","21":"pa_tipo-de-traducao-nao-classificado","23":"first","24":"outofstock","25":"product-type-simple"},"acf":[],"_links":{"self":[{"href":"https:\/\/www.irdin.org.br\/site\/wp-json\/wp\/v2\/product\/83848","targetHints":{"allow":["GET"]}}],"collection":[{"href":"https:\/\/www.irdin.org.br\/site\/wp-json\/wp\/v2\/product"}],"about":[{"href":"https:\/\/www.irdin.org.br\/site\/wp-json\/wp\/v2\/types\/product"}],"version-history":[{"count":1,"href":"https:\/\/www.irdin.org.br\/site\/wp-json\/wp\/v2\/product\/83848\/revisions"}],"predecessor-version":[{"id":108421,"href":"https:\/\/www.irdin.org.br\/site\/wp-json\/wp\/v2\/product\/83848\/revisions\/108421"}],"wp:featuredmedia":[{"embeddable":true,"href":"https:\/\/www.irdin.org.br\/site\/wp-json\/wp\/v2\/media\/37803"}],"wp:attachment":[{"href":"https:\/\/www.irdin.org.br\/site\/wp-json\/wp\/v2\/media?parent=83848"}],"wp:term":[{"taxonomy":"product_brand","embeddable":true,"href":"https:\/\/www.irdin.org.br\/site\/wp-json\/wp\/v2\/product_brand?post=83848"},{"taxonomy":"product_cat","embeddable":true,"href":"https:\/\/www.irdin.org.br\/site\/wp-json\/wp\/v2\/product_cat?post=83848"},{"taxonomy":"product_tag","embeddable":true,"href":"https:\/\/www.irdin.org.br\/site\/wp-json\/wp\/v2\/product_tag?post=83848"}],"curies":[{"name":"wp","href":"https:\/\/api.w.org\/{rel}","templated":true}]}}