{"id":83869,"date":"2018-04-26T18:28:16","date_gmt":"2018-04-26T18:28:16","guid":{"rendered":"http:\/\/www.irdin.org.br\/site\/produto\/para-sermos-vigilantes\/"},"modified":"2025-03-15T19:11:28","modified_gmt":"2025-03-15T19:11:28","slug":"para-sermos-vigilantes","status":"publish","type":"product","link":"https:\/\/www.irdin.org.br\/site\/produtos\/para-sermos-vigilantes\/","title":{"rendered":"Para sermos vigilantes"},"content":{"rendered":"<p><em>Aprofundando as indica\u00e7\u00f5es de Wuithaykon para forma\u00e7\u00e3o de guardi\u00e3es e vigilantes.<\/em><\/p>\n<p>&nbsp;<br \/>\n<strong>Ou\u00e7a agora:<\/strong><\/p>\n<p><span data-href=\"https:\/\/www.irdin.org.br\/site\/envios\/audios\/0066_0009__por_por__para_sermos_vigilantes.mp3\" data-title=\"para sermos vigilantes\" data-rel=\"\" data-target=\"\" data-meta=\"#fap-meta-69f3c78b0edb8\" class=\"fap-single-track fap-track-button fap-play-button\" data-enqueue=\"no\" data-autoenqueue=\"no\" title=\"para sermos vigilantes\"><span class=\"fap-icon-play\"><\/span>Ouvir<\/span> <a href=\"https:\/\/www.irdin.org.br\/site\/envios\/audios\/0066_0009__por_por__para_sermos_vigilantes.mp3\" class=\"baixar\" download><span class=\"fa fa-arrow-down\"><\/span>Baixar<\/span><\/a> <span class=\"textobaixar\"> para sermos vigilantes<\/span><\/p>\n<p>&nbsp;<\/p>\n","protected":false},"excerpt":{"rendered":"<p>Aprofundando as indica\u00e7\u00f5es de Wuithaykon para forma\u00e7\u00e3o de guardi\u00e3es e vigilantes. &nbsp; Ou\u00e7a agora: Baixar para sermos vigilantes &nbsp;<\/p>\n","protected":false},"featured_media":37803,"template":"","meta":{"_acf_changed":false},"product_brand":[],"product_cat":[18076,33068],"product_tag":[41039],"class_list":{"0":"post-83869","1":"product","2":"type-product","3":"status-publish","4":"has-post-thumbnail","6":"product_cat-cddvd","7":"product_cat-palestras","8":"product_tag-41039","9":"pa_autor-trigueirinho","10":"pa_codigo-da-serie-31886","11":"pa_codigo-externo-00660009porcd","12":"pa_data-de-gravacao-25526","13":"pa_duracao-33m50s","14":"pa_idioma-de-destino-portugues","15":"pa_idioma-de-origem-portugues","16":"pa_lancamento-no","17":"pa_midia-cd","18":"pa_moac-41038","19":"pa_quantidade-de-saldo-33067","20":"pa_sequencial-da-serie-31889","21":"pa_tipo-de-traducao-nao-classificado","23":"first","24":"outofstock","25":"product-type-simple"},"acf":[],"_links":{"self":[{"href":"https:\/\/www.irdin.org.br\/site\/wp-json\/wp\/v2\/product\/83869","targetHints":{"allow":["GET"]}}],"collection":[{"href":"https:\/\/www.irdin.org.br\/site\/wp-json\/wp\/v2\/product"}],"about":[{"href":"https:\/\/www.irdin.org.br\/site\/wp-json\/wp\/v2\/types\/product"}],"version-history":[{"count":1,"href":"https:\/\/www.irdin.org.br\/site\/wp-json\/wp\/v2\/product\/83869\/revisions"}],"predecessor-version":[{"id":108402,"href":"https:\/\/www.irdin.org.br\/site\/wp-json\/wp\/v2\/product\/83869\/revisions\/108402"}],"wp:featuredmedia":[{"embeddable":true,"href":"https:\/\/www.irdin.org.br\/site\/wp-json\/wp\/v2\/media\/37803"}],"wp:attachment":[{"href":"https:\/\/www.irdin.org.br\/site\/wp-json\/wp\/v2\/media?parent=83869"}],"wp:term":[{"taxonomy":"product_brand","embeddable":true,"href":"https:\/\/www.irdin.org.br\/site\/wp-json\/wp\/v2\/product_brand?post=83869"},{"taxonomy":"product_cat","embeddable":true,"href":"https:\/\/www.irdin.org.br\/site\/wp-json\/wp\/v2\/product_cat?post=83869"},{"taxonomy":"product_tag","embeddable":true,"href":"https:\/\/www.irdin.org.br\/site\/wp-json\/wp\/v2\/product_tag?post=83869"}],"curies":[{"name":"wp","href":"https:\/\/api.w.org\/{rel}","templated":true}]}}

<p><em>Aprofundando as indicações de Wuithaykon para formação de guardiães e vigilantes.</em></p>
<p>&nbsp;<br />
<strong>Ouça agora:</strong></p>
<p><span data-href="https://www.irdin.org.br/site/envios/audios/0066_0009__por_por__para_sermos_vigilantes.mp3" data-title="para sermos vigilantes" data-rel="" data-target="" data-meta="#fap-meta-69f3c78b0edb8" class="fap-single-track fap-track-button fap-play-button" data-enqueue="no" data-autoenqueue="no" title="para sermos vigilantes"><span class="fap-icon-play"></span>Ouvir</span> <a href="https://www.irdin.org.br/site/envios/audios/0066_0009__por_por__para_sermos_vigilantes.mp3" class="baixar" download><span class="fa fa-arrow-down"></span>Baixar</span></a> <span class="textobaixar"> para sermos vigilantes</span></p>
<p>&nbsp;</p>

<p>Aprofundando as indicações de Wuithaykon para formação de guardiães e vigilantes. &nbsp; Ouça agora: Baixar para sermos vigilantes &nbsp;</p>
