{"id":83871,"date":"2018-04-26T18:28:16","date_gmt":"2018-04-26T18:28:16","guid":{"rendered":"http:\/\/www.irdin.org.br\/site\/produto\/nossos-compromissos-esquecidos\/"},"modified":"2025-03-15T19:11:45","modified_gmt":"2025-03-15T19:11:45","slug":"nossos-compromissos-esquecidos","status":"publish","type":"product","link":"https:\/\/www.irdin.org.br\/site\/produtos\/nossos-compromissos-esquecidos\/","title":{"rendered":"Nossos compromissos esquecidos"},"content":{"rendered":"<p><em>Rea\u00e7\u00f5es poss\u00edveis diante do marasmo e da in\u00e9rcia da humanidade \/ Compromissos que assumimos antes de encarnar \/ Consolidar a unidade entre os seres internos \/ Abrirmos portas para o futuro c\u00f3smico \/ A promessa do esfor\u00e7o constante \/ Uni\u00e3o da pr\u00f3pria consci\u00eancia com a Fonte Suprema<\/em><\/p>\n<p>&nbsp;<br \/>\n<strong>Ou\u00e7a agora:<\/strong><\/p>\n<p><span data-href=\"https:\/\/www.irdin.org.br\/site\/envios\/audios\/0066_0011__por_por__nossos_compromissos_esquecidos.mp3\" data-title=\"nossos compromissos esquecidos\" data-rel=\"\" data-target=\"\" data-meta=\"#fap-meta-69f71655e4568\" class=\"fap-single-track fap-track-button fap-play-button\" data-enqueue=\"no\" data-autoenqueue=\"no\" title=\"nossos compromissos esquecidos\"><span class=\"fap-icon-play\"><\/span>Ouvir<\/span> <a href=\"https:\/\/www.irdin.org.br\/site\/envios\/audios\/0066_0011__por_por__nossos_compromissos_esquecidos.mp3\" class=\"baixar\" download><span class=\"fa fa-arrow-down\"><\/span>Baixar<\/span><\/a> <span class=\"textobaixar\"> nossos compromissos esquecidos<\/span><\/p>\n<p>&nbsp;<\/p>\n","protected":false},"excerpt":{"rendered":"<p>Rea\u00e7\u00f5es poss\u00edveis diante do marasmo e da in\u00e9rcia da humanidade \/ Compromissos que assumimos antes de encarnar \/ Consolidar a<\/p>\n","protected":false},"featured_media":37803,"template":"","meta":{"_acf_changed":false},"product_brand":[],"product_cat":[18076,33068],"product_tag":[41043],"class_list":{"0":"post-83871","1":"product","2":"type-product","3":"status-publish","4":"has-post-thumbnail","6":"product_cat-cddvd","7":"product_cat-palestras","8":"product_tag-41043","9":"pa_autor-trigueirinho","10":"pa_codigo-da-serie-31886","11":"pa_codigo-externo-00660011porcd","12":"pa_data-de-gravacao-25534","13":"pa_duracao-33-min","14":"pa_idioma-de-destino-portugues","15":"pa_idioma-de-origem-portugues","16":"pa_lancamento-no","17":"pa_midia-cd","18":"pa_moac-41042","19":"pa_quantidade-de-saldo-33067","20":"pa_sequencial-da-serie-31891","21":"pa_tipo-de-traducao-nao-classificado","23":"first","24":"outofstock","25":"product-type-simple"},"acf":[],"_links":{"self":[{"href":"https:\/\/www.irdin.org.br\/site\/wp-json\/wp\/v2\/product\/83871","targetHints":{"allow":["GET"]}}],"collection":[{"href":"https:\/\/www.irdin.org.br\/site\/wp-json\/wp\/v2\/product"}],"about":[{"href":"https:\/\/www.irdin.org.br\/site\/wp-json\/wp\/v2\/types\/product"}],"version-history":[{"count":1,"href":"https:\/\/www.irdin.org.br\/site\/wp-json\/wp\/v2\/product\/83871\/revisions"}],"predecessor-version":[{"id":108404,"href":"https:\/\/www.irdin.org.br\/site\/wp-json\/wp\/v2\/product\/83871\/revisions\/108404"}],"wp:featuredmedia":[{"embeddable":true,"href":"https:\/\/www.irdin.org.br\/site\/wp-json\/wp\/v2\/media\/37803"}],"wp:attachment":[{"href":"https:\/\/www.irdin.org.br\/site\/wp-json\/wp\/v2\/media?parent=83871"}],"wp:term":[{"taxonomy":"product_brand","embeddable":true,"href":"https:\/\/www.irdin.org.br\/site\/wp-json\/wp\/v2\/product_brand?post=83871"},{"taxonomy":"product_cat","embeddable":true,"href":"https:\/\/www.irdin.org.br\/site\/wp-json\/wp\/v2\/product_cat?post=83871"},{"taxonomy":"product_tag","embeddable":true,"href":"https:\/\/www.irdin.org.br\/site\/wp-json\/wp\/v2\/product_tag?post=83871"}],"curies":[{"name":"wp","href":"https:\/\/api.w.org\/{rel}","templated":true}]}}

<p><em>Reações possíveis diante do marasmo e da inércia da humanidade / Compromissos que assumimos antes de encarnar / Consolidar a unidade entre os seres internos / Abrirmos portas para o futuro cósmico / A promessa do esforço constante / União da própria consciência com a Fonte Suprema</em></p>
<p>&nbsp;<br />
<strong>Ouça agora:</strong></p>
<p><span data-href="https://www.irdin.org.br/site/envios/audios/0066_0011__por_por__nossos_compromissos_esquecidos.mp3" data-title="nossos compromissos esquecidos" data-rel="" data-target="" data-meta="#fap-meta-69f71655e4568" class="fap-single-track fap-track-button fap-play-button" data-enqueue="no" data-autoenqueue="no" title="nossos compromissos esquecidos"><span class="fap-icon-play"></span>Ouvir</span> <a href="https://www.irdin.org.br/site/envios/audios/0066_0011__por_por__nossos_compromissos_esquecidos.mp3" class="baixar" download><span class="fa fa-arrow-down"></span>Baixar</span></a> <span class="textobaixar"> nossos compromissos esquecidos</span></p>
<p>&nbsp;</p>

<p>Reações possíveis diante do marasmo e da inércia da humanidade / Compromissos que assumimos antes de encarnar / Consolidar a</p>
