{"id":83876,"date":"2018-04-26T18:28:16","date_gmt":"2018-04-26T18:28:16","guid":{"rendered":"http:\/\/www.irdin.org.br\/site\/produto\/conversas-especiais-10\/"},"modified":"2025-03-15T19:12:29","modified_gmt":"2025-03-15T19:12:29","slug":"conversas-especiais-10","status":"publish","type":"product","link":"https:\/\/www.irdin.org.br\/site\/produtos\/conversas-especiais-10\/","title":{"rendered":"Conversas especiais &#8211; 10"},"content":{"rendered":"<p><em>Grupo de almas \/ O Caminho ao \u00danico \/ Estanques c\u00f3smicos \/ Compreens\u00e3o interior do trabalho dos espelhos \/ O s\u00edmbolo inclu\u00eddo na ressurrei\u00e7\u00e3o e a transfigura\u00e7\u00e3o de Jesus \/ Transmigra\u00e7\u00e3o de esp\u00e9cies animais \/ Mensagem de Thaykhuma<\/em><\/p>\n<p>&nbsp;<br \/>\n<strong>Ou\u00e7a agora:<\/strong><\/p>\n<p><span data-href=\"https:\/\/www.irdin.org.br\/site\/envios\/audios\/0068_0010__por_por__conversas_especiais_n10.mp3\" data-title=\"conversas especiais - 10\" data-rel=\"\" data-target=\"\" data-meta=\"#fap-meta-69e6052c887ed\" class=\"fap-single-track fap-track-button fap-play-button\" data-enqueue=\"no\" data-autoenqueue=\"no\" title=\"conversas especiais - 10\"><span class=\"fap-icon-play\"><\/span>Ouvir<\/span> <a href=\"https:\/\/www.irdin.org.br\/site\/envios\/audios\/0068_0010__por_por__conversas_especiais_n10.mp3\" class=\"baixar\" download><span class=\"fa fa-arrow-down\"><\/span>Baixar<\/span><\/a> <span class=\"textobaixar\"> conversas especiais &#8211; 10<\/span><\/p>\n<p>&nbsp;<\/p>\n","protected":false},"excerpt":{"rendered":"<p>Grupo de almas \/ O Caminho ao \u00danico \/ Estanques c\u00f3smicos \/ Compreens\u00e3o interior do trabalho dos espelhos \/ O<\/p>\n","protected":false},"featured_media":37803,"template":"","meta":{"_acf_changed":false},"product_brand":[],"product_cat":[18076,33068],"product_tag":[41053],"class_list":{"0":"post-83876","1":"product","2":"type-product","3":"status-publish","4":"has-post-thumbnail","6":"product_cat-cddvd","7":"product_cat-palestras","8":"product_tag-41053","9":"pa_autor-trigueirinho","10":"pa_codigo-da-serie-31894","11":"pa_codigo-externo-00680010porcd","12":"pa_data-de-gravacao-25579","13":"pa_duracao-52min31s","14":"pa_idioma-de-destino-portugues","15":"pa_idioma-de-origem-portugues","16":"pa_lancamento-no","17":"pa_midia-cd","18":"pa_moac-41052","19":"pa_quantidade-de-saldo-33067","20":"pa_sequencial-da-serie-31890","21":"pa_tipo-de-traducao-nao-classificado","23":"first","24":"outofstock","25":"product-type-simple"},"acf":[],"_links":{"self":[{"href":"https:\/\/www.irdin.org.br\/site\/wp-json\/wp\/v2\/product\/83876","targetHints":{"allow":["GET"]}}],"collection":[{"href":"https:\/\/www.irdin.org.br\/site\/wp-json\/wp\/v2\/product"}],"about":[{"href":"https:\/\/www.irdin.org.br\/site\/wp-json\/wp\/v2\/types\/product"}],"version-history":[{"count":1,"href":"https:\/\/www.irdin.org.br\/site\/wp-json\/wp\/v2\/product\/83876\/revisions"}],"predecessor-version":[{"id":108409,"href":"https:\/\/www.irdin.org.br\/site\/wp-json\/wp\/v2\/product\/83876\/revisions\/108409"}],"wp:featuredmedia":[{"embeddable":true,"href":"https:\/\/www.irdin.org.br\/site\/wp-json\/wp\/v2\/media\/37803"}],"wp:attachment":[{"href":"https:\/\/www.irdin.org.br\/site\/wp-json\/wp\/v2\/media?parent=83876"}],"wp:term":[{"taxonomy":"product_brand","embeddable":true,"href":"https:\/\/www.irdin.org.br\/site\/wp-json\/wp\/v2\/product_brand?post=83876"},{"taxonomy":"product_cat","embeddable":true,"href":"https:\/\/www.irdin.org.br\/site\/wp-json\/wp\/v2\/product_cat?post=83876"},{"taxonomy":"product_tag","embeddable":true,"href":"https:\/\/www.irdin.org.br\/site\/wp-json\/wp\/v2\/product_tag?post=83876"}],"curies":[{"name":"wp","href":"https:\/\/api.w.org\/{rel}","templated":true}]}}