{"id":83882,"date":"2018-04-26T18:28:37","date_gmt":"2018-04-26T18:28:37","guid":{"rendered":"http:\/\/www.irdin.org.br\/site\/produto\/conversas-especiais-16\/"},"modified":"2025-03-15T19:01:20","modified_gmt":"2025-03-15T19:01:20","slug":"conversas-especiais-16","status":"publish","type":"product","link":"https:\/\/www.irdin.org.br\/site\/produtos\/conversas-especiais-16\/","title":{"rendered":"Conversas especiais &#8211; 16"},"content":{"rendered":"<p><em>Obst\u00e1culos ao servi\u00e7o \/ Casamento, sexo, filhos e caminho espiritual \/ N\u00e3o responder a perguntas \/ Aborto \/ Repercuss\u00e3o de a\u00e7\u00f5es negativas \/ Como contatar a Hierarquia? \/ Quando o Instrutor n\u00e3o estiver mais presente \/ Fun\u00e7\u00f5es dos mantras \/ Reconhecer a origem de um sonho \/ Tarefas intraterrenas e extraterrestres \/ Conselhos do Cosmos<\/em><\/p>\n<p>&nbsp;<br \/>\n<strong>Ou\u00e7a agora:<\/strong><\/p>\n<p><span data-href=\"https:\/\/www.irdin.org.br\/site\/envios\/audios\/0068_0016__por_por__conversas_especiais_n16.mp3\" data-title=\"conversas especiais - 16\" data-rel=\"\" data-target=\"\" data-meta=\"#fap-meta-69e4014258c22\" class=\"fap-single-track fap-track-button fap-play-button\" data-enqueue=\"no\" data-autoenqueue=\"no\" title=\"conversas especiais - 16\"><span class=\"fap-icon-play\"><\/span>Ouvir<\/span> <a href=\"https:\/\/www.irdin.org.br\/site\/envios\/audios\/0068_0016__por_por__conversas_especiais_n16.mp3\" class=\"baixar\" download><span class=\"fa fa-arrow-down\"><\/span>Baixar<\/span><\/a> <span class=\"textobaixar\"> conversas especiais &#8211; 16<\/span><\/p>\n<p>&nbsp;<\/p>\n","protected":false},"excerpt":{"rendered":"<p>Obst\u00e1culos ao servi\u00e7o \/ Casamento, sexo, filhos e caminho espiritual \/ N\u00e3o responder a perguntas \/ Aborto \/ Repercuss\u00e3o de<\/p>\n","protected":false},"featured_media":37803,"template":"","meta":{"_acf_changed":false},"product_brand":[],"product_cat":[18076,33068],"product_tag":[41065],"class_list":{"0":"post-83882","1":"product","2":"type-product","3":"status-publish","4":"has-post-thumbnail","6":"product_cat-cddvd","7":"product_cat-palestras","8":"product_tag-41065","9":"pa_autor-trigueirinho","10":"pa_codigo-da-serie-31894","11":"pa_codigo-externo-00680016porcd","12":"pa_data-de-gravacao-25601","13":"pa_duracao-45min52s","14":"pa_idioma-de-destino-portugues","15":"pa_idioma-de-origem-portugues","16":"pa_lancamento-no","17":"pa_midia-cd","18":"pa_moac-41064","19":"pa_quantidade-de-saldo-33067","20":"pa_sequencial-da-serie-31869","21":"pa_tipo-de-traducao-nao-classificado","23":"first","24":"outofstock","25":"product-type-simple"},"acf":[],"_links":{"self":[{"href":"https:\/\/www.irdin.org.br\/site\/wp-json\/wp\/v2\/product\/83882","targetHints":{"allow":["GET"]}}],"collection":[{"href":"https:\/\/www.irdin.org.br\/site\/wp-json\/wp\/v2\/product"}],"about":[{"href":"https:\/\/www.irdin.org.br\/site\/wp-json\/wp\/v2\/types\/product"}],"version-history":[{"count":1,"href":"https:\/\/www.irdin.org.br\/site\/wp-json\/wp\/v2\/product\/83882\/revisions"}],"predecessor-version":[{"id":108375,"href":"https:\/\/www.irdin.org.br\/site\/wp-json\/wp\/v2\/product\/83882\/revisions\/108375"}],"wp:featuredmedia":[{"embeddable":true,"href":"https:\/\/www.irdin.org.br\/site\/wp-json\/wp\/v2\/media\/37803"}],"wp:attachment":[{"href":"https:\/\/www.irdin.org.br\/site\/wp-json\/wp\/v2\/media?parent=83882"}],"wp:term":[{"taxonomy":"product_brand","embeddable":true,"href":"https:\/\/www.irdin.org.br\/site\/wp-json\/wp\/v2\/product_brand?post=83882"},{"taxonomy":"product_cat","embeddable":true,"href":"https:\/\/www.irdin.org.br\/site\/wp-json\/wp\/v2\/product_cat?post=83882"},{"taxonomy":"product_tag","embeddable":true,"href":"https:\/\/www.irdin.org.br\/site\/wp-json\/wp\/v2\/product_tag?post=83882"}],"curies":[{"name":"wp","href":"https:\/\/api.w.org\/{rel}","templated":true}]}}