{"id":83913,"date":"2018-04-26T18:28:58","date_gmt":"2018-04-26T18:28:58","guid":{"rendered":"http:\/\/www.irdin.org.br\/site\/produto\/conversas-especiais-47\/"},"modified":"2025-03-15T18:59:12","modified_gmt":"2025-03-15T18:59:12","slug":"conversas-especiais-47","status":"publish","type":"product","link":"https:\/\/www.irdin.org.br\/site\/produtos\/conversas-especiais-47\/","title":{"rendered":"Conversas especiais &#8211; 47"},"content":{"rendered":"<p><em>Pensamentos de S\u00e3o Jo\u00e3o da Cruz \/ Uni\u00e3o em ora\u00e7\u00f5es grupais \/ Sonho com mordida de c\u00e3o \/ N\u00facleo Sohin e o sentido de fam\u00edlia \/ Capacidade de compreender a instru\u00e7\u00e3o \/ Exerc\u00edcio da recapitula\u00e7\u00e3o do dia \/ Mochileiros e viajantes \/ Alegria e servi\u00e7o<\/em><\/p>\n<p>&nbsp;<br \/>\n<strong>Ou\u00e7a agora:<\/strong><\/p>\n<p><span data-href=\"https:\/\/www.irdin.org.br\/site\/envios\/audios\/0068_0047__por_por__conversas_especiais_n47.mp3\" data-title=\"conversas especiais - 47\" data-rel=\"\" data-target=\"\" data-meta=\"#fap-meta-69e3ef39732bb\" class=\"fap-single-track fap-track-button fap-play-button\" data-enqueue=\"no\" data-autoenqueue=\"no\" title=\"conversas especiais - 47\"><span class=\"fap-icon-play\"><\/span>Ouvir<\/span> <a href=\"https:\/\/www.irdin.org.br\/site\/envios\/audios\/0068_0047__por_por__conversas_especiais_n47.mp3\" class=\"baixar\" download><span class=\"fa fa-arrow-down\"><\/span>Baixar<\/span><\/a> <span class=\"textobaixar\"> conversas especiais &#8211; 47<\/span><\/p>\n<p>&nbsp;<\/p>\n","protected":false},"excerpt":{"rendered":"<p>Pensamentos de S\u00e3o Jo\u00e3o da Cruz \/ Uni\u00e3o em ora\u00e7\u00f5es grupais \/ Sonho com mordida de c\u00e3o \/ N\u00facleo Sohin<\/p>\n","protected":false},"featured_media":37803,"template":"","meta":{"_acf_changed":false},"product_brand":[],"product_cat":[18076,33068],"product_tag":[41127],"class_list":{"0":"post-83913","1":"product","2":"type-product","3":"status-publish","4":"has-post-thumbnail","6":"product_cat-cddvd","7":"product_cat-palestras","8":"product_tag-41127","9":"pa_autor-trigueirinho","10":"pa_codigo-da-serie-31894","11":"pa_codigo-externo-00680047porcd","12":"pa_data-de-gravacao-25890","13":"pa_duracao-37m48s","14":"pa_idioma-de-destino-portugues","15":"pa_idioma-de-origem-portugues","16":"pa_lancamento-no","17":"pa_midia-cd","18":"pa_moac-41126","19":"pa_quantidade-de-saldo-33067","20":"pa_sequencial-da-serie-31923","21":"pa_tipo-de-traducao-nao-classificado","23":"first","24":"outofstock","25":"product-type-simple"},"acf":[],"_links":{"self":[{"href":"https:\/\/www.irdin.org.br\/site\/wp-json\/wp\/v2\/product\/83913","targetHints":{"allow":["GET"]}}],"collection":[{"href":"https:\/\/www.irdin.org.br\/site\/wp-json\/wp\/v2\/product"}],"about":[{"href":"https:\/\/www.irdin.org.br\/site\/wp-json\/wp\/v2\/types\/product"}],"version-history":[{"count":1,"href":"https:\/\/www.irdin.org.br\/site\/wp-json\/wp\/v2\/product\/83913\/revisions"}],"predecessor-version":[{"id":108366,"href":"https:\/\/www.irdin.org.br\/site\/wp-json\/wp\/v2\/product\/83913\/revisions\/108366"}],"wp:featuredmedia":[{"embeddable":true,"href":"https:\/\/www.irdin.org.br\/site\/wp-json\/wp\/v2\/media\/37803"}],"wp:attachment":[{"href":"https:\/\/www.irdin.org.br\/site\/wp-json\/wp\/v2\/media?parent=83913"}],"wp:term":[{"taxonomy":"product_brand","embeddable":true,"href":"https:\/\/www.irdin.org.br\/site\/wp-json\/wp\/v2\/product_brand?post=83913"},{"taxonomy":"product_cat","embeddable":true,"href":"https:\/\/www.irdin.org.br\/site\/wp-json\/wp\/v2\/product_cat?post=83913"},{"taxonomy":"product_tag","embeddable":true,"href":"https:\/\/www.irdin.org.br\/site\/wp-json\/wp\/v2\/product_tag?post=83913"}],"curies":[{"name":"wp","href":"https:\/\/api.w.org\/{rel}","templated":true}]}}