{"id":84141,"date":"2018-04-26T18:33:04","date_gmt":"2018-04-26T18:33:04","guid":{"rendered":"http:\/\/www.irdin.org.br\/site\/produto\/a-ciencia-da-morte\/"},"modified":"2025-03-13T01:29:56","modified_gmt":"2025-03-13T01:29:56","slug":"a-ciencia-da-morte","status":"publish","type":"product","link":"https:\/\/www.irdin.org.br\/site\/produtos\/a-ciencia-da-morte\/","title":{"rendered":"A ci\u00eancia da morte"},"content":{"rendered":"<p><em>N\u00e3o existe morte, mas sim passagem a outro n\u00edvel de consci\u00eancia. O que mais nos prepara para essa transi\u00e7\u00e3o \u00e9 a pr\u00e1tica do servi\u00e7o altru\u00edsta.<\/em><\/p>\n<p>&nbsp;<br \/>\n<strong>Ou\u00e7a agora:<\/strong><\/p>\n<p><span data-href=\"https:\/\/www.irdin.org.br\/site\/envios\/audios\/0301_0007__por_por__a_ciencia_da_morte.mp3\" data-title=\"a ci\u00eancia da morte\" data-rel=\"\" data-target=\"\" data-meta=\"#fap-meta-69e888819d384\" class=\"fap-single-track fap-track-button fap-play-button\" data-enqueue=\"no\" data-autoenqueue=\"no\" title=\"a ci\u00eancia da morte\"><span class=\"fap-icon-play\"><\/span>Ouvir<\/span> <a href=\"https:\/\/www.irdin.org.br\/site\/envios\/audios\/0301_0007__por_por__a_ciencia_da_morte.mp3\" class=\"baixar\" download><span class=\"fa fa-arrow-down\"><\/span>Baixar<\/span><\/a> <span class=\"textobaixar\"> a ci\u00eancia da morte<\/span><\/p>\n<p>&nbsp;<\/p>\n","protected":false},"excerpt":{"rendered":"<p>N\u00e3o existe morte, mas sim passagem a outro n\u00edvel de consci\u00eancia. O que mais nos prepara para essa transi\u00e7\u00e3o \u00e9<\/p>\n","protected":false},"featured_media":37803,"template":"","meta":{"_acf_changed":false},"product_brand":[],"product_cat":[18076,33068],"product_tag":[41583],"class_list":{"0":"post-84141","1":"product","2":"type-product","3":"status-publish","4":"has-post-thumbnail","6":"product_cat-cddvd","7":"product_cat-palestras","8":"product_tag-41583","9":"pa_autor-frei-ameino-clemente","10":"pa_codigo-da-serie-31976","11":"pa_codigo-externo-03010007porcd","12":"pa_data-de-gravacao-21505","13":"pa_duracao-29min","14":"pa_idioma-de-destino-portugues","15":"pa_idioma-de-origem-portugues","16":"pa_lancamento-no","17":"pa_midia-cd","18":"pa_moac-41582","19":"pa_quantidade-de-saldo-33067","20":"pa_sequencial-da-serie-31883","21":"pa_tipo-de-traducao-nao-classificado","23":"first","24":"outofstock","25":"product-type-simple"},"acf":[],"_links":{"self":[{"href":"https:\/\/www.irdin.org.br\/site\/wp-json\/wp\/v2\/product\/84141","targetHints":{"allow":["GET"]}}],"collection":[{"href":"https:\/\/www.irdin.org.br\/site\/wp-json\/wp\/v2\/product"}],"about":[{"href":"https:\/\/www.irdin.org.br\/site\/wp-json\/wp\/v2\/types\/product"}],"version-history":[{"count":1,"href":"https:\/\/www.irdin.org.br\/site\/wp-json\/wp\/v2\/product\/84141\/revisions"}],"predecessor-version":[{"id":108118,"href":"https:\/\/www.irdin.org.br\/site\/wp-json\/wp\/v2\/product\/84141\/revisions\/108118"}],"wp:featuredmedia":[{"embeddable":true,"href":"https:\/\/www.irdin.org.br\/site\/wp-json\/wp\/v2\/media\/37803"}],"wp:attachment":[{"href":"https:\/\/www.irdin.org.br\/site\/wp-json\/wp\/v2\/media?parent=84141"}],"wp:term":[{"taxonomy":"product_brand","embeddable":true,"href":"https:\/\/www.irdin.org.br\/site\/wp-json\/wp\/v2\/product_brand?post=84141"},{"taxonomy":"product_cat","embeddable":true,"href":"https:\/\/www.irdin.org.br\/site\/wp-json\/wp\/v2\/product_cat?post=84141"},{"taxonomy":"product_tag","embeddable":true,"href":"https:\/\/www.irdin.org.br\/site\/wp-json\/wp\/v2\/product_tag?post=84141"}],"curies":[{"name":"wp","href":"https:\/\/api.w.org\/{rel}","templated":true}]}}