{"id":84143,"date":"2018-04-26T18:33:04","date_gmt":"2018-04-26T18:33:04","guid":{"rendered":"http:\/\/www.irdin.org.br\/site\/produto\/curas-pela-observacao-do-universo\/"},"modified":"2019-12-06T17:23:52","modified_gmt":"2019-12-06T17:23:52","slug":"curas-pela-observacao-do-universo","status":"publish","type":"product","link":"https:\/\/www.irdin.org.br\/site\/produtos\/curas-pela-observacao-do-universo\/","title":{"rendered":"Curas pela observa\u00e7\u00e3o do Universo"},"content":{"rendered":"<p><em>Contemplar grandezas siderais desperta em n\u00f3s a humildade, qualidade capaz de abrir um espa\u00e7o interior em que o Universo pode espelhar-se.<\/em><\/p>\n<p>&nbsp;<br \/>\n<strong>Ou\u00e7a agora:<\/strong><\/p>\n<p><span data-href=\"https:\/\/www.irdin.org.br\/site\/envios\/audios\/0301_0009__por_por__curas_pela_observacao_do_universo.mp3\" data-title=\"curas pela observa\u00e7\u00e3o do universo\" data-rel=\"\" data-target=\"\" data-meta=\"#fap-meta-69ef54248a9eb\" class=\"fap-single-track fap-track-button fap-play-button\" data-enqueue=\"no\" data-autoenqueue=\"no\" title=\"curas pela observa\u00e7\u00e3o do universo\"><span class=\"fap-icon-play\"><\/span>Ouvir<\/span> <a href=\"https:\/\/www.irdin.org.br\/site\/envios\/audios\/0301_0009__por_por__curas_pela_observacao_do_universo.mp3\" class=\"baixar\"><span class=\"fa fa-arrow-down\"><\/span>Baixar<\/span><\/a> <span class=\"textobaixar\"> curas pela observa\u00e7\u00e3o do universo<\/span><\/p>\n<p>&nbsp;<\/p>\n","protected":false},"excerpt":{"rendered":"<p>Contemplar grandezas siderais desperta em n\u00f3s a humildade, qualidade capaz de abrir um espa\u00e7o interior em que o Universo pode<\/p>\n","protected":false},"featured_media":37803,"template":"","meta":{"_acf_changed":false},"product_brand":[],"product_cat":[18076,33068],"product_tag":[41587],"class_list":{"0":"post-84143","1":"product","2":"type-product","3":"status-publish","4":"has-post-thumbnail","6":"product_cat-cddvd","7":"product_cat-palestras","8":"product_tag-41587","9":"pa_autor-frei-ameino-clemente","10":"pa_codigo-da-serie-31976","11":"pa_codigo-externo-03010009porcd","12":"pa_data-de-gravacao-25465","13":"pa_duracao-40min56s","14":"pa_idioma-de-destino-portugues","15":"pa_idioma-de-origem-portugues","16":"pa_lancamento-no","17":"pa_midia-cd","18":"pa_moac-41586","19":"pa_quantidade-de-saldo-33067","20":"pa_sequencial-da-serie-31889","21":"pa_tipo-de-traducao-nao-classificado","23":"first","24":"outofstock","25":"product-type-simple"},"acf":[],"_links":{"self":[{"href":"https:\/\/www.irdin.org.br\/site\/wp-json\/wp\/v2\/product\/84143","targetHints":{"allow":["GET"]}}],"collection":[{"href":"https:\/\/www.irdin.org.br\/site\/wp-json\/wp\/v2\/product"}],"about":[{"href":"https:\/\/www.irdin.org.br\/site\/wp-json\/wp\/v2\/types\/product"}],"version-history":[{"count":0,"href":"https:\/\/www.irdin.org.br\/site\/wp-json\/wp\/v2\/product\/84143\/revisions"}],"wp:featuredmedia":[{"embeddable":true,"href":"https:\/\/www.irdin.org.br\/site\/wp-json\/wp\/v2\/media\/37803"}],"wp:attachment":[{"href":"https:\/\/www.irdin.org.br\/site\/wp-json\/wp\/v2\/media?parent=84143"}],"wp:term":[{"taxonomy":"product_brand","embeddable":true,"href":"https:\/\/www.irdin.org.br\/site\/wp-json\/wp\/v2\/product_brand?post=84143"},{"taxonomy":"product_cat","embeddable":true,"href":"https:\/\/www.irdin.org.br\/site\/wp-json\/wp\/v2\/product_cat?post=84143"},{"taxonomy":"product_tag","embeddable":true,"href":"https:\/\/www.irdin.org.br\/site\/wp-json\/wp\/v2\/product_tag?post=84143"}],"curies":[{"name":"wp","href":"https:\/\/api.w.org\/{rel}","templated":true}]}}

Curas pela observação do Universo

<p><em>Contemplar grandezas siderais desperta em nós a humildade, qualidade capaz de abrir um espaço interior em que o Universo pode espelhar-se.</em></p>
<p>&nbsp;<br />
<strong>Ouça agora:</strong></p>
<p><span data-href="https://www.irdin.org.br/site/envios/audios/0301_0009__por_por__curas_pela_observacao_do_universo.mp3" data-title="curas pela observação do universo" data-rel="" data-target="" data-meta="#fap-meta-69ef54248a9eb" class="fap-single-track fap-track-button fap-play-button" data-enqueue="no" data-autoenqueue="no" title="curas pela observação do universo"><span class="fap-icon-play"></span>Ouvir</span> <a href="https://www.irdin.org.br/site/envios/audios/0301_0009__por_por__curas_pela_observacao_do_universo.mp3" class="baixar"><span class="fa fa-arrow-down"></span>Baixar</span></a> <span class="textobaixar"> curas pela observação do universo</span></p>
<p>&nbsp;</p>

<p>Contemplar grandezas siderais desperta em nós a humildade, qualidade capaz de abrir um espaço interior em que o Universo pode</p>
