{"id":84172,"date":"2018-04-26T18:33:25","date_gmt":"2018-04-26T18:33:25","guid":{"rendered":"http:\/\/www.irdin.org.br\/site\/produto\/informacoes-sobre-hidroterapia\/"},"modified":"2025-03-13T01:26:25","modified_gmt":"2025-03-13T01:26:25","slug":"informacoes-sobre-hidroterapia","status":"publish","type":"product","link":"https:\/\/www.irdin.org.br\/site\/produtos\/informacoes-sobre-hidroterapia\/","title":{"rendered":"Informa\u00e7\u00f5es sobre Hidroterapia"},"content":{"rendered":"<p><em>Procedimentos caseiros para manter o organismo puro, saud\u00e1vel e receptivo a novas energias.<\/em><\/p>\n<p>&nbsp;<br \/>\n<strong>Ou\u00e7a agora:<\/strong><\/p>\n<p><span data-href=\"https:\/\/www.irdin.org.br\/site\/envios\/audios\/0701_0002__por_por__informacoes_sobre_hidroterapia.mp3\" data-title=\"informa\u00e7\u00f5es sobre hidroterapia\" data-rel=\"\" data-target=\"\" data-meta=\"#fap-meta-69e2d25dbc415\" class=\"fap-single-track fap-track-button fap-play-button\" data-enqueue=\"no\" data-autoenqueue=\"no\" title=\"informa\u00e7\u00f5es sobre hidroterapia\"><span class=\"fap-icon-play\"><\/span>Ouvir<\/span> <a href=\"https:\/\/www.irdin.org.br\/site\/envios\/audios\/0701_0002__por_por__informacoes_sobre_hidroterapia.mp3\" class=\"baixar\" download><span class=\"fa fa-arrow-down\"><\/span>Baixar<\/span><\/a> <span class=\"textobaixar\"> informa\u00e7\u00f5es sobre hidroterapia<\/span><\/p>\n<p>&nbsp;<\/p>\n","protected":false},"excerpt":{"rendered":"<p>Procedimentos caseiros para manter o organismo puro, saud\u00e1vel e receptivo a novas energias. &nbsp; Ou\u00e7a agora: Baixar informa\u00e7\u00f5es sobre hidroterapia<\/p>\n","protected":false},"featured_media":37803,"template":"","meta":{"_acf_changed":false},"product_brand":[],"product_cat":[18076,33068],"product_tag":[41645],"class_list":{"0":"post-84172","1":"product","2":"type-product","3":"status-publish","4":"has-post-thumbnail","6":"product_cat-cddvd","7":"product_cat-palestras","8":"product_tag-41645","9":"pa_autor-dra-maria-de-fatima","10":"pa_codigo-da-serie-31981","11":"pa_codigo-externo-07010002porcd","12":"pa_data-de-gravacao-21331","13":"pa_duracao-1h17min","14":"pa_idioma-de-destino-portugues","15":"pa_idioma-de-origem-portugues","16":"pa_lancamento-no","17":"pa_midia-cd","18":"pa_moac-41644","19":"pa_quantidade-de-saldo-33067","20":"pa_sequencial-da-serie-31878","21":"pa_tipo-de-traducao-nao-classificado","23":"first","24":"outofstock","25":"product-type-simple"},"acf":[],"_links":{"self":[{"href":"https:\/\/www.irdin.org.br\/site\/wp-json\/wp\/v2\/product\/84172","targetHints":{"allow":["GET"]}}],"collection":[{"href":"https:\/\/www.irdin.org.br\/site\/wp-json\/wp\/v2\/product"}],"about":[{"href":"https:\/\/www.irdin.org.br\/site\/wp-json\/wp\/v2\/types\/product"}],"version-history":[{"count":1,"href":"https:\/\/www.irdin.org.br\/site\/wp-json\/wp\/v2\/product\/84172\/revisions"}],"predecessor-version":[{"id":108109,"href":"https:\/\/www.irdin.org.br\/site\/wp-json\/wp\/v2\/product\/84172\/revisions\/108109"}],"wp:featuredmedia":[{"embeddable":true,"href":"https:\/\/www.irdin.org.br\/site\/wp-json\/wp\/v2\/media\/37803"}],"wp:attachment":[{"href":"https:\/\/www.irdin.org.br\/site\/wp-json\/wp\/v2\/media?parent=84172"}],"wp:term":[{"taxonomy":"product_brand","embeddable":true,"href":"https:\/\/www.irdin.org.br\/site\/wp-json\/wp\/v2\/product_brand?post=84172"},{"taxonomy":"product_cat","embeddable":true,"href":"https:\/\/www.irdin.org.br\/site\/wp-json\/wp\/v2\/product_cat?post=84172"},{"taxonomy":"product_tag","embeddable":true,"href":"https:\/\/www.irdin.org.br\/site\/wp-json\/wp\/v2\/product_tag?post=84172"}],"curies":[{"name":"wp","href":"https:\/\/api.w.org\/{rel}","templated":true}]}}