{"id":84173,"date":"2018-04-26T18:33:25","date_gmt":"2018-04-26T18:33:25","guid":{"rendered":"http:\/\/www.irdin.org.br\/site\/produto\/a-busca-de-uma-vida-sa\/"},"modified":"2025-03-13T01:26:41","modified_gmt":"2025-03-13T01:26:41","slug":"a-busca-de-uma-vida-sa","status":"publish","type":"product","link":"https:\/\/www.irdin.org.br\/site\/produtos\/a-busca-de-uma-vida-sa\/","title":{"rendered":"A busca de uma vida s\u00e3"},"content":{"rendered":"<p><em>Sa\u00fade \u00e9 uma conquista: resultado de nossos pequenos esfor\u00e7os cotidianos.<\/em><\/p>\n<p>&nbsp;<br \/>\n<strong>Ou\u00e7a agora:<\/strong><\/p>\n<p><span data-href=\"https:\/\/www.irdin.org.br\/site\/envios\/audios\/0701_0003__por_por__a_busca_de_uma_vida_sa.mp3\" data-title=\"a busca de uma vida s\u00e3\" data-rel=\"\" data-target=\"\" data-meta=\"#fap-meta-69e29597a12a6\" class=\"fap-single-track fap-track-button fap-play-button\" data-enqueue=\"no\" data-autoenqueue=\"no\" title=\"a busca de uma vida s\u00e3\"><span class=\"fap-icon-play\"><\/span>Ouvir<\/span> <a href=\"https:\/\/www.irdin.org.br\/site\/envios\/audios\/0701_0003__por_por__a_busca_de_uma_vida_sa.mp3\" class=\"baixar\" download><span class=\"fa fa-arrow-down\"><\/span>Baixar<\/span><\/a> <span class=\"textobaixar\"> a busca de uma vida s\u00e3<\/span><\/p>\n<p>&nbsp;<\/p>\n","protected":false},"excerpt":{"rendered":"<p>Sa\u00fade \u00e9 uma conquista: resultado de nossos pequenos esfor\u00e7os cotidianos. &nbsp; Ou\u00e7a agora: Baixar a busca de uma vida s\u00e3<\/p>\n","protected":false},"featured_media":37803,"template":"","meta":{"_acf_changed":false},"product_brand":[],"product_cat":[18076,33068],"product_tag":[41647],"class_list":{"0":"post-84173","1":"product","2":"type-product","3":"status-publish","4":"has-post-thumbnail","6":"product_cat-cddvd","7":"product_cat-palestras","8":"product_tag-41647","9":"pa_autor-dra-maria-de-fatima","10":"pa_codigo-da-serie-31981","11":"pa_codigo-externo-07010003porcd","12":"pa_data-de-gravacao-20424","13":"pa_duracao-35min","14":"pa_idioma-de-destino-portugues","15":"pa_idioma-de-origem-portugues","16":"pa_lancamento-no","17":"pa_midia-cd","18":"pa_moac-41646","19":"pa_quantidade-de-saldo-33067","20":"pa_sequencial-da-serie-31879","21":"pa_tipo-de-traducao-nao-classificado","23":"first","24":"outofstock","25":"product-type-simple"},"acf":[],"_links":{"self":[{"href":"https:\/\/www.irdin.org.br\/site\/wp-json\/wp\/v2\/product\/84173","targetHints":{"allow":["GET"]}}],"collection":[{"href":"https:\/\/www.irdin.org.br\/site\/wp-json\/wp\/v2\/product"}],"about":[{"href":"https:\/\/www.irdin.org.br\/site\/wp-json\/wp\/v2\/types\/product"}],"version-history":[{"count":1,"href":"https:\/\/www.irdin.org.br\/site\/wp-json\/wp\/v2\/product\/84173\/revisions"}],"predecessor-version":[{"id":108110,"href":"https:\/\/www.irdin.org.br\/site\/wp-json\/wp\/v2\/product\/84173\/revisions\/108110"}],"wp:featuredmedia":[{"embeddable":true,"href":"https:\/\/www.irdin.org.br\/site\/wp-json\/wp\/v2\/media\/37803"}],"wp:attachment":[{"href":"https:\/\/www.irdin.org.br\/site\/wp-json\/wp\/v2\/media?parent=84173"}],"wp:term":[{"taxonomy":"product_brand","embeddable":true,"href":"https:\/\/www.irdin.org.br\/site\/wp-json\/wp\/v2\/product_brand?post=84173"},{"taxonomy":"product_cat","embeddable":true,"href":"https:\/\/www.irdin.org.br\/site\/wp-json\/wp\/v2\/product_cat?post=84173"},{"taxonomy":"product_tag","embeddable":true,"href":"https:\/\/www.irdin.org.br\/site\/wp-json\/wp\/v2\/product_tag?post=84173"}],"curies":[{"name":"wp","href":"https:\/\/api.w.org\/{rel}","templated":true}]}}