{"id":84189,"date":"2018-04-26T18:33:47","date_gmt":"2018-04-26T18:33:47","guid":{"rendered":"http:\/\/www.irdin.org.br\/site\/produto\/destinos-de-animais\/"},"modified":"2025-03-15T01:34:48","modified_gmt":"2025-03-15T01:34:48","slug":"destinos-de-animais","status":"publish","type":"product","link":"https:\/\/www.irdin.org.br\/site\/produtos\/destinos-de-animais\/","title":{"rendered":"Destinos de animais"},"content":{"rendered":"<p><em>Objetivos do Instituto Nina Rosa \/ Descarte de animais dom\u00e9sticos \/ Animais em circos \/ Touradas \/ Tr\u00e1fico de animais silvestres \/ Rituais \/ O pat\u00ea de foie gras \/ Animais na alimenta\u00e7\u00e3o humana \/ Peles no vestu\u00e1rio e em tapetes \/ Animais em pesquisas \/ O document\u00e1rio N\u00e3o Matar\u00e1s\u00b4 \/ O poder do consumidor \/ Educa\u00e7\u00e3o humanit\u00e1ria \/ Perguntas e respostas                                                                                                                                                                                                                                                                                                                                                                                                                                                                                                                                                                                                                                                                                                                                                                                                                                                                                                                                                                                                                                                                                                                                                                                                                                                                                                                                                                                                                                                                                                                                                                                                                                                                                                                                                                                                                                                                                                                                                                                                                                                                                                                                                                                                                                                                                                                                                                                                                                                                                                                                                                                                                                                                                                                                                                                                                                                                                                                                                                                                                                                                                                                                                                                                                                                                                                                                                                                                                                                                                                                                                                                                                                                                                                                                                                                                                                                                                                                                                                                                                                                                                 \u00b4<\/em><\/p>\n<p>&nbsp;<br \/>\n<strong>Ou\u00e7a agora:<\/strong><\/p>\n<p><span data-href=\"https:\/\/www.irdin.org.br\/site\/envios\/audios\/1201_0001__por_por__destinos_de_animais.mp3\" data-title=\"destinos de animais\" data-rel=\"\" data-target=\"\" data-meta=\"#fap-meta-69ff187fadf76\" class=\"fap-single-track fap-track-button fap-play-button\" data-enqueue=\"no\" data-autoenqueue=\"no\" title=\"destinos de animais\"><span class=\"fap-icon-play\"><\/span>Ouvir<\/span> <a href=\"https:\/\/www.irdin.org.br\/site\/envios\/audios\/1201_0001__por_por__destinos_de_animais.mp3\" class=\"baixar\" download><span class=\"fa fa-arrow-down\"><\/span>Baixar<\/span><\/a> <span class=\"textobaixar\"> destinos de animais<\/span><\/p>\n<p>&nbsp;<\/p>\n","protected":false},"excerpt":{"rendered":"<p>Objetivos do Instituto Nina Rosa \/ Descarte de animais dom\u00e9sticos \/ Animais em circos \/ Touradas \/ Tr\u00e1fico de animais<\/p>\n","protected":false},"featured_media":37803,"template":"","meta":{"_acf_changed":false},"product_brand":[],"product_cat":[18076,33068],"product_tag":[41679],"class_list":{"0":"post-84189","1":"product","2":"type-product","3":"status-publish","4":"has-post-thumbnail","6":"product_cat-cddvd","7":"product_cat-palestras","8":"product_tag-41679","9":"pa_autor-nina-rosa-jacob","10":"pa_codigo-da-serie-26990","11":"pa_codigo-externo-12010001porcd","12":"pa_data-de-gravacao-20449","13":"pa_duracao-1h11min","14":"pa_idioma-de-destino-portugues","15":"pa_idioma-de-origem-portugues","16":"pa_lancamento-no","17":"pa_midia-cd","18":"pa_moac-41678","19":"pa_quantidade-de-saldo-33067","20":"pa_sequencial-da-serie-31877","21":"pa_tipo-de-traducao-nao-classificado","23":"first","24":"outofstock","25":"product-type-simple"},"acf":[],"_links":{"self":[{"href":"https:\/\/www.irdin.org.br\/site\/wp-json\/wp\/v2\/product\/84189","targetHints":{"allow":["GET"]}}],"collection":[{"href":"https:\/\/www.irdin.org.br\/site\/wp-json\/wp\/v2\/product"}],"about":[{"href":"https:\/\/www.irdin.org.br\/site\/wp-json\/wp\/v2\/types\/product"}],"version-history":[{"count":1,"href":"https:\/\/www.irdin.org.br\/site\/wp-json\/wp\/v2\/product\/84189\/revisions"}],"predecessor-version":[{"id":108246,"href":"https:\/\/www.irdin.org.br\/site\/wp-json\/wp\/v2\/product\/84189\/revisions\/108246"}],"wp:featuredmedia":[{"embeddable":true,"href":"https:\/\/www.irdin.org.br\/site\/wp-json\/wp\/v2\/media\/37803"}],"wp:attachment":[{"href":"https:\/\/www.irdin.org.br\/site\/wp-json\/wp\/v2\/media?parent=84189"}],"wp:term":[{"taxonomy":"product_brand","embeddable":true,"href":"https:\/\/www.irdin.org.br\/site\/wp-json\/wp\/v2\/product_brand?post=84189"},{"taxonomy":"product_cat","embeddable":true,"href":"https:\/\/www.irdin.org.br\/site\/wp-json\/wp\/v2\/product_cat?post=84189"},{"taxonomy":"product_tag","embeddable":true,"href":"https:\/\/www.irdin.org.br\/site\/wp-json\/wp\/v2\/product_tag?post=84189"}],"curies":[{"name":"wp","href":"https:\/\/api.w.org\/{rel}","templated":true}]}}