{"id":84215,"date":"2018-04-26T18:34:08","date_gmt":"2018-04-26T18:34:08","guid":{"rendered":"http:\/\/www.irdin.org.br\/site\/produto\/preguntas-y-respuestas-12\/"},"modified":"2025-07-04T08:59:32","modified_gmt":"2025-07-04T11:59:32","slug":"preguntas-y-respuestas-12","status":"publish","type":"product","link":"https:\/\/www.irdin.org.br\/site\/produtos\/preguntas-y-respuestas-12\/","title":{"rendered":"Preguntas y respuestas &#8211; 12"},"content":{"rendered":"<p><em>La energ\u00eda mon\u00e1stica en la preparaci\u00f3n para el advenimiento de la nueva humanidad \/ Thaykhuma, Mainhdra y el concepto de Madre Universal \/ Un mantra que organiza el plano mental y el trabajo de grupos evolutivos \/ Oraci\u00f3n: de la ilusi\u00f3n a la realidad \/ Superaci\u00f3n del miedo a lo desconocido \/ Liberarse para servir, sin arrepentimientos por decisiones tomadas en el pasado<\/em><\/p>\n<p>&nbsp;<br \/>\n<strong>Ou\u00e7a agora:<\/strong><\/p>\n<p><span data-href=\"https:\/\/www.irdin.org.br\/site\/envios\/audios\/2100_0012__spa_spa__preguntas_y_respuestas_12.mp3\" data-title=\"preguntas y respuestas - 12\" data-rel=\"\" data-target=\"\" data-meta=\"#fap-meta-69e2a16d26ccc\" class=\"fap-single-track fap-track-button fap-play-button\" data-enqueue=\"no\" data-autoenqueue=\"no\" title=\"preguntas y respuestas - 12\"><span class=\"fap-icon-play\"><\/span>Ouvir<\/span> <a href=\"https:\/\/www.irdin.org.br\/site\/envios\/audios\/2100_0012__spa_spa__preguntas_y_respuestas_12.mp3\" class=\"baixar\" download><span class=\"fa fa-arrow-down\"><\/span>Baixar<\/span><\/a> <span class=\"textobaixar\"> preguntas y respuestas &#8211; 12<\/span><\/p>\n<p>&nbsp;<\/p>\n","protected":false},"excerpt":{"rendered":"<p>La energ\u00eda mon\u00e1stica en la preparaci\u00f3n para el advenimiento de la nueva humanidad \/ Thaykhuma, Mainhdra y el concepto de<\/p>\n","protected":false},"featured_media":37803,"template":"","meta":{"_acf_changed":false},"product_brand":[],"product_cat":[18076,33068],"product_tag":[41731],"class_list":{"0":"post-84215","1":"product","2":"type-product","3":"status-publish","4":"has-post-thumbnail","6":"product_cat-cddvd","7":"product_cat-palestras","8":"product_tag-41731","9":"pa_autor-madre-maria-shimani","10":"pa_codigo-da-serie-27065","11":"pa_codigo-externo-21000012spacd","12":"pa_data-de-gravacao-27104","13":"pa_duracao-36-min","14":"pa_idioma-de-destino-espanhol","15":"pa_idioma-de-origem-espanhol","16":"pa_lancamento-no","17":"pa_midia-cd","18":"pa_moac-41730","19":"pa_quantidade-de-saldo-33067","20":"pa_sequencial-da-serie-31892","21":"pa_tipo-de-traducao-nao-classificado","23":"first","24":"outofstock","25":"product-type-simple"},"acf":[],"_links":{"self":[{"href":"https:\/\/www.irdin.org.br\/site\/wp-json\/wp\/v2\/product\/84215","targetHints":{"allow":["GET"]}}],"collection":[{"href":"https:\/\/www.irdin.org.br\/site\/wp-json\/wp\/v2\/product"}],"about":[{"href":"https:\/\/www.irdin.org.br\/site\/wp-json\/wp\/v2\/types\/product"}],"version-history":[{"count":1,"href":"https:\/\/www.irdin.org.br\/site\/wp-json\/wp\/v2\/product\/84215\/revisions"}],"predecessor-version":[{"id":108228,"href":"https:\/\/www.irdin.org.br\/site\/wp-json\/wp\/v2\/product\/84215\/revisions\/108228"}],"wp:featuredmedia":[{"embeddable":true,"href":"https:\/\/www.irdin.org.br\/site\/wp-json\/wp\/v2\/media\/37803"}],"wp:attachment":[{"href":"https:\/\/www.irdin.org.br\/site\/wp-json\/wp\/v2\/media?parent=84215"}],"wp:term":[{"taxonomy":"product_brand","embeddable":true,"href":"https:\/\/www.irdin.org.br\/site\/wp-json\/wp\/v2\/product_brand?post=84215"},{"taxonomy":"product_cat","embeddable":true,"href":"https:\/\/www.irdin.org.br\/site\/wp-json\/wp\/v2\/product_cat?post=84215"},{"taxonomy":"product_tag","embeddable":true,"href":"https:\/\/www.irdin.org.br\/site\/wp-json\/wp\/v2\/product_tag?post=84215"}],"curies":[{"name":"wp","href":"https:\/\/api.w.org\/{rel}","templated":true}]}}