{"id":84235,"date":"2018-04-26T18:34:29","date_gmt":"2018-04-26T18:34:29","guid":{"rendered":"http:\/\/www.irdin.org.br\/site\/produto\/viaje-rumbo-al-santo-grial-2a-parte\/"},"modified":"2025-07-04T09:07:36","modified_gmt":"2025-07-04T12:07:36","slug":"viaje-rumbo-al-santo-grial-2a-parte","status":"publish","type":"product","link":"https:\/\/www.irdin.org.br\/site\/produtos\/viaje-rumbo-al-santo-grial-2a-parte\/","title":{"rendered":"Viaje rumbo al Santo Grial &#8211; 2\u00aa parte"},"content":{"rendered":"<p><em>El Santo Grial contiene las energ\u00edas de la creaci\u00f3n, de la omnisciencia, de la consagraci\u00f3n sacerdotal, del Esp\u00edritu Santo, del perd\u00f3n y de la salvaci\u00f3n, de la transmutaci\u00f3n, del amor y de la redenci\u00f3n evolutiva. \u00bfC\u00f3mo act\u00faa en la humanidad?<\/em><\/p>\n<p><strong>Ou\u00e7a agora:<\/strong><\/p>\n<p><span data-href=\"https:\/\/www.irdin.org.br\/site\/envios\/audios\/2101_0025__spa_spa__viaje_rumbo_al_santo_grial_2_parte.mp3\" data-title=\"viaje rumbo al santo grial - 2\u00aa parte\" data-rel=\"\" data-target=\"\" data-meta=\"#fap-meta-69e26f8b34afe\" class=\"fap-single-track fap-track-button fap-play-button\" data-enqueue=\"no\" data-autoenqueue=\"no\" title=\"viaje rumbo al santo grial - 2\u00aa parte\"><span class=\"fap-icon-play\"><\/span>Ouvir<\/span> <a class=\"baixar\" href=\"https:\/\/www.irdin.org.br\/site\/envios\/audios\/2101_0025__spa_spa__viaje_rumbo_al_santo_grial_2_parte.mp3\" download=\"\">Baixar<\/a> <span class=\"textobaixar\"> viaje rumbo al santo grial &#8211; 2\u00aa parte<\/span><\/p>\n<p>&nbsp;<\/p>\n","protected":false},"excerpt":{"rendered":"<p>El Santo Grial contiene las energ\u00edas de la creaci\u00f3n, de la omnisciencia, de la consagraci\u00f3n sacerdotal, del Esp\u00edritu Santo, del<\/p>\n","protected":false},"featured_media":37803,"template":"","meta":{"_acf_changed":false},"product_brand":[],"product_cat":[18076,33068],"product_tag":[41771],"class_list":{"0":"post-84235","1":"product","2":"type-product","3":"status-publish","4":"has-post-thumbnail","6":"product_cat-cddvd","7":"product_cat-palestras","8":"product_tag-41771","9":"pa_autor-madre-maria-shimani","10":"pa_codigo-da-serie-27126","11":"pa_codigo-externo-21010025spacd","12":"pa_data-de-gravacao-27189","13":"pa_duracao-24-min","14":"pa_idioma-de-destino-espanhol","15":"pa_idioma-de-origem-espanhol","16":"pa_lancamento-no","17":"pa_midia-cd","18":"pa_moac-41770","19":"pa_quantidade-de-saldo-33067","20":"pa_sequencial-da-serie-31901","21":"pa_tipo-de-traducao-nao-classificado","23":"first","24":"outofstock","25":"product-type-simple"},"acf":[],"_links":{"self":[{"href":"https:\/\/www.irdin.org.br\/site\/wp-json\/wp\/v2\/product\/84235","targetHints":{"allow":["GET"]}}],"collection":[{"href":"https:\/\/www.irdin.org.br\/site\/wp-json\/wp\/v2\/product"}],"about":[{"href":"https:\/\/www.irdin.org.br\/site\/wp-json\/wp\/v2\/types\/product"}],"version-history":[{"count":1,"href":"https:\/\/www.irdin.org.br\/site\/wp-json\/wp\/v2\/product\/84235\/revisions"}],"predecessor-version":[{"id":108214,"href":"https:\/\/www.irdin.org.br\/site\/wp-json\/wp\/v2\/product\/84235\/revisions\/108214"}],"wp:featuredmedia":[{"embeddable":true,"href":"https:\/\/www.irdin.org.br\/site\/wp-json\/wp\/v2\/media\/37803"}],"wp:attachment":[{"href":"https:\/\/www.irdin.org.br\/site\/wp-json\/wp\/v2\/media?parent=84235"}],"wp:term":[{"taxonomy":"product_brand","embeddable":true,"href":"https:\/\/www.irdin.org.br\/site\/wp-json\/wp\/v2\/product_brand?post=84235"},{"taxonomy":"product_cat","embeddable":true,"href":"https:\/\/www.irdin.org.br\/site\/wp-json\/wp\/v2\/product_cat?post=84235"},{"taxonomy":"product_tag","embeddable":true,"href":"https:\/\/www.irdin.org.br\/site\/wp-json\/wp\/v2\/product_tag?post=84235"}],"curies":[{"name":"wp","href":"https:\/\/api.w.org\/{rel}","templated":true}]}}