{"id":84257,"date":"2018-04-26T18:34:50","date_gmt":"2018-04-26T18:34:50","guid":{"rendered":"http:\/\/www.irdin.org.br\/site\/produto\/que-significa-hacer-un-voto\/"},"modified":"2025-09-01T15:56:39","modified_gmt":"2025-09-01T18:56:39","slug":"que-significa-hacer-un-voto","status":"publish","type":"product","link":"https:\/\/www.irdin.org.br\/site\/produtos\/que-significa-hacer-un-voto\/","title":{"rendered":"Qu\u00e9 significa hacer un voto"},"content":{"rendered":"<p><em>El verdadero significado de los votos seg\u00fan Murielh<\/em><\/p>\n<p><strong>Ou\u00e7a agora:<\/strong><\/p>\n<p><span data-href=\"https:\/\/www.irdin.org.br\/site\/envios\/audios\/2101_0060__spa_spa__que_significa_hacer_un_voto.mp3\" data-title=\"qu\u00e9 significa hacer un voto\" data-rel=\"\" data-target=\"\" data-meta=\"#fap-meta-69fe7379ec7c3\" class=\"fap-single-track fap-track-button fap-play-button\" data-enqueue=\"no\" data-autoenqueue=\"no\" title=\"qu\u00e9 significa hacer un voto\"><span class=\"fap-icon-play\"><\/span>Ouvir<\/span> <a class=\"baixar\" href=\"https:\/\/www.irdin.org.br\/site\/envios\/audios\/2101_0060__spa_spa__que_significa_hacer_un_voto.mp3\" download=\"\">Baixar<\/a> <span class=\"textobaixar\"> qu\u00e9 significa hacer un voto<\/span><\/p>\n<p>&nbsp;<\/p>\n","protected":false},"excerpt":{"rendered":"<p>El verdadero significado de los votos seg\u00fan Murielh Ou\u00e7a agora: Baixar qu\u00e9 significa hacer un voto &nbsp;<\/p>\n","protected":false},"featured_media":37803,"template":"","meta":{"_acf_changed":false},"product_brand":[],"product_cat":[18076,33068],"product_tag":[41815],"class_list":{"0":"post-84257","1":"product","2":"type-product","3":"status-publish","4":"has-post-thumbnail","6":"product_cat-cddvd","7":"product_cat-palestras","8":"product_tag-41815","9":"pa_autor-madre-maria-shimani","10":"pa_codigo-da-serie-27126","11":"pa_codigo-externo-21010060porcd","12":"pa_data-de-gravacao-27307","13":"pa_duracao-11min39s","14":"pa_idioma-de-destino-espanhol","15":"pa_idioma-de-origem-espanhol","16":"pa_lancamento-no","17":"pa_midia-cd","18":"pa_moac-41814","19":"pa_quantidade-de-saldo-33067","20":"pa_sequencial-da-serie-31935","21":"pa_tipo-de-traducao-nao-classificado","23":"first","24":"outofstock","25":"product-type-simple"},"acf":[],"_links":{"self":[{"href":"https:\/\/www.irdin.org.br\/site\/wp-json\/wp\/v2\/product\/84257","targetHints":{"allow":["GET"]}}],"collection":[{"href":"https:\/\/www.irdin.org.br\/site\/wp-json\/wp\/v2\/product"}],"about":[{"href":"https:\/\/www.irdin.org.br\/site\/wp-json\/wp\/v2\/types\/product"}],"version-history":[{"count":2,"href":"https:\/\/www.irdin.org.br\/site\/wp-json\/wp\/v2\/product\/84257\/revisions"}],"predecessor-version":[{"id":86401,"href":"https:\/\/www.irdin.org.br\/site\/wp-json\/wp\/v2\/product\/84257\/revisions\/86401"}],"wp:featuredmedia":[{"embeddable":true,"href":"https:\/\/www.irdin.org.br\/site\/wp-json\/wp\/v2\/media\/37803"}],"wp:attachment":[{"href":"https:\/\/www.irdin.org.br\/site\/wp-json\/wp\/v2\/media?parent=84257"}],"wp:term":[{"taxonomy":"product_brand","embeddable":true,"href":"https:\/\/www.irdin.org.br\/site\/wp-json\/wp\/v2\/product_brand?post=84257"},{"taxonomy":"product_cat","embeddable":true,"href":"https:\/\/www.irdin.org.br\/site\/wp-json\/wp\/v2\/product_cat?post=84257"},{"taxonomy":"product_tag","embeddable":true,"href":"https:\/\/www.irdin.org.br\/site\/wp-json\/wp\/v2\/product_tag?post=84257"}],"curies":[{"name":"wp","href":"https:\/\/api.w.org\/{rel}","templated":true}]}}