{"id":84261,"date":"2018-04-26T18:35:11","date_gmt":"2018-04-26T18:35:11","guid":{"rendered":"http:\/\/www.irdin.org.br\/site\/produto\/en-el-umbral-del-parto-planetario\/"},"modified":"2025-09-01T15:53:06","modified_gmt":"2025-09-01T18:53:06","slug":"en-el-umbral-del-parto-planetario","status":"publish","type":"product","link":"https:\/\/www.irdin.org.br\/site\/produtos\/en-el-umbral-del-parto-planetario\/","title":{"rendered":"En el umbral del parto planetario"},"content":{"rendered":"<p><em>Estamos ante la \u00faltima oportunidad de asumir la transformaci\u00f3n total. Es el momento de que estemos en el coraz\u00f3n de la Jerarqu\u00eda.<\/em><\/p>\n<p><strong>Ou\u00e7a agora:<\/strong><\/p>\n<p><span data-href=\"https:\/\/www.irdin.org.br\/site\/envios\/audios\/2105_0002__spa_spa__en_el_umbral_del_parto_planetario.mp3\" data-title=\"en el umbral del parto planetario\" data-rel=\"\" data-target=\"\" data-meta=\"#fap-meta-69e2768f62412\" class=\"fap-single-track fap-track-button fap-play-button\" data-enqueue=\"no\" data-autoenqueue=\"no\" title=\"en el umbral del parto planetario\"><span class=\"fap-icon-play\"><\/span>Ouvir<\/span> <a class=\"baixar\" href=\"https:\/\/www.irdin.org.br\/site\/envios\/audios\/2105_0002__spa_spa__en_el_umbral_del_parto_planetario.mp3\" download=\"\">Baixar<\/a> <span class=\"textobaixar\"> en el umbral del parto planetario<\/span><\/p>\n<p>&nbsp;<\/p>\n","protected":false},"excerpt":{"rendered":"<p>Estamos ante la \u00faltima oportunidad de asumir la transformaci\u00f3n total. Es el momento de que estemos en el coraz\u00f3n de<\/p>\n","protected":false},"featured_media":37803,"template":"","meta":{"_acf_changed":false},"product_brand":[],"product_cat":[18076,33068],"product_tag":[41823],"class_list":{"0":"post-84261","1":"product","2":"type-product","3":"status-publish","4":"has-post-thumbnail","6":"product_cat-cddvd","7":"product_cat-palestras","8":"product_tag-41823","9":"pa_autor-madre-maria-shimani","10":"pa_codigo-da-serie-27337","11":"pa_codigo-externo-21050002spacd","12":"pa_data-de-gravacao-27339","13":"pa_duracao-45-min-58-s","14":"pa_idioma-de-destino-espanhol","15":"pa_idioma-de-origem-espanhol","16":"pa_lancamento-no","17":"pa_midia-cd","18":"pa_moac-41822","19":"pa_quantidade-de-saldo-33067","20":"pa_sequencial-da-serie-31878","21":"pa_tipo-de-traducao-nao-classificado","23":"first","24":"outofstock","25":"product-type-simple"},"acf":[],"_links":{"self":[{"href":"https:\/\/www.irdin.org.br\/site\/wp-json\/wp\/v2\/product\/84261","targetHints":{"allow":["GET"]}}],"collection":[{"href":"https:\/\/www.irdin.org.br\/site\/wp-json\/wp\/v2\/product"}],"about":[{"href":"https:\/\/www.irdin.org.br\/site\/wp-json\/wp\/v2\/types\/product"}],"version-history":[{"count":1,"href":"https:\/\/www.irdin.org.br\/site\/wp-json\/wp\/v2\/product\/84261\/revisions"}],"predecessor-version":[{"id":108154,"href":"https:\/\/www.irdin.org.br\/site\/wp-json\/wp\/v2\/product\/84261\/revisions\/108154"}],"wp:featuredmedia":[{"embeddable":true,"href":"https:\/\/www.irdin.org.br\/site\/wp-json\/wp\/v2\/media\/37803"}],"wp:attachment":[{"href":"https:\/\/www.irdin.org.br\/site\/wp-json\/wp\/v2\/media?parent=84261"}],"wp:term":[{"taxonomy":"product_brand","embeddable":true,"href":"https:\/\/www.irdin.org.br\/site\/wp-json\/wp\/v2\/product_brand?post=84261"},{"taxonomy":"product_cat","embeddable":true,"href":"https:\/\/www.irdin.org.br\/site\/wp-json\/wp\/v2\/product_cat?post=84261"},{"taxonomy":"product_tag","embeddable":true,"href":"https:\/\/www.irdin.org.br\/site\/wp-json\/wp\/v2\/product_tag?post=84261"}],"curies":[{"name":"wp","href":"https:\/\/api.w.org\/{rel}","templated":true}]}}