{"id":84262,"date":"2018-04-26T18:35:11","date_gmt":"2018-04-26T18:35:11","guid":{"rendered":"http:\/\/www.irdin.org.br\/site\/produto\/el-ejercicio-de-la-vigilancia\/"},"modified":"2025-09-01T15:52:34","modified_gmt":"2025-09-01T18:52:34","slug":"el-ejercicio-de-la-vigilancia","status":"publish","type":"product","link":"https:\/\/www.irdin.org.br\/site\/produtos\/el-ejercicio-de-la-vigilancia\/","title":{"rendered":"El ejercicio de la vigilancia"},"content":{"rendered":"<p><em>Kuan Yin y Mainhdra \/ La importancia de la vigilancia de nosotros mismos \/ El ejercicio de vigilancia permanente debe realizarse con consciencia y gratitud \/ Vigilamos para transmutar nuestros aspectos rebeldes \/ La oraci\u00f3n y el servicio son herramientas para una transformaci\u00f3n r\u00e1pida y profunda<\/em><\/p>\n<p><strong>Ou\u00e7a agora:<\/strong><\/p>\n<p><span data-href=\"https:\/\/www.irdin.org.br\/site\/envios\/audios\/2105_0003__spa_spa__el_ejercicio_de_la_vigilancia.mp3\" data-title=\"el ejercicio de la vigilancia\" data-rel=\"\" data-target=\"\" data-meta=\"#fap-meta-69e4f55567316\" class=\"fap-single-track fap-track-button fap-play-button\" data-enqueue=\"no\" data-autoenqueue=\"no\" title=\"el ejercicio de la vigilancia\"><span class=\"fap-icon-play\"><\/span>Ouvir<\/span> <a class=\"baixar\" href=\"https:\/\/www.irdin.org.br\/site\/envios\/audios\/2105_0003__spa_spa__el_ejercicio_de_la_vigilancia.mp3\" download=\"\">Baixar<\/a> <span class=\"textobaixar\"> el ejercicio de la vigilancia<\/span><\/p>\n<p>&nbsp;<\/p>\n","protected":false},"excerpt":{"rendered":"<p>Kuan Yin y Mainhdra \/ La importancia de la vigilancia de nosotros mismos \/ El ejercicio de vigilancia permanente debe<\/p>\n","protected":false},"featured_media":37803,"template":"","meta":{"_acf_changed":false},"product_brand":[],"product_cat":[18076,33068],"product_tag":[41825],"class_list":{"0":"post-84262","1":"product","2":"type-product","3":"status-publish","4":"has-post-thumbnail","6":"product_cat-cddvd","7":"product_cat-palestras","8":"product_tag-41825","9":"pa_autor-madre-maria-shimani","10":"pa_codigo-da-serie-27337","11":"pa_codigo-externo-21050003spacd","12":"pa_data-de-gravacao-27343","13":"pa_duracao-46min40s","14":"pa_idioma-de-destino-espanhol","15":"pa_idioma-de-origem-espanhol","16":"pa_lancamento-no","17":"pa_midia-cd","18":"pa_moac-41824","19":"pa_quantidade-de-saldo-33067","20":"pa_sequencial-da-serie-31879","21":"pa_tipo-de-traducao-nao-classificado","23":"first","24":"outofstock","25":"product-type-simple"},"acf":[],"_links":{"self":[{"href":"https:\/\/www.irdin.org.br\/site\/wp-json\/wp\/v2\/product\/84262","targetHints":{"allow":["GET"]}}],"collection":[{"href":"https:\/\/www.irdin.org.br\/site\/wp-json\/wp\/v2\/product"}],"about":[{"href":"https:\/\/www.irdin.org.br\/site\/wp-json\/wp\/v2\/types\/product"}],"version-history":[{"count":2,"href":"https:\/\/www.irdin.org.br\/site\/wp-json\/wp\/v2\/product\/84262\/revisions"}],"predecessor-version":[{"id":109978,"href":"https:\/\/www.irdin.org.br\/site\/wp-json\/wp\/v2\/product\/84262\/revisions\/109978"}],"wp:featuredmedia":[{"embeddable":true,"href":"https:\/\/www.irdin.org.br\/site\/wp-json\/wp\/v2\/media\/37803"}],"wp:attachment":[{"href":"https:\/\/www.irdin.org.br\/site\/wp-json\/wp\/v2\/media?parent=84262"}],"wp:term":[{"taxonomy":"product_brand","embeddable":true,"href":"https:\/\/www.irdin.org.br\/site\/wp-json\/wp\/v2\/product_brand?post=84262"},{"taxonomy":"product_cat","embeddable":true,"href":"https:\/\/www.irdin.org.br\/site\/wp-json\/wp\/v2\/product_cat?post=84262"},{"taxonomy":"product_tag","embeddable":true,"href":"https:\/\/www.irdin.org.br\/site\/wp-json\/wp\/v2\/product_tag?post=84262"}],"curies":[{"name":"wp","href":"https:\/\/api.w.org\/{rel}","templated":true}]}}