{"id":84267,"date":"2018-04-26T18:35:11","date_gmt":"2018-04-26T18:35:11","guid":{"rendered":"http:\/\/www.irdin.org.br\/site\/produto\/en-la-simplicidad-de-los-contactos-con-la-jerarquia-conferencia-en-el-1o-encuentro-de-oracion-en-paraguay\/"},"modified":"2025-09-01T15:48:46","modified_gmt":"2025-09-01T18:48:46","slug":"en-la-simplicidad-de-los-contactos-con-la-jerarquia-conferencia-en-el-1o-encuentro-de-oracion-en-paraguay","status":"publish","type":"product","link":"https:\/\/www.irdin.org.br\/site\/produtos\/en-la-simplicidad-de-los-contactos-con-la-jerarquia-conferencia-en-el-1o-encuentro-de-oracion-en-paraguay\/","title":{"rendered":"En la simplicidad de los contactos con la Jerarqu\u00eda &#8211; Conferencia en el 1\u00ba Encuentro de Oraci\u00f3n en Paraguay"},"content":{"rendered":"<p><em>Los siete aspectos capitales que canalizan las fuerzas involutivas \/ Debilitamiento del aura humana \/ El juego del poder y otros juegos \/ La energ\u00eda involutiva en el aura grupal y la oraci\u00f3n como defensa \/ La consciencia de la cura \/ El papel de las Jerarqu\u00edas ang\u00e9licas y arcang\u00e9licas en este final de los tiempos \/ Emmanuel y el poder creador<\/em><\/p>\n<p><strong>Ou\u00e7a agora:<\/strong><\/p>\n<p><span data-href=\"https:\/\/www.irdin.org.br\/site\/envios\/audios\/2107_0002__spa_spa__en_la_simplicidad_de_los_contactos_con_la_jerarquia.mp3\" data-title=\"en la simplicidad de los contactos con la jerarqu\u00eda\" data-rel=\"\" data-target=\"\" data-meta=\"#fap-meta-6a05474668fa9\" class=\"fap-single-track fap-track-button fap-play-button\" data-enqueue=\"no\" data-autoenqueue=\"no\" title=\"en la simplicidad de los contactos con la jerarqu\u00eda\"><span class=\"fap-icon-play\"><\/span>Ouvir<\/span> <a class=\"baixar\" href=\"https:\/\/www.irdin.org.br\/site\/envios\/audios\/2107_0002__spa_spa__en_la_simplicidad_de_los_contactos_con_la_jerarquia.mp3\" download=\"\">Baixar<\/a> <span class=\"textobaixar\"> en la simplicidad de los contactos con la jerarqu\u00eda<\/span><\/p>\n<p>&nbsp;<\/p>\n","protected":false},"excerpt":{"rendered":"<p>Los siete aspectos capitales que canalizan las fuerzas involutivas \/ Debilitamiento del aura humana \/ El juego del poder y<\/p>\n","protected":false},"featured_media":37803,"template":"","meta":{"_acf_changed":false},"product_brand":[],"product_cat":[18076,33068],"product_tag":[41835],"class_list":{"0":"post-84267","1":"product","2":"type-product","3":"status-publish","4":"has-post-thumbnail","6":"product_cat-cddvd","7":"product_cat-palestras","8":"product_tag-41835","9":"pa_autor-madre-maria-shimani","10":"pa_codigo-da-serie-27362","11":"pa_codigo-externo-21070002spacd","12":"pa_data-de-gravacao-26706","13":"pa_duracao-63-min-29-s","14":"pa_idioma-de-destino-espanhol","15":"pa_idioma-de-origem-espanhol","16":"pa_lancamento-no","17":"pa_midia-cd","18":"pa_moac-41834","19":"pa_quantidade-de-saldo-33067","20":"pa_sequencial-da-serie-31878","21":"pa_tipo-de-traducao-nao-classificado","23":"first","24":"outofstock","25":"product-type-simple"},"acf":[],"_links":{"self":[{"href":"https:\/\/www.irdin.org.br\/site\/wp-json\/wp\/v2\/product\/84267","targetHints":{"allow":["GET"]}}],"collection":[{"href":"https:\/\/www.irdin.org.br\/site\/wp-json\/wp\/v2\/product"}],"about":[{"href":"https:\/\/www.irdin.org.br\/site\/wp-json\/wp\/v2\/types\/product"}],"version-history":[{"count":2,"href":"https:\/\/www.irdin.org.br\/site\/wp-json\/wp\/v2\/product\/84267\/revisions"}],"predecessor-version":[{"id":109974,"href":"https:\/\/www.irdin.org.br\/site\/wp-json\/wp\/v2\/product\/84267\/revisions\/109974"}],"wp:featuredmedia":[{"embeddable":true,"href":"https:\/\/www.irdin.org.br\/site\/wp-json\/wp\/v2\/media\/37803"}],"wp:attachment":[{"href":"https:\/\/www.irdin.org.br\/site\/wp-json\/wp\/v2\/media?parent=84267"}],"wp:term":[{"taxonomy":"product_brand","embeddable":true,"href":"https:\/\/www.irdin.org.br\/site\/wp-json\/wp\/v2\/product_brand?post=84267"},{"taxonomy":"product_cat","embeddable":true,"href":"https:\/\/www.irdin.org.br\/site\/wp-json\/wp\/v2\/product_cat?post=84267"},{"taxonomy":"product_tag","embeddable":true,"href":"https:\/\/www.irdin.org.br\/site\/wp-json\/wp\/v2\/product_tag?post=84267"}],"curies":[{"name":"wp","href":"https:\/\/api.w.org\/{rel}","templated":true}]}}