{"id":84292,"date":"2018-04-26T18:35:33","date_gmt":"2018-04-26T18:35:33","guid":{"rendered":"http:\/\/www.irdin.org.br\/site\/produto\/mensagens-de-trigueirinho-em-2012-vol-2\/"},"modified":"2025-03-15T18:51:36","modified_gmt":"2025-03-15T18:51:36","slug":"mensagens-de-trigueirinho-em-2012-vol-2","status":"publish","type":"product","link":"https:\/\/www.irdin.org.br\/site\/produtos\/mensagens-de-trigueirinho-em-2012-vol-2\/","title":{"rendered":"Mensagens de Trigueirinho em 2012 &#8211; Vol. 2"},"content":{"rendered":"<p><em>Mensagem 8: Chega-se \u00e0 humildade pelo esquecimento de si, paci\u00eancia e aten\u00e7\u00e3o \u00e0 necessidade do pr\u00f3ximo. Rela\u00e7\u00e3o entre humildade e reden\u00e7\u00e3o planet\u00e1ria. Mensagem 9: Como despertar o amor ao Plano Evolutivo? A humanidade e a Consci\u00eancia Maior. Atributos da M\u00e3e Divina. Mensagem 10: Transformar-se, mesmo em condi\u00e7\u00f5es adversas. Ponto vulner\u00e1vel das pessoas \u00e9 a falta de gratid\u00e3o pelo alimento, e essa \u00e9 uma das causas da fome no mundo. Mensagem 11: Temos sido fraternos? O uso injusto das d\u00e1divas da Natureza. S\u00f3 resta orar? Mensagem 12: Dissolu\u00e7\u00e3o de males em que as almas vivem. Nosso d\u00e9bito para com o Universo. O valor dos atos de perd\u00e3o. A crise de amor fraterno e de ora\u00e7\u00e3o. Mensagem 13: Hora de irradiar a verdadeira paz de cora\u00e7\u00e3o. Almas a serem encaminhadas. Entidade c\u00f3smica que nos fala diretamente. Nossas escolhas e a\u00e7\u00f5es determinam a paz. Mensagem 14: Que significa ser um ap\u00f3stolo nos dias de hoje?<\/em><\/p>\n<p>&nbsp;<br \/>\n<strong>Ou\u00e7a agora:<\/strong><\/p>\n<p><span data-href=\"https:\/\/www.irdin.org.br\/site\/envios\/audios\/2821_0002__por_por__mensagens_de_trigueirinho_em_2012_vol_2.mp3\" data-title=\"mensagens de trigueirinho em 2012 - vol. 2\" data-rel=\"\" data-target=\"\" data-meta=\"#fap-meta-69f338e14519f\" class=\"fap-single-track fap-track-button fap-play-button\" data-enqueue=\"no\" data-autoenqueue=\"no\" title=\"mensagens de trigueirinho em 2012 - vol. 2\"><span class=\"fap-icon-play\"><\/span>Ouvir<\/span> <a href=\"https:\/\/www.irdin.org.br\/site\/envios\/audios\/2821_0002__por_por__mensagens_de_trigueirinho_em_2012_vol_2.mp3\" class=\"baixar\" download><span class=\"fa fa-arrow-down\"><\/span>Baixar<\/span><\/a> <span class=\"textobaixar\"> mensagens de trigueirinho em 2012 &#8211; vol. 2<\/span><\/p>\n<p>&nbsp;<\/p>\n","protected":false},"excerpt":{"rendered":"<p>Mensagem 8: Chega-se \u00e0 humildade pelo esquecimento de si, paci\u00eancia e aten\u00e7\u00e3o \u00e0 necessidade do pr\u00f3ximo. Rela\u00e7\u00e3o entre humildade e<\/p>\n","protected":false},"featured_media":37803,"template":"","meta":{"_acf_changed":false},"product_brand":[],"product_cat":[18076,33068],"product_tag":[41885],"class_list":{"0":"post-84292","1":"product","2":"type-product","3":"status-publish","4":"has-post-thumbnail","6":"product_cat-cddvd","7":"product_cat-palestras","8":"product_tag-41885","9":"pa_autor-trigueirinho","10":"pa_codigo-da-serie-27562","11":"pa_codigo-externo-28210002porcd","12":"pa_data-de-gravacao-27564","13":"pa_duracao-45m24s","14":"pa_idioma-de-destino-portugues","15":"pa_idioma-de-origem-portugues","16":"pa_lancamento-no","17":"pa_midia-cd","18":"pa_moac-41884","19":"pa_quantidade-de-saldo-33067","20":"pa_sequencial-da-serie-31878","21":"pa_tipo-de-traducao-nao-classificado","23":"first","24":"outofstock","25":"product-type-simple"},"acf":[],"_links":{"self":[{"href":"https:\/\/www.irdin.org.br\/site\/wp-json\/wp\/v2\/product\/84292","targetHints":{"allow":["GET"]}}],"collection":[{"href":"https:\/\/www.irdin.org.br\/site\/wp-json\/wp\/v2\/product"}],"about":[{"href":"https:\/\/www.irdin.org.br\/site\/wp-json\/wp\/v2\/types\/product"}],"version-history":[{"count":1,"href":"https:\/\/www.irdin.org.br\/site\/wp-json\/wp\/v2\/product\/84292\/revisions"}],"predecessor-version":[{"id":108327,"href":"https:\/\/www.irdin.org.br\/site\/wp-json\/wp\/v2\/product\/84292\/revisions\/108327"}],"wp:featuredmedia":[{"embeddable":true,"href":"https:\/\/www.irdin.org.br\/site\/wp-json\/wp\/v2\/media\/37803"}],"wp:attachment":[{"href":"https:\/\/www.irdin.org.br\/site\/wp-json\/wp\/v2\/media?parent=84292"}],"wp:term":[{"taxonomy":"product_brand","embeddable":true,"href":"https:\/\/www.irdin.org.br\/site\/wp-json\/wp\/v2\/product_brand?post=84292"},{"taxonomy":"product_cat","embeddable":true,"href":"https:\/\/www.irdin.org.br\/site\/wp-json\/wp\/v2\/product_cat?post=84292"},{"taxonomy":"product_tag","embeddable":true,"href":"https:\/\/www.irdin.org.br\/site\/wp-json\/wp\/v2\/product_tag?post=84292"}],"curies":[{"name":"wp","href":"https:\/\/api.w.org\/{rel}","templated":true}]}}

<p><em>Mensagem 8: Chega-se à humildade pelo esquecimento de si, paciência e atenção à necessidade do próximo. Relação entre humildade e redenção planetária. Mensagem 9: Como despertar o amor ao Plano Evolutivo? A humanidade e a Consciência Maior. Atributos da Mãe Divina. Mensagem 10: Transformar-se, mesmo em condições adversas. Ponto vulnerável das pessoas é a falta de gratidão pelo alimento, e essa é uma das causas da fome no mundo. Mensagem 11: Temos sido fraternos? O uso injusto das dádivas da Natureza. Só resta orar? Mensagem 12: Dissolução de males em que as almas vivem. Nosso débito para com o Universo. O valor dos atos de perdão. A crise de amor fraterno e de oração. Mensagem 13: Hora de irradiar a verdadeira paz de coração. Almas a serem encaminhadas. Entidade cósmica que nos fala diretamente. Nossas escolhas e ações determinam a paz. Mensagem 14: Que significa ser um apóstolo nos dias de hoje?</em></p>
<p>&nbsp;<br />
<strong>Ouça agora:</strong></p>
<p><span data-href="https://www.irdin.org.br/site/envios/audios/2821_0002__por_por__mensagens_de_trigueirinho_em_2012_vol_2.mp3" data-title="mensagens de trigueirinho em 2012 - vol. 2" data-rel="" data-target="" data-meta="#fap-meta-69f338e14519f" class="fap-single-track fap-track-button fap-play-button" data-enqueue="no" data-autoenqueue="no" title="mensagens de trigueirinho em 2012 - vol. 2"><span class="fap-icon-play"></span>Ouvir</span> <a href="https://www.irdin.org.br/site/envios/audios/2821_0002__por_por__mensagens_de_trigueirinho_em_2012_vol_2.mp3" class="baixar" download><span class="fa fa-arrow-down"></span>Baixar</span></a> <span class="textobaixar"> mensagens de trigueirinho em 2012 &#8211; vol. 2</span></p>
<p>&nbsp;</p>

<p>Mensagem 8: Chega-se à humildade pelo esquecimento de si, paciência e atenção à necessidade do próximo. Relação entre humildade e</p>
