{"id":84326,"date":"2018-04-26T18:36:16","date_gmt":"2018-04-26T18:36:16","guid":{"rendered":"http:\/\/www.irdin.org.br\/site\/produto\/o-inicio-de-uma-instrucao-superior\/"},"modified":"2025-03-15T18:45:27","modified_gmt":"2025-03-15T18:45:27","slug":"o-inicio-de-uma-instrucao-superior","status":"publish","type":"product","link":"https:\/\/www.irdin.org.br\/site\/produtos\/o-inicio-de-uma-instrucao-superior\/","title":{"rendered":"O in\u00edcio de uma instru\u00e7\u00e3o superior"},"content":{"rendered":"<p><em>O que est\u00e1 por tr\u00e1s da atual situa\u00e7\u00e3o prec\u00e1ria das na\u00e7\u00f5es \/ O papel dos grupos de ora\u00e7\u00e3o unidos com a M\u00e3e do Mundo \/ Aura ben\u00e9fica que se expande por pa\u00edses vizinhos \/ O que se entende por retorno de Cristo\u00b4 \/ In\u00e9rcia e falta de recursos como obst\u00e1culos \/ A descoberta da nossa origem \/ Alguns princ\u00edpios de ora\u00e7\u00e3o                                                                                                                                                                                                                                                                                                                                                                                                                                                                                                                                                                                                                                                                                                                                                                                                                                                                                                                                                                                                                                                                                                                                                                                                                                                                                                                                                                                                                                                                                                                                                                                                                                                                                                                                                                                                                                                                                                                                                                                                                                                                                                                                                                                                                                                                                                                                                                                                                                                                                                                                                                                                                                                                                                                                                                                                                                                                                                                                                                                                                                                                                                                                                                                                                                                                                                                                                                                                                                                                                                                                                                                                                                                                                                                                                                                                                                                                                                                                                                                                                                                                                                   \u00b4<\/em><\/p>\n<p>&nbsp;<br \/>\n<strong>Ou\u00e7a agora:<\/strong><\/p>\n<p><span data-href=\"https:\/\/www.irdin.org.br\/site\/envios\/audios\/2849_0017__por_por__o_inicio_de_uma_instrucao_superior.mp3\" data-title=\"o in\u00edcio de uma instru\u00e7\u00e3o superior\" data-rel=\"\" data-target=\"\" data-meta=\"#fap-meta-6a004f289d71d\" class=\"fap-single-track fap-track-button fap-play-button\" data-enqueue=\"no\" data-autoenqueue=\"no\" title=\"o in\u00edcio de uma instru\u00e7\u00e3o superior\"><span class=\"fap-icon-play\"><\/span>Ouvir<\/span> <a href=\"https:\/\/www.irdin.org.br\/site\/envios\/audios\/2849_0017__por_por__o_inicio_de_uma_instrucao_superior.mp3\" class=\"baixar\" download><span class=\"fa fa-arrow-down\"><\/span>Baixar<\/span><\/a> <span class=\"textobaixar\"> o in\u00edcio de uma instru\u00e7\u00e3o superior<\/span><\/p>\n<p>&nbsp;<\/p>\n","protected":false},"excerpt":{"rendered":"<p>O que est\u00e1 por tr\u00e1s da atual situa\u00e7\u00e3o prec\u00e1ria das na\u00e7\u00f5es \/ O papel dos grupos de ora\u00e7\u00e3o unidos com<\/p>\n","protected":false},"featured_media":37803,"template":"","meta":{"_acf_changed":false},"product_brand":[],"product_cat":[18076,33068],"product_tag":[41953],"class_list":{"0":"post-84326","1":"product","2":"type-product","3":"status-publish","4":"has-post-thumbnail","6":"product_cat-cddvd","7":"product_cat-palestras","8":"product_tag-41953","9":"pa_autor-trigueirinho","10":"pa_codigo-da-serie-27694","11":"pa_codigo-externo-28490017porcd","12":"pa_data-de-gravacao-27740","13":"pa_duracao-59-min","14":"pa_idioma-de-destino-portugues","15":"pa_idioma-de-origem-portugues","16":"pa_lancamento-no","17":"pa_midia-cd","18":"pa_moac-41952","19":"pa_quantidade-de-saldo-33067","20":"pa_sequencial-da-serie-31870","21":"pa_tipo-de-traducao-nao-classificado","23":"first","24":"outofstock","25":"product-type-simple"},"acf":[],"_links":{"self":[{"href":"https:\/\/www.irdin.org.br\/site\/wp-json\/wp\/v2\/product\/84326","targetHints":{"allow":["GET"]}}],"collection":[{"href":"https:\/\/www.irdin.org.br\/site\/wp-json\/wp\/v2\/product"}],"about":[{"href":"https:\/\/www.irdin.org.br\/site\/wp-json\/wp\/v2\/types\/product"}],"version-history":[{"count":1,"href":"https:\/\/www.irdin.org.br\/site\/wp-json\/wp\/v2\/product\/84326\/revisions"}],"predecessor-version":[{"id":108293,"href":"https:\/\/www.irdin.org.br\/site\/wp-json\/wp\/v2\/product\/84326\/revisions\/108293"}],"wp:featuredmedia":[{"embeddable":true,"href":"https:\/\/www.irdin.org.br\/site\/wp-json\/wp\/v2\/media\/37803"}],"wp:attachment":[{"href":"https:\/\/www.irdin.org.br\/site\/wp-json\/wp\/v2\/media?parent=84326"}],"wp:term":[{"taxonomy":"product_brand","embeddable":true,"href":"https:\/\/www.irdin.org.br\/site\/wp-json\/wp\/v2\/product_brand?post=84326"},{"taxonomy":"product_cat","embeddable":true,"href":"https:\/\/www.irdin.org.br\/site\/wp-json\/wp\/v2\/product_cat?post=84326"},{"taxonomy":"product_tag","embeddable":true,"href":"https:\/\/www.irdin.org.br\/site\/wp-json\/wp\/v2\/product_tag?post=84326"}],"curies":[{"name":"wp","href":"https:\/\/api.w.org\/{rel}","templated":true}]}}