{"id":84329,"date":"2018-04-26T18:36:16","date_gmt":"2018-04-26T18:36:16","guid":{"rendered":"http:\/\/www.irdin.org.br\/site\/produto\/da-inercia-livrai-nos-senhor\/"},"modified":"2025-03-15T18:45:55","modified_gmt":"2025-03-15T18:45:55","slug":"da-inercia-livrai-nos-senhor","status":"publish","type":"product","link":"https:\/\/www.irdin.org.br\/site\/produtos\/da-inercia-livrai-nos-senhor\/","title":{"rendered":"Da in\u00e9rcia&#8230; Livrai-nos, Senhor"},"content":{"rendered":"<p><em>Como as for\u00e7as involutivas nos atraem \/ A libera\u00e7\u00e3o do falso poder, segundo Maria na mensagem de 25\/3\/2015 \/ Desejos e temores, nossas fraquezas \/ A ladainha da humildade \/ Reflexos de encarna\u00e7\u00f5es anteriores na vida presente, na vis\u00e3o de Mishuk<\/em><\/p>\n<p>&nbsp;<br \/>\n<strong>Ou\u00e7a agora:<\/strong><\/p>\n<p><span data-href=\"https:\/\/www.irdin.org.br\/site\/envios\/audios\/2849_0020__por_por__da_inercia_livrai_nos_senhor.mp3\" data-title=\"da in\u00e9rcia... livrai-nos, senhor\" data-rel=\"\" data-target=\"\" data-meta=\"#fap-meta-69e2cfba157a6\" class=\"fap-single-track fap-track-button fap-play-button\" data-enqueue=\"no\" data-autoenqueue=\"no\" title=\"da in\u00e9rcia... livrai-nos, senhor\"><span class=\"fap-icon-play\"><\/span>Ouvir<\/span> <a href=\"https:\/\/www.irdin.org.br\/site\/envios\/audios\/2849_0020__por_por__da_inercia_livrai_nos_senhor.mp3\" class=\"baixar\" download><span class=\"fa fa-arrow-down\"><\/span>Baixar<\/span><\/a> <span class=\"textobaixar\"> da in\u00e9rcia&#8230; livrai-nos, senhor<\/span><\/p>\n<p>&nbsp;<\/p>\n","protected":false},"excerpt":{"rendered":"<p>Como as for\u00e7as involutivas nos atraem \/ A libera\u00e7\u00e3o do falso poder, segundo Maria na mensagem de 25\/3\/2015 \/ Desejos<\/p>\n","protected":false},"featured_media":37803,"template":"","meta":{"_acf_changed":false},"product_brand":[],"product_cat":[18076,33068],"product_tag":[41959],"class_list":{"0":"post-84329","1":"product","2":"type-product","3":"status-publish","4":"has-post-thumbnail","6":"product_cat-cddvd","7":"product_cat-palestras","8":"product_tag-41959","9":"pa_autor-trigueirinho","10":"pa_codigo-da-serie-27694","11":"pa_codigo-externo-28490020porcd","12":"pa_data-de-gravacao-27749","13":"pa_duracao-67-min","14":"pa_idioma-de-destino-portugues","15":"pa_idioma-de-origem-portugues","16":"pa_lancamento-no","17":"pa_midia-cd","18":"pa_moac-41958","19":"pa_quantidade-de-saldo-33067","20":"pa_sequencial-da-serie-31873","21":"pa_tipo-de-traducao-nao-classificado","23":"first","24":"outofstock","25":"product-type-simple"},"acf":[],"_links":{"self":[{"href":"https:\/\/www.irdin.org.br\/site\/wp-json\/wp\/v2\/product\/84329","targetHints":{"allow":["GET"]}}],"collection":[{"href":"https:\/\/www.irdin.org.br\/site\/wp-json\/wp\/v2\/product"}],"about":[{"href":"https:\/\/www.irdin.org.br\/site\/wp-json\/wp\/v2\/types\/product"}],"version-history":[{"count":1,"href":"https:\/\/www.irdin.org.br\/site\/wp-json\/wp\/v2\/product\/84329\/revisions"}],"predecessor-version":[{"id":108296,"href":"https:\/\/www.irdin.org.br\/site\/wp-json\/wp\/v2\/product\/84329\/revisions\/108296"}],"wp:featuredmedia":[{"embeddable":true,"href":"https:\/\/www.irdin.org.br\/site\/wp-json\/wp\/v2\/media\/37803"}],"wp:attachment":[{"href":"https:\/\/www.irdin.org.br\/site\/wp-json\/wp\/v2\/media?parent=84329"}],"wp:term":[{"taxonomy":"product_brand","embeddable":true,"href":"https:\/\/www.irdin.org.br\/site\/wp-json\/wp\/v2\/product_brand?post=84329"},{"taxonomy":"product_cat","embeddable":true,"href":"https:\/\/www.irdin.org.br\/site\/wp-json\/wp\/v2\/product_cat?post=84329"},{"taxonomy":"product_tag","embeddable":true,"href":"https:\/\/www.irdin.org.br\/site\/wp-json\/wp\/v2\/product_tag?post=84329"}],"curies":[{"name":"wp","href":"https:\/\/api.w.org\/{rel}","templated":true}]}}