{"id":84330,"date":"2018-04-26T18:36:16","date_gmt":"2018-04-26T18:36:16","guid":{"rendered":"http:\/\/www.irdin.org.br\/site\/produto\/alem-da-fraternidade-humana\/"},"modified":"2025-03-15T18:46:04","modified_gmt":"2025-03-15T18:46:04","slug":"alem-da-fraternidade-humana","status":"publish","type":"product","link":"https:\/\/www.irdin.org.br\/site\/produtos\/alem-da-fraternidade-humana\/","title":{"rendered":"Al\u00e9m da fraternidade humana"},"content":{"rendered":"<p><em>Nossas a\u00e7\u00f5es individuais e como humanidade \u00fanica \/ Participa\u00e7\u00e3o autom\u00e1tica do homem no que acontece \/ Os n\u00e3o nascidos e a M\u00e3e Universal \/ A androginia no laborat\u00f3rio da fam\u00edlia humana \/ Conscientiza\u00e7\u00e3o da fraternidade junto aos nossos irm\u00e3os menores \/ Import\u00e2ncia do sofrimento na vis\u00e3o inusitada de Padre Pio<\/em><\/p>\n<p>&nbsp;<br \/>\n<strong>Ou\u00e7a agora:<\/strong><\/p>\n<p><span data-href=\"https:\/\/www.irdin.org.br\/site\/envios\/audios\/2849_0021__por_por__alem_da_fraternidade_humana.mp3\" data-title=\"al\u00e9m da fraternidade humana\" data-rel=\"\" data-target=\"\" data-meta=\"#fap-meta-69e2b34511133\" class=\"fap-single-track fap-track-button fap-play-button\" data-enqueue=\"no\" data-autoenqueue=\"no\" title=\"al\u00e9m da fraternidade humana\"><span class=\"fap-icon-play\"><\/span>Ouvir<\/span> <a href=\"https:\/\/www.irdin.org.br\/site\/envios\/audios\/2849_0021__por_por__alem_da_fraternidade_humana.mp3\" class=\"baixar\" download><span class=\"fa fa-arrow-down\"><\/span>Baixar<\/span><\/a> <span class=\"textobaixar\"> al\u00e9m da fraternidade humana<\/span><\/p>\n<p>&nbsp;<\/p>\n","protected":false},"excerpt":{"rendered":"<p>Nossas a\u00e7\u00f5es individuais e como humanidade \u00fanica \/ Participa\u00e7\u00e3o autom\u00e1tica do homem no que acontece \/ Os n\u00e3o nascidos e<\/p>\n","protected":false},"featured_media":37803,"template":"","meta":{"_acf_changed":false},"product_brand":[],"product_cat":[18076,33068],"product_tag":[41961],"class_list":{"0":"post-84330","1":"product","2":"type-product","3":"status-publish","4":"has-post-thumbnail","6":"product_cat-cddvd","7":"product_cat-palestras","8":"product_tag-41961","9":"pa_autor-trigueirinho","10":"pa_codigo-da-serie-27694","11":"pa_codigo-externo-28490021porcd","12":"pa_data-de-gravacao-24213","13":"pa_duracao-42-min","14":"pa_idioma-de-destino-portugues","15":"pa_idioma-de-origem-portugues","16":"pa_lancamento-no","17":"pa_midia-cd","18":"pa_moac-41960","19":"pa_quantidade-de-saldo-33067","20":"pa_sequencial-da-serie-31874","21":"pa_tipo-de-traducao-nao-classificado","23":"first","24":"outofstock","25":"product-type-simple"},"acf":[],"_links":{"self":[{"href":"https:\/\/www.irdin.org.br\/site\/wp-json\/wp\/v2\/product\/84330","targetHints":{"allow":["GET"]}}],"collection":[{"href":"https:\/\/www.irdin.org.br\/site\/wp-json\/wp\/v2\/product"}],"about":[{"href":"https:\/\/www.irdin.org.br\/site\/wp-json\/wp\/v2\/types\/product"}],"version-history":[{"count":1,"href":"https:\/\/www.irdin.org.br\/site\/wp-json\/wp\/v2\/product\/84330\/revisions"}],"predecessor-version":[{"id":108297,"href":"https:\/\/www.irdin.org.br\/site\/wp-json\/wp\/v2\/product\/84330\/revisions\/108297"}],"wp:featuredmedia":[{"embeddable":true,"href":"https:\/\/www.irdin.org.br\/site\/wp-json\/wp\/v2\/media\/37803"}],"wp:attachment":[{"href":"https:\/\/www.irdin.org.br\/site\/wp-json\/wp\/v2\/media?parent=84330"}],"wp:term":[{"taxonomy":"product_brand","embeddable":true,"href":"https:\/\/www.irdin.org.br\/site\/wp-json\/wp\/v2\/product_brand?post=84330"},{"taxonomy":"product_cat","embeddable":true,"href":"https:\/\/www.irdin.org.br\/site\/wp-json\/wp\/v2\/product_cat?post=84330"},{"taxonomy":"product_tag","embeddable":true,"href":"https:\/\/www.irdin.org.br\/site\/wp-json\/wp\/v2\/product_tag?post=84330"}],"curies":[{"name":"wp","href":"https:\/\/api.w.org\/{rel}","templated":true}]}}