{"id":84368,"date":"2018-04-26T18:36:58","date_gmt":"2018-04-26T18:36:58","guid":{"rendered":"http:\/\/www.irdin.org.br\/site\/produto\/conversao-segredos-e-importancia-do-silencio\/"},"modified":"2024-09-23T13:53:00","modified_gmt":"2024-09-23T13:53:00","slug":"conversao-segredos-e-importancia-do-silencio","status":"publish","type":"product","link":"https:\/\/www.irdin.org.br\/site\/produtos\/conversao-segredos-e-importancia-do-silencio\/","title":{"rendered":"Convers\u00e3o, segredos e import\u00e2ncia do sil\u00eancio"},"content":{"rendered":"<p><em>Atuais alertas para momentos de vig\u00edlia, t\u00e3o necess\u00e1rios nesta conjuntura de nossas vidas.<\/em><\/p>\n<p>&nbsp;<br \/>\n<strong>Ou\u00e7a agora:<\/strong><\/p>\n<p><span data-href=\"https:\/\/www.irdin.org.br\/site\/envios\/audios\/2859_0004__por_por__conversao_segredos_silencio.mp3\" data-title=\"convers\u00e3o, segredos e import\u00e2ncia do sil\u00eancio\" data-rel=\"\" data-target=\"\" data-meta=\"#fap-meta-69e2aeed9f09a\" class=\"fap-single-track fap-track-button fap-play-button\" data-enqueue=\"no\" data-autoenqueue=\"no\" title=\"convers\u00e3o, segredos e import\u00e2ncia do sil\u00eancio\"><span class=\"fap-icon-play\"><\/span>Ouvir<\/span> <a href=\"https:\/\/www.irdin.org.br\/site\/envios\/audios\/2859_0004__por_por__conversao_segredos_silencio.mp3\" class=\"baixar\" download><span class=\"fa fa-arrow-down\"><\/span>Baixar<\/span><\/a> <span class=\"textobaixar\"> convers\u00e3o, segredos e import\u00e2ncia do sil\u00eancio<\/span><\/p>\n<p>&nbsp;<\/p>\n","protected":false},"excerpt":{"rendered":"<p>Atuais alertas para momentos de vig\u00edlia, t\u00e3o necess\u00e1rios nesta conjuntura de nossas vidas. &nbsp; Ou\u00e7a agora: Baixar convers\u00e3o, segredos e<\/p>\n","protected":false},"featured_media":37803,"template":"","meta":{"_acf_changed":false},"product_brand":[],"product_cat":[18076,33068],"product_tag":[42037],"class_list":{"0":"post-84368","1":"product","2":"type-product","3":"status-publish","4":"has-post-thumbnail","6":"product_cat-cddvd","7":"product_cat-palestras","8":"product_tag-42037","9":"pa_autor-trigueirinho","10":"pa_codigo-da-serie-27959","11":"pa_codigo-externo-28590004porcd","12":"pa_data-de-gravacao-27967","13":"pa_duracao-70min","14":"pa_idioma-de-destino-portugues","15":"pa_idioma-de-origem-portugues","16":"pa_lancamento-no","17":"pa_midia-cd","18":"pa_moac-42036","19":"pa_quantidade-de-saldo-33067","20":"pa_sequencial-da-serie-31880","21":"pa_tipo-de-traducao-nao-classificado","23":"first","24":"outofstock","25":"product-type-simple"},"acf":[],"_links":{"self":[{"href":"https:\/\/www.irdin.org.br\/site\/wp-json\/wp\/v2\/product\/84368","targetHints":{"allow":["GET"]}}],"collection":[{"href":"https:\/\/www.irdin.org.br\/site\/wp-json\/wp\/v2\/product"}],"about":[{"href":"https:\/\/www.irdin.org.br\/site\/wp-json\/wp\/v2\/types\/product"}],"version-history":[{"count":1,"href":"https:\/\/www.irdin.org.br\/site\/wp-json\/wp\/v2\/product\/84368\/revisions"}],"predecessor-version":[{"id":107626,"href":"https:\/\/www.irdin.org.br\/site\/wp-json\/wp\/v2\/product\/84368\/revisions\/107626"}],"wp:featuredmedia":[{"embeddable":true,"href":"https:\/\/www.irdin.org.br\/site\/wp-json\/wp\/v2\/media\/37803"}],"wp:attachment":[{"href":"https:\/\/www.irdin.org.br\/site\/wp-json\/wp\/v2\/media?parent=84368"}],"wp:term":[{"taxonomy":"product_brand","embeddable":true,"href":"https:\/\/www.irdin.org.br\/site\/wp-json\/wp\/v2\/product_brand?post=84368"},{"taxonomy":"product_cat","embeddable":true,"href":"https:\/\/www.irdin.org.br\/site\/wp-json\/wp\/v2\/product_cat?post=84368"},{"taxonomy":"product_tag","embeddable":true,"href":"https:\/\/www.irdin.org.br\/site\/wp-json\/wp\/v2\/product_tag?post=84368"}],"curies":[{"name":"wp","href":"https:\/\/api.w.org\/{rel}","templated":true}]}}